{"id":9009,"date":"2017-05-15T11:55:14","date_gmt":"2017-05-15T09:55:14","guid":{"rendered":"https:\/\/elbullifoundation.com\/bullinianos\/proyectos\/elbullitaller\/"},"modified":"2019-01-16T16:51:19","modified_gmt":"2019-01-16T15:51:19","slug":"elbullitaller","status":"publish","type":"proyectos","link":"https:\/\/elbullifoundation.com\/bullinianos\/en\/proyectos\/elbullitaller\/","title":{"rendered":"elBullitaller"},"content":{"rendered":"<p>Following its conception in Talaia restaurant and, importantly, its 1997 move to <strong>the Aquarium of Barcelona where the headquarters of elBullicatering were located<\/strong>, the concept of a creative workshop grew in relevance and also in terms of our needs.<\/p>\n<p>This is how elBullitaller was born in the year 2000.<\/p>\n<div id='gallery-1' class='gallery galleryid-9009 gallery-columns-2 gallery-size-full'><figure class='gallery-item'>\n\t\t\t<div class='gallery-icon landscape'>\n\t\t\t\t<img loading=\"lazy\" decoding=\"async\" width=\"361\" height=\"217\" src=\"https:\/\/elbullifoundation.com\/bullinianos\/wp-content\/uploads\/2017\/05\/Imagen8.jpg\" class=\"attachment-full size-full\" alt=\"\" aria-describedby=\"gallery-1-5141\" sizes=\"auto, 100vw\" \/>\n\t\t\t<\/div>\n\t\t\t\t<figcaption class='wp-caption-text gallery-caption' id='gallery-1-5141'>\n\t\t\t\tFerran Adri\u00e0, Albert Adri\u00e0 y Oriol Castro durante una sesi\u00f3n de creatividad en elBullitaller\n\t\t\t\t<\/figcaption><\/figure><figure class='gallery-item'>\n\t\t\t<div class='gallery-icon landscape'>\n\t\t\t\t<img loading=\"lazy\" decoding=\"async\" width=\"361\" height=\"217\" src=\"https:\/\/elbullifoundation.com\/bullinianos\/wp-content\/uploads\/2017\/05\/taller-3.jpg\" class=\"attachment-full size-full\" alt=\"\" aria-describedby=\"gallery-1-5144\" sizes=\"auto, 100vw\" \/>\n\t\t\t<\/div>\n\t\t\t\t<figcaption class='wp-caption-text gallery-caption' id='gallery-1-5144'>\n\t\t\t\telBullitaller &#8211; sala de estar\n\t\t\t\t<\/figcaption><\/figure>\n\t\t<\/div>\n\n<p><strong>Led by Ferran Adri\u00e0 along with Albert Adri\u00e0 and Oriol Castro<\/strong>, it had the collaboration of the key people in the elBulli kitchen, together with other creatives with whom we had established an interdisciplinary synergy that also produced spectacular results in many other aspects, beyond the kitchen, of the fine dining sector.<\/p>\n<div id='gallery-2' class='gallery galleryid-9009 gallery-columns-3 gallery-size-full'><figure class='gallery-item'>\n\t\t\t<div class='gallery-icon landscape'>\n\t\t\t\t<img loading=\"lazy\" decoding=\"async\" width=\"361\" height=\"217\" src=\"https:\/\/elbullifoundation.com\/bullinianos\/wp-content\/uploads\/2017\/05\/image-2.jpg\" class=\"attachment-full size-full\" alt=\"\" aria-describedby=\"gallery-2-5147\" sizes=\"auto, 100vw\" \/>\n\t\t\t<\/div>\n\t\t\t\t<figcaption class='wp-caption-text gallery-caption' id='gallery-2-5147'>\n\t\t\t\telBullitaller: Capilla &#8211; sala de reuniones\n\t\t\t\t<\/figcaption><\/figure><figure class='gallery-item'>\n\t\t\t<div class='gallery-icon landscape'>\n\t\t\t\t<img loading=\"lazy\" decoding=\"async\" width=\"361\" height=\"217\" src=\"https:\/\/elbullifoundation.com\/bullinianos\/wp-content\/uploads\/2017\/05\/image-copia-1.jpg\" class=\"attachment-full size-full\" alt=\"\" aria-describedby=\"gallery-2-5150\" sizes=\"auto, 100vw\" \/>\n\t\t\t<\/div>\n\t\t\t\t<figcaption class='wp-caption-text gallery-caption' id='gallery-2-5150'>\n\t\t\t\telBullitaller: cocina\n\t\t\t\t<\/figcaption><\/figure><figure class='gallery-item'>\n\t\t\t<div class='gallery-icon landscape'>\n\t\t\t\t<img loading=\"lazy\" decoding=\"async\" width=\"361\" height=\"217\" src=\"https:\/\/elbullifoundation.com\/bullinianos\/wp-content\/uploads\/2017\/05\/image-copia-2.jpg\" class=\"attachment-full size-full\" alt=\"\" aria-describedby=\"gallery-2-5153\" sizes=\"auto, 100vw\" \/>\n\t\t\t<\/div>\n\t\t\t\t<figcaption class='wp-caption-text gallery-caption' id='gallery-2-5153'>\n\t\t\t\telBullitaller &#8211; cocina\n\t\t\t\t<\/figcaption><\/figure>\n\t\t<\/div>\n\n<p>Located in part of an 18th century palace in Calle de la Portaferrissa in Barcelona, \u200b\u200bnext door to the Boquer\u00eda market, elBullitaller became <strong>the world\u2019s first creative workshop opened by a restaurant<\/strong> and a path to follow for the many chefs who understood the importance of dedicating the necessary resources to the creative system for their projects.<\/p>\n","protected":false},"featured_media":9011,"parent":0,"template":"proyecto-elbullitaller.php","class_list":["post-9009","proyectos","type-proyectos","status-publish","has-post-thumbnail","hentry"],"acf":[],"yoast_head":"<!-- This site is optimized with the Yoast SEO plugin v26.9 - https:\/\/yoast.com\/product\/yoast-seo-wordpress\/ -->\n<title>elBullitaller - Bullinianos<\/title>\n<meta name=\"robots\" content=\"index, follow, max-snippet:-1, max-image-preview:large, max-video-preview:-1\" \/>\n<link rel=\"canonical\" href=\"https:\/\/elbullifoundation.com\/bullinianos\/en\/proyectos\/elbullitaller\/\" \/>\n<meta property=\"og:locale\" content=\"es_ES\" \/>\n<meta property=\"og:type\" content=\"article\" \/>\n<meta property=\"og:title\" content=\"elBullitaller - Bullinianos\" \/>\n<meta property=\"og:description\" content=\"Following its conception in Talaia restaurant and, importantly, its 1997 move to the Aquarium of Barcelona where the headquarters of elBullicatering were located, the concept of a creative workshop grew in relevance and also in terms of our needs. This is how elBullitaller was born in the year 2000. Led by Ferran Adri\u00e0 along with &hellip; Continue reading &quot;elBullitaller&quot;\" \/>\n<meta property=\"og:url\" content=\"https:\/\/elbullifoundation.com\/bullinianos\/en\/proyectos\/elbullitaller\/\" \/>\n<meta property=\"og:site_name\" content=\"Bullinianos\" \/>\n<meta property=\"article:modified_time\" content=\"2019-01-16T15:51:19+00:00\" \/>\n<meta property=\"og:image\" content=\"https:\/\/elbullifoundation.com\/bullinianos\/wp-content\/uploads\/2017\/05\/header-elbullitaller.jpg\" \/>\n\t<meta property=\"og:image:width\" content=\"2000\" \/>\n\t<meta property=\"og:image:height\" content=\"1364\" \/>\n\t<meta property=\"og:image:type\" content=\"image\/jpeg\" \/>\n<meta name=\"twitter:card\" content=\"summary_large_image\" \/>\n<meta name=\"twitter:label1\" content=\"Tiempo de lectura\" \/>\n\t<meta name=\"twitter:data1\" content=\"1 minuto\" \/>\n<script type=\"application\/ld+json\" class=\"yoast-schema-graph\">{\"@context\":\"https:\/\/schema.org\",\"@graph\":[{\"@type\":\"WebPage\",\"@id\":\"https:\/\/elbullifoundation.com\/bullinianos\/en\/proyectos\/elbullitaller\/\",\"url\":\"https:\/\/elbullifoundation.com\/bullinianos\/en\/proyectos\/elbullitaller\/\",\"name\":\"elBullitaller - Bullinianos\",\"isPartOf\":{\"@id\":\"https:\/\/elbullifoundation.com\/bullinianos\/#website\"},\"primaryImageOfPage\":{\"@id\":\"https:\/\/elbullifoundation.com\/bullinianos\/en\/proyectos\/elbullitaller\/#primaryimage\"},\"image\":{\"@id\":\"https:\/\/elbullifoundation.com\/bullinianos\/en\/proyectos\/elbullitaller\/#primaryimage\"},\"thumbnailUrl\":\"https:\/\/elbullifoundation.com\/bullinianos\/wp-content\/uploads\/2017\/05\/header-elbullitaller.jpg\",\"datePublished\":\"2017-05-15T09:55:14+00:00\",\"dateModified\":\"2019-01-16T15:51:19+00:00\",\"breadcrumb\":{\"@id\":\"https:\/\/elbullifoundation.com\/bullinianos\/en\/proyectos\/elbullitaller\/#breadcrumb\"},\"inLanguage\":\"es\",\"potentialAction\":[{\"@type\":\"ReadAction\",\"target\":[\"https:\/\/elbullifoundation.com\/bullinianos\/en\/proyectos\/elbullitaller\/\"]}]},{\"@type\":\"ImageObject\",\"inLanguage\":\"es\",\"@id\":\"https:\/\/elbullifoundation.com\/bullinianos\/en\/proyectos\/elbullitaller\/#primaryimage\",\"url\":\"https:\/\/elbullifoundation.com\/bullinianos\/wp-content\/uploads\/2017\/05\/header-elbullitaller.jpg\",\"contentUrl\":\"https:\/\/elbullifoundation.com\/bullinianos\/wp-content\/uploads\/2017\/05\/header-elbullitaller.jpg\",\"width\":2000,\"height\":1364},{\"@type\":\"BreadcrumbList\",\"@id\":\"https:\/\/elbullifoundation.com\/bullinianos\/en\/proyectos\/elbullitaller\/#breadcrumb\",\"itemListElement\":[{\"@type\":\"ListItem\",\"position\":1,\"name\":\"Proyectos\",\"item\":\"https:\/\/elbullifoundation.com\/bullinianos\/proyectos\/\"},{\"@type\":\"ListItem\",\"position\":2,\"name\":\"elBullitaller\"}]},{\"@type\":\"WebSite\",\"@id\":\"https:\/\/elbullifoundation.com\/bullinianos\/#website\",\"url\":\"https:\/\/elbullifoundation.com\/bullinianos\/\",\"name\":\"Bullinianos\",\"description\":\"\",\"potentialAction\":[{\"@type\":\"SearchAction\",\"target\":{\"@type\":\"EntryPoint\",\"urlTemplate\":\"https:\/\/elbullifoundation.com\/bullinianos\/?s={search_term_string}\"},\"query-input\":{\"@type\":\"PropertyValueSpecification\",\"valueRequired\":true,\"valueName\":\"search_term_string\"}}],\"inLanguage\":\"es\"}]}<\/script>\n<!-- \/ Yoast SEO plugin. -->","yoast_head_json":{"title":"elBullitaller - Bullinianos","robots":{"index":"index","follow":"follow","max-snippet":"max-snippet:-1","max-image-preview":"max-image-preview:large","max-video-preview":"max-video-preview:-1"},"canonical":"https:\/\/elbullifoundation.com\/bullinianos\/en\/proyectos\/elbullitaller\/","og_locale":"es_ES","og_type":"article","og_title":"elBullitaller - Bullinianos","og_description":"Following its conception in Talaia restaurant and, importantly, its 1997 move to the Aquarium of Barcelona where the headquarters of elBullicatering were located, the concept of a creative workshop grew in relevance and also in terms of our needs. This is how elBullitaller was born in the year 2000. Led by Ferran Adri\u00e0 along with &hellip; Continue reading \"elBullitaller\"","og_url":"https:\/\/elbullifoundation.com\/bullinianos\/en\/proyectos\/elbullitaller\/","og_site_name":"Bullinianos","article_modified_time":"2019-01-16T15:51:19+00:00","og_image":[{"width":2000,"height":1364,"url":"https:\/\/elbullifoundation.com\/bullinianos\/wp-content\/uploads\/2017\/05\/header-elbullitaller.jpg","type":"image\/jpeg"}],"twitter_card":"summary_large_image","twitter_misc":{"Tiempo de lectura":"1 minuto"},"schema":{"@context":"https:\/\/schema.org","@graph":[{"@type":"WebPage","@id":"https:\/\/elbullifoundation.com\/bullinianos\/en\/proyectos\/elbullitaller\/","url":"https:\/\/elbullifoundation.com\/bullinianos\/en\/proyectos\/elbullitaller\/","name":"elBullitaller - Bullinianos","isPartOf":{"@id":"https:\/\/elbullifoundation.com\/bullinianos\/#website"},"primaryImageOfPage":{"@id":"https:\/\/elbullifoundation.com\/bullinianos\/en\/proyectos\/elbullitaller\/#primaryimage"},"image":{"@id":"https:\/\/elbullifoundation.com\/bullinianos\/en\/proyectos\/elbullitaller\/#primaryimage"},"thumbnailUrl":"https:\/\/elbullifoundation.com\/bullinianos\/wp-content\/uploads\/2017\/05\/header-elbullitaller.jpg","datePublished":"2017-05-15T09:55:14+00:00","dateModified":"2019-01-16T15:51:19+00:00","breadcrumb":{"@id":"https:\/\/elbullifoundation.com\/bullinianos\/en\/proyectos\/elbullitaller\/#breadcrumb"},"inLanguage":"es","potentialAction":[{"@type":"ReadAction","target":["https:\/\/elbullifoundation.com\/bullinianos\/en\/proyectos\/elbullitaller\/"]}]},{"@type":"ImageObject","inLanguage":"es","@id":"https:\/\/elbullifoundation.com\/bullinianos\/en\/proyectos\/elbullitaller\/#primaryimage","url":"https:\/\/elbullifoundation.com\/bullinianos\/wp-content\/uploads\/2017\/05\/header-elbullitaller.jpg","contentUrl":"https:\/\/elbullifoundation.com\/bullinianos\/wp-content\/uploads\/2017\/05\/header-elbullitaller.jpg","width":2000,"height":1364},{"@type":"BreadcrumbList","@id":"https:\/\/elbullifoundation.com\/bullinianos\/en\/proyectos\/elbullitaller\/#breadcrumb","itemListElement":[{"@type":"ListItem","position":1,"name":"Proyectos","item":"https:\/\/elbullifoundation.com\/bullinianos\/proyectos\/"},{"@type":"ListItem","position":2,"name":"elBullitaller"}]},{"@type":"WebSite","@id":"https:\/\/elbullifoundation.com\/bullinianos\/#website","url":"https:\/\/elbullifoundation.com\/bullinianos\/","name":"Bullinianos","description":"","potentialAction":[{"@type":"SearchAction","target":{"@type":"EntryPoint","urlTemplate":"https:\/\/elbullifoundation.com\/bullinianos\/?s={search_term_string}"},"query-input":{"@type":"PropertyValueSpecification","valueRequired":true,"valueName":"search_term_string"}}],"inLanguage":"es"}]}},"lang":"en","translations":{"en":9009,"es":119},"pll_sync_post":[],"_links":{"self":[{"href":"https:\/\/elbullifoundation.com\/bullinianos\/wp-json\/wp\/v2\/proyectos\/9009","targetHints":{"allow":["GET"]}}],"collection":[{"href":"https:\/\/elbullifoundation.com\/bullinianos\/wp-json\/wp\/v2\/proyectos"}],"about":[{"href":"https:\/\/elbullifoundation.com\/bullinianos\/wp-json\/wp\/v2\/types\/proyectos"}],"wp:featuredmedia":[{"embeddable":true,"href":"https:\/\/elbullifoundation.com\/bullinianos\/wp-json\/wp\/v2\/media\/9011"}],"wp:attachment":[{"href":"https:\/\/elbullifoundation.com\/bullinianos\/wp-json\/wp\/v2\/media?parent=9009"}],"curies":[{"name":"wp","href":"https:\/\/api.w.org\/{rel}","templated":true}]}}

<p>Following its conception in Talaia restaurant and, importantly, its 1997 move to <strong>the Aquarium of Barcelona where the headquarters of elBullicatering were located</strong>, the concept of a creative workshop grew in relevance and also in terms of our needs.</p>
<p>This is how elBullitaller was born in the year 2000.</p>
<div id='gallery-1' class='gallery galleryid-9009 gallery-columns-2 gallery-size-full'><figure class='gallery-item'>
			<div class='gallery-icon landscape'>
				<img loading="lazy" decoding="async" width="361" height="217" src="https://elbullifoundation.com/bullinianos/wp-content/uploads/2017/05/Imagen8.jpg" class="attachment-full size-full" alt="" aria-describedby="gallery-1-5141" sizes="auto, 100vw" />
			</div>
				<figcaption class='wp-caption-text gallery-caption' id='gallery-1-5141'>
				Ferran Adrià, Albert Adrià y Oriol Castro durante una sesión de creatividad en elBullitaller
				</figcaption></figure><figure class='gallery-item'>
			<div class='gallery-icon landscape'>
				<img loading="lazy" decoding="async" width="361" height="217" src="https://elbullifoundation.com/bullinianos/wp-content/uploads/2017/05/taller-3.jpg" class="attachment-full size-full" alt="" aria-describedby="gallery-1-5144" sizes="auto, 100vw" />
			</div>
				<figcaption class='wp-caption-text gallery-caption' id='gallery-1-5144'>
				elBullitaller &#8211; sala de estar
				</figcaption></figure>
		</div>

<p><strong>Led by Ferran Adrià along with Albert Adrià and Oriol Castro</strong>, it had the collaboration of the key people in the elBulli kitchen, together with other creatives with whom we had established an interdisciplinary synergy that also produced spectacular results in many other aspects, beyond the kitchen, of the fine dining sector.</p>
<div id='gallery-2' class='gallery galleryid-9009 gallery-columns-3 gallery-size-full'><figure class='gallery-item'>
			<div class='gallery-icon landscape'>
				<img loading="lazy" decoding="async" width="361" height="217" src="https://elbullifoundation.com/bullinianos/wp-content/uploads/2017/05/image-2.jpg" class="attachment-full size-full" alt="" aria-describedby="gallery-2-5147" sizes="auto, 100vw" />
			</div>
				<figcaption class='wp-caption-text gallery-caption' id='gallery-2-5147'>
				elBullitaller: Capilla &#8211; sala de reuniones
				</figcaption></figure><figure class='gallery-item'>
			<div class='gallery-icon landscape'>
				<img loading="lazy" decoding="async" width="361" height="217" src="https://elbullifoundation.com/bullinianos/wp-content/uploads/2017/05/image-copia-1.jpg" class="attachment-full size-full" alt="" aria-describedby="gallery-2-5150" sizes="auto, 100vw" />
			</div>
				<figcaption class='wp-caption-text gallery-caption' id='gallery-2-5150'>
				elBullitaller: cocina
				</figcaption></figure><figure class='gallery-item'>
			<div class='gallery-icon landscape'>
				<img loading="lazy" decoding="async" width="361" height="217" src="https://elbullifoundation.com/bullinianos/wp-content/uploads/2017/05/image-copia-2.jpg" class="attachment-full size-full" alt="" aria-describedby="gallery-2-5153" sizes="auto, 100vw" />
			</div>
				<figcaption class='wp-caption-text gallery-caption' id='gallery-2-5153'>
				elBullitaller &#8211; cocina
				</figcaption></figure>
		</div>

<p>Located in part of an 18th century palace in Calle de la Portaferrissa in Barcelona, ​​next door to the Boquería market, elBullitaller became <strong>the world’s first creative workshop opened by a restaurant</strong> and a path to follow for the many chefs who understood the importance of dedicating the necessary resources to the creative system for their projects.</p>

<!-- This site is optimized with the Yoast SEO plugin v26.9 - https://yoast.com/product/yoast-seo-wordpress/ -->
<title>elBullitaller - Bullinianos</title>
<meta name="robots" content="index, follow, max-snippet:-1, max-image-preview:large, max-video-preview:-1" />
<link rel="canonical" href="https://elbullifoundation.com/bullinianos/en/proyectos/elbullitaller/" />
<meta property="og:locale" content="es_ES" />
<meta property="og:type" content="article" />
<meta property="og:title" content="elBullitaller - Bullinianos" />
<meta property="og:description" content="Following its conception in Talaia restaurant and, importantly, its 1997 move to the Aquarium of Barcelona where the headquarters of elBullicatering were located, the concept of a creative workshop grew in relevance and also in terms of our needs. This is how elBullitaller was born in the year 2000. Led by Ferran Adrià along with &hellip; Continue reading &quot;elBullitaller&quot;" />
<meta property="og:url" content="https://elbullifoundation.com/bullinianos/en/proyectos/elbullitaller/" />
<meta property="og:site_name" content="Bullinianos" />
<meta property="article:modified_time" content="2019-01-16T15:51:19+00:00" />
<meta property="og:image" content="https://elbullifoundation.com/bullinianos/wp-content/uploads/2017/05/header-elbullitaller.jpg" />
	<meta property="og:image:width" content="2000" />
	<meta property="og:image:height" content="1364" />
	<meta property="og:image:type" content="image/jpeg" />
<meta name="twitter:card" content="summary_large_image" />
<meta name="twitter:label1" content="Tiempo de lectura" />
	<meta name="twitter:data1" content="1 minuto" />
<script type="application/ld+json" class="yoast-schema-graph">{"@context":"https://schema.org","@graph":[{"@type":"WebPage","@id":"https://elbullifoundation.com/bullinianos/en/proyectos/elbullitaller/","url":"https://elbullifoundation.com/bullinianos/en/proyectos/elbullitaller/","name":"elBullitaller - Bullinianos","isPartOf":{"@id":"https://elbullifoundation.com/bullinianos/#website"},"primaryImageOfPage":{"@id":"https://elbullifoundation.com/bullinianos/en/proyectos/elbullitaller/#primaryimage"},"image":{"@id":"https://elbullifoundation.com/bullinianos/en/proyectos/elbullitaller/#primaryimage"},"thumbnailUrl":"https://elbullifoundation.com/bullinianos/wp-content/uploads/2017/05/header-elbullitaller.jpg","datePublished":"2017-05-15T09:55:14+00:00","dateModified":"2019-01-16T15:51:19+00:00","breadcrumb":{"@id":"https://elbullifoundation.com/bullinianos/en/proyectos/elbullitaller/#breadcrumb"},"inLanguage":"es","potentialAction":[{"@type":"ReadAction","target":["https://elbullifoundation.com/bullinianos/en/proyectos/elbullitaller/"]}]},{"@type":"ImageObject","inLanguage":"es","@id":"https://elbullifoundation.com/bullinianos/en/proyectos/elbullitaller/#primaryimage","url":"https://elbullifoundation.com/bullinianos/wp-content/uploads/2017/05/header-elbullitaller.jpg","contentUrl":"https://elbullifoundation.com/bullinianos/wp-content/uploads/2017/05/header-elbullitaller.jpg","width":2000,"height":1364},{"@type":"BreadcrumbList","@id":"https://elbullifoundation.com/bullinianos/en/proyectos/elbullitaller/#breadcrumb","itemListElement":[{"@type":"ListItem","position":1,"name":"Proyectos","item":"https://elbullifoundation.com/bullinianos/proyectos/"},{"@type":"ListItem","position":2,"name":"elBullitaller"}]},{"@type":"WebSite","@id":"https://elbullifoundation.com/bullinianos/#website","url":"https://elbullifoundation.com/bullinianos/","name":"Bullinianos","description":"","potentialAction":[{"@type":"SearchAction","target":{"@type":"EntryPoint","urlTemplate":"https://elbullifoundation.com/bullinianos/?s={search_term_string}"},"query-input":{"@type":"PropertyValueSpecification","valueRequired":true,"valueName":"search_term_string"}}],"inLanguage":"es"}]}</script>
<!-- / Yoast SEO plugin. -->

Following its conception in Talaia restaurant and, importantly, its 1997 move to the Aquarium of Barcelona where the headquarters of elBullicatering were located, the concept of a creative workshop grew in relevance and also in terms of our needs. This is how elBullitaller was born in the year 2000. Led by Ferran Adrià along with &hellip; Continue reading "elBullitaller"
