{"id":314,"date":"2024-07-12T12:55:39","date_gmt":"2024-07-12T10:55:39","guid":{"rendered":"https:\/\/elbullifoundation.com\/bullipedia\/?page_id=314"},"modified":"2024-10-04T13:06:23","modified_gmt":"2024-10-04T11:06:23","slug":"que-es-bullipedia","status":"publish","type":"page","link":"https:\/\/elbullifoundation.com\/bullipedia\/ca\/que-es-bullipedia\/","title":{"rendered":"Qu\u00e8 \u00e9s Bullipedia"},"content":{"rendered":"\n<p>Bullipedia dona nom a <strong>l&#8217;enciclop\u00e8dia de la restauraci\u00f3 gastron\u00f2mica<\/strong> creada per elBullifoundation, una col\u00b7lecci\u00f3 de m\u00e9s de 24 llibres publicats de 500 p\u00e0gines que formaran una col\u00b7lecci\u00f3 transversal de 50 volums que permeten una comprensi\u00f3 hol\u00edstica de la restauraci\u00f3 gastron\u00f2mica.<\/p>\n\n\n\n<p>Gran part d&#8217;aquest projecte t\u00e9 la voluntat d&#8217;oferir un <strong>coneixement transversal i pr\u00e0ctic<\/strong> per a tots els professionals que pertanyen a l&#8217;\u00e0mbit de la restauraci\u00f3 gastron\u00f2mica: professionals de sala, professionals de cuina i personal d&#8217;administraci\u00f3.<\/p>\n\n\n\n<p>Per\u00f2 tamb\u00e9 compta amb <strong>obres especialitzades <\/strong>destinades a professionals amb un \u00e0mbit d&#8217;actuaci\u00f3 concret (creatius, gestors, sommeliers i bartenders, entre altres) que necessiten un contingut m\u00e9s t\u00e8cnic, per als quals, per tant, hem generat contingut m\u00e9s espec\u00edfic.<\/p>\n\n\n\n<blockquote class=\"wp-block-quote is-layout-flow wp-block-quote-is-layout-flow\">\n<p>Volem mostrar el cam\u00ed perqu\u00e8 uns altres realitzin els seus projectes personals<\/p>\n<\/blockquote>\n\n\n\n<figure class=\"wp-block-image size-full\"><img loading=\"lazy\" decoding=\"async\" width=\"2560\" height=\"1410\" src=\"https:\/\/elbullifoundation.com\/bullipedia\/wp-content\/uploads\/sites\/27\/2024\/07\/lloms-scaled.jpg\" alt=\"\" class=\"wp-image-110\" srcset=\"https:\/\/elbullifoundation.com\/bullipedia\/wp-content\/uploads\/sites\/27\/2024\/07\/lloms-scaled.jpg 2560w, https:\/\/elbullifoundation.com\/bullipedia\/wp-content\/uploads\/sites\/27\/2024\/07\/lloms-300x165.jpg 300w, https:\/\/elbullifoundation.com\/bullipedia\/wp-content\/uploads\/sites\/27\/2024\/07\/lloms-1024x564.jpg 1024w, https:\/\/elbullifoundation.com\/bullipedia\/wp-content\/uploads\/sites\/27\/2024\/07\/lloms-768x423.jpg 768w, https:\/\/elbullifoundation.com\/bullipedia\/wp-content\/uploads\/sites\/27\/2024\/07\/lloms-1536x846.jpg 1536w, https:\/\/elbullifoundation.com\/bullipedia\/wp-content\/uploads\/sites\/27\/2024\/07\/lloms-2048x1128.jpg 2048w\" sizes=\"auto, (max-width: 2560px) 100vw, 2560px\" \/><\/figure>\n\n\n\n<p>La Bullipedia s&#8217;estructura a partir de Sapiens, una metodologia de recerca flexible i viva que <strong>connecta el coneixement per a comprendre un objecte d&#8217;estudi<\/strong>; en el nostre cas, la restauraci\u00f3 gastron\u00f2mica en el m\u00f3n occidental.<\/p>\n\n\n<div class=\"lazyblock-banner-1cYrzF align  wp-block-lazyblock-banner\">  <div class=\"banner\">\n    <h2 class=\"text-family-1 text-color-black\"><strong>Metodologia Sapiens<\/strong><\/h2>\n    <p class=\"textbase-3 margin-0\"><p>Sapiens \u00e9s una metodologia de recerca desenvolupada per elBullifoundation que t\u00e9\u00a0una visi\u00f3 hol\u00edstica i sist\u00e8mica, \u00e9s a dir, que considera que tot est\u00e0 connectat. Es basa\u00a0en la teoria de sistemes i el pensament sist\u00e8mic i contempla tamb\u00e9 una visi\u00f3\u00a0hist\u00f2rica.<\/p>\n<p>Com qualsevol metodologia de recerca, Sapiens \u00e9s una eina que es pot aplicar a qualsevol \u00e0mbit en el qual hi ha coneixement i ajuda a connectar aquest coneixement i a comprendre-ho. \u00c9s el far que guia tots els projectes de\u00a0 elBullifoundation, tamb\u00e9 el de l&#8217;exposici\u00f3 que pots visitar en elBulli1846.<\/p><\/p>\n          <a href=\"https:\/\/metodologiasapiens.com\/\" target=\"\" class=\"blue-button-radius-5\">Web Metodologia Sapiens<\/a>\n      <\/div>\n<\/div>\n\n\n<figure class=\"wp-block-embed is-type-video is-provider-vimeo wp-block-embed-vimeo wp-embed-aspect-16-9 wp-has-aspect-ratio\"><div class=\"wp-block-embed__wrapper\">\n<iframe loading=\"lazy\" title=\"elBulli, 2015, Sapiens\" src=\"https:\/\/player.vimeo.com\/video\/519485482?dnt=1&amp;app_id=122963\" width=\"500\" height=\"281\" frameborder=\"0\" allow=\"autoplay; fullscreen; picture-in-picture; clipboard-write\"><\/iframe>\n<\/div><\/figure>\n\n\n\n<blockquote class=\"wp-block-quote is-layout-flow wp-block-quote-is-layout-flow\">\n<p><\/p>\n\n\n\n<p>\u00abNo n&#8217;hi ha prou amb con\u00e8ixer les obres d&#8217;un artista. S&#8217;ha de saber tamb\u00e9 quan les feia, per qu\u00e8, com, en quines circumst\u00e0ncies.\u2028\u2028<\/p>\n\n\n\n<p>Segur que algun dia existir\u00e0 una ci\u00e8ncia, que potser rebr\u00e0 el nom de \u2018la ci\u00e8ncia de l&#8217;\u00e9sser hum\u00e0\u2019, que tractar\u00e0 d&#8217;inquirir m\u00e9s a fons l&#8217;\u00e9sser hum\u00e0 a trav\u00e9s de l&#8217;\u00e9sser hum\u00e0 creador.\u2028\u2028<\/p>\n\n\n\n<p>Penso sovint en aquesta ci\u00e8ncia i intent deixar per a la posteritat una documentaci\u00f3 tan completa com sigui possible. \u00c9s per aix\u00f2 que dato tot el que faig\u00bb.<\/p>\n<cite>Pablo Picasso<\/cite><\/blockquote>\n\n\n\n<figure class=\"wp-block-image size-full\"><img loading=\"lazy\" decoding=\"async\" width=\"823\" height=\"317\" src=\"https:\/\/elbullifoundation.com\/bullipedia\/wp-content\/uploads\/sites\/27\/2024\/10\/bannercat.png\" alt=\"\" class=\"wp-image-861\" srcset=\"https:\/\/elbullifoundation.com\/bullipedia\/wp-content\/uploads\/sites\/27\/2024\/10\/bannercat.png 823w, https:\/\/elbullifoundation.com\/bullipedia\/wp-content\/uploads\/sites\/27\/2024\/10\/bannercat-300x116.png 300w, https:\/\/elbullifoundation.com\/bullipedia\/wp-content\/uploads\/sites\/27\/2024\/10\/bannercat-768x296.png 768w\" sizes=\"auto, (max-width: 823px) 100vw, 823px\" \/><\/figure>\n","protected":false},"excerpt":{"rendered":"<p>Bullipedia dona nom a l&#8217;enciclop\u00e8dia de la restauraci\u00f3 gastron\u00f2mica creada per elBullifoundation, una col\u00b7lecci\u00f3 de m\u00e9s de 24 llibres publicats de 500 p\u00e0gines que formaran una col\u00b7lecci\u00f3 transversal de 50 volums que permeten una comprensi\u00f3 hol\u00edstica de la restauraci\u00f3 gastron\u00f2mica. Gran part d&#8217;aquest projecte t\u00e9 la voluntat d&#8217;oferir un coneixement transversal i pr\u00e0ctic per a [&hellip;]<\/p>\n","protected":false},"author":1,"featured_media":52,"parent":0,"menu_order":0,"comment_status":"closed","ping_status":"closed","template":"template_general.php","meta":{"_acf_changed":false,"footnotes":""},"class_list":["post-314","page","type-page","status-publish","has-post-thumbnail","hentry"],"acf":[],"lang":"ca","translations":{"ca":314,"es":78,"en":572},"pll_sync_post":[],"_links":{"self":[{"href":"https:\/\/elbullifoundation.com\/bullipedia\/wp-json\/wp\/v2\/pages\/314","targetHints":{"allow":["GET"]}}],"collection":[{"href":"https:\/\/elbullifoundation.com\/bullipedia\/wp-json\/wp\/v2\/pages"}],"about":[{"href":"https:\/\/elbullifoundation.com\/bullipedia\/wp-json\/wp\/v2\/types\/page"}],"author":[{"embeddable":true,"href":"https:\/\/elbullifoundation.com\/bullipedia\/wp-json\/wp\/v2\/users\/1"}],"replies":[{"embeddable":true,"href":"https:\/\/elbullifoundation.com\/bullipedia\/wp-json\/wp\/v2\/comments?post=314"}],"version-history":[{"count":10,"href":"https:\/\/elbullifoundation.com\/bullipedia\/wp-json\/wp\/v2\/pages\/314\/revisions"}],"predecessor-version":[{"id":862,"href":"https:\/\/elbullifoundation.com\/bullipedia\/wp-json\/wp\/v2\/pages\/314\/revisions\/862"}],"wp:featuredmedia":[{"embeddable":true,"href":"https:\/\/elbullifoundation.com\/bullipedia\/wp-json\/wp\/v2\/media\/52"}],"wp:attachment":[{"href":"https:\/\/elbullifoundation.com\/bullipedia\/wp-json\/wp\/v2\/media?parent=314"}],"curies":[{"name":"wp","href":"https:\/\/api.w.org\/{rel}","templated":true}]}}

Què és Bullipedia

<p>Bullipedia dona nom a <strong>l&#8217;enciclopèdia de la restauració gastronòmica</strong> creada per elBullifoundation, una col·lecció de més de 24 llibres publicats de 500 pàgines que formaran una col·lecció transversal de 50 volums que permeten una comprensió holística de la restauració gastronòmica.</p>



<p>Gran part d&#8217;aquest projecte té la voluntat d&#8217;oferir un <strong>coneixement transversal i pràctic</strong> per a tots els professionals que pertanyen a l&#8217;àmbit de la restauració gastronòmica: professionals de sala, professionals de cuina i personal d&#8217;administració.</p>



<p>Però també compta amb <strong>obres especialitzades </strong>destinades a professionals amb un àmbit d&#8217;actuació concret (creatius, gestors, sommeliers i bartenders, entre altres) que necessiten un contingut més tècnic, per als quals, per tant, hem generat contingut més específic.</p>



<blockquote class="wp-block-quote is-layout-flow wp-block-quote-is-layout-flow">
<p>Volem mostrar el camí perquè uns altres realitzin els seus projectes personals</p>
</blockquote>



<figure class="wp-block-image size-full"><img loading="lazy" decoding="async" width="2560" height="1410" src="https://elbullifoundation.com/bullipedia/wp-content/uploads/sites/27/2024/07/lloms-scaled.jpg" alt="" class="wp-image-110" srcset="https://elbullifoundation.com/bullipedia/wp-content/uploads/sites/27/2024/07/lloms-scaled.jpg 2560w, https://elbullifoundation.com/bullipedia/wp-content/uploads/sites/27/2024/07/lloms-300x165.jpg 300w, https://elbullifoundation.com/bullipedia/wp-content/uploads/sites/27/2024/07/lloms-1024x564.jpg 1024w, https://elbullifoundation.com/bullipedia/wp-content/uploads/sites/27/2024/07/lloms-768x423.jpg 768w, https://elbullifoundation.com/bullipedia/wp-content/uploads/sites/27/2024/07/lloms-1536x846.jpg 1536w, https://elbullifoundation.com/bullipedia/wp-content/uploads/sites/27/2024/07/lloms-2048x1128.jpg 2048w" sizes="auto, (max-width: 2560px) 100vw, 2560px" /></figure>



<p>La Bullipedia s&#8217;estructura a partir de Sapiens, una metodologia de recerca flexible i viva que <strong>connecta el coneixement per a comprendre un objecte d&#8217;estudi</strong>; en el nostre cas, la restauració gastronòmica en el món occidental.</p>


<div class="lazyblock-banner-1cYrzF align  wp-block-lazyblock-banner">  <div class="banner">
    <h2 class="text-family-1 text-color-black"><strong>Metodologia Sapiens</strong></h2>
    <p class="textbase-3 margin-0"><p>Sapiens és una metodologia de recerca desenvolupada per elBullifoundation que té una visió holística i sistèmica, és a dir, que considera que tot està connectat. Es basa en la teoria de sistemes i el pensament sistèmic i contempla també una visió històrica.</p>
<p>Com qualsevol metodologia de recerca, Sapiens és una eina que es pot aplicar a qualsevol àmbit en el qual hi ha coneixement i ajuda a connectar aquest coneixement i a comprendre-ho. És el far que guia tots els projectes de  elBullifoundation, també el de l&#8217;exposició que pots visitar en elBulli1846.</p></p>
          <a href="https://metodologiasapiens.com/" target="" class="blue-button-radius-5">Web Metodologia Sapiens</a>
      </div>
</div>


<figure class="wp-block-embed is-type-video is-provider-vimeo wp-block-embed-vimeo wp-embed-aspect-16-9 wp-has-aspect-ratio"><div class="wp-block-embed__wrapper">
<iframe loading="lazy" title="elBulli, 2015, Sapiens" src="https://player.vimeo.com/video/519485482?dnt=1&amp;app_id=122963" width="500" height="281" frameborder="0" allow="autoplay; fullscreen; picture-in-picture; clipboard-write"></iframe>
</div></figure>



<blockquote class="wp-block-quote is-layout-flow wp-block-quote-is-layout-flow">
<p></p>



<p>«No n&#8217;hi ha prou amb conèixer les obres d&#8217;un artista. S&#8217;ha de saber també quan les feia, per què, com, en quines circumstàncies.  </p>



<p>Segur que algun dia existirà una ciència, que potser rebrà el nom de ‘la ciència de l&#8217;ésser humà’, que tractarà d&#8217;inquirir més a fons l&#8217;ésser humà a través de l&#8217;ésser humà creador.  </p>



<p>Penso sovint en aquesta ciència i intent deixar per a la posteritat una documentació tan completa com sigui possible. És per això que dato tot el que faig».</p>
<cite>Pablo Picasso</cite></blockquote>



<figure class="wp-block-image size-full"><img loading="lazy" decoding="async" width="823" height="317" src="https://elbullifoundation.com/bullipedia/wp-content/uploads/sites/27/2024/10/bannercat.png" alt="" class="wp-image-861" srcset="https://elbullifoundation.com/bullipedia/wp-content/uploads/sites/27/2024/10/bannercat.png 823w, https://elbullifoundation.com/bullipedia/wp-content/uploads/sites/27/2024/10/bannercat-300x116.png 300w, https://elbullifoundation.com/bullipedia/wp-content/uploads/sites/27/2024/10/bannercat-768x296.png 768w" sizes="auto, (max-width: 823px) 100vw, 823px" /></figure>

<p>Bullipedia dona nom a l&#8217;enciclopèdia de la restauració gastronòmica creada per elBullifoundation, una col·lecció de més de 24 llibres publicats de 500 pàgines que formaran una col·lecció transversal de 50 volums que permeten una comprensió holística de la restauració gastronòmica. Gran part d&#8217;aquest projecte té la voluntat d&#8217;oferir un coneixement transversal i pràctic per a [&hellip;]</p>
