{"id":10431,"date":"2026-04-08T17:23:18","date_gmt":"2026-04-08T15:23:18","guid":{"rendered":"https:\/\/elbullifoundation.com\/elbulli1846\/?page_id=10431"},"modified":"2026-04-08T17:26:00","modified_gmt":"2026-04-08T15:26:00","slug":"que-visitar-a-la-costa-brava","status":"publish","type":"page","link":"https:\/\/elbullifoundation.com\/elbulli1846\/ca\/que-visitar-a-la-costa-brava\/","title":{"rendered":"Qu\u00e8 visitar a la Costa Brava"},"content":{"rendered":"\n<p data-start=\"90\" data-end=\"365\">La Costa Brava \u00e9s una de les destinacions m\u00e9s singulars del Mediterrani. La seva combinaci\u00f3 de paisatge, patrimoni hist\u00f2ric i cultura contempor\u00e0nia la converteixen en un territori divers, on conviuen espais naturals, pobles amb identitat pr\u00f2pia i propostes culturals \u00faniques.<\/p>\n<p data-start=\"90\" data-end=\"365\">\u00a0<\/p>\n<p data-start=\"367\" data-end=\"490\">A continuaci\u00f3, et proposem una selecci\u00f3 de llocs i experi\u00e8ncies per descobrir la Costa Brava des de diferents perspectives.<\/p>\n<p data-start=\"367\" data-end=\"490\">\u00a0<\/p>\n<h3 data-section-id=\"iye138\" data-start=\"492\" data-end=\"543\"><span role=\"text\"><strong data-start=\"496\" data-end=\"541\">elBulli1846: un museu \u00fanic a Cala Montjoi<\/strong><\/span><\/h3>\n<p data-start=\"544\" data-end=\"668\">Situat al Parc Natural del Cap de Creus, elBulli1846 \u00e9s un museu dedicat a la innovaci\u00f3 gastron\u00f2mica i al llegat de elBulli.<\/p>\n<p data-start=\"544\" data-end=\"668\">\u00a0<\/p>\n<p data-start=\"670\" data-end=\"983\">L\u2019espai proposa un recorregut per la hist\u00f2ria de la creativitat culin\u00e0ria, el proc\u00e9s d\u2019innovaci\u00f3 i l\u2019evoluci\u00f3 de la gastronomia contempor\u00e0nia. La visita combina espais expositius amb l\u2019entorn natural on es va desenvolupar el restaurant, generant una experi\u00e8ncia que transcendeix la visita muse\u00edstica convencional.<\/p>\n<p data-start=\"670\" data-end=\"983\">\u00a0<\/p>\n<h3 data-section-id=\"db4kl7\" data-start=\"985\" data-end=\"1024\"><span role=\"text\"><strong data-start=\"989\" data-end=\"1022\">Parc Natural del Cap de Creus<\/strong><\/span><\/h3>\n<p data-start=\"1025\" data-end=\"1241\">El Cap de Creus \u00e9s un dels paisatges m\u00e9s caracter\u00edstics de la Costa Brava. Les seves formacions geol\u00f2giques, el contrast entre mar i muntanya i la seva biodiversitat el converteixen en un espai de gran valor natural.<\/p>\n<p data-start=\"1025\" data-end=\"1241\">\u00a0<\/p>\n<p data-start=\"1243\" data-end=\"1334\">\u00c9s ideal per fer rutes a peu, amb bicicleta o simplement gaudir dels seus miradors i cales.<\/p>\n<p data-start=\"1243\" data-end=\"1334\">\u00a0<\/p>\n<h3 data-section-id=\"112ubbo\" data-start=\"1336\" data-end=\"1367\"><span role=\"text\"><strong data-start=\"1340\" data-end=\"1365\">Cadaqu\u00e9s i Portlligat<\/strong><\/span><\/h3>\n<p data-start=\"1368\" data-end=\"1517\">Cadaqu\u00e9s \u00e9s un dels pobles m\u00e9s reconeguts de la Costa Brava, tant per la seva arquitectura com per la seva vinculaci\u00f3 amb artistes com Salvador Dal\u00ed.<\/p>\n<p data-start=\"1519\" data-end=\"1662\">\u00a0<\/p>\n<p data-start=\"1519\" data-end=\"1662\">Molt a prop es troba Portlligat, on es pot visitar la Casa-Museu Dal\u00ed, integrada en el paisatge i estretament vinculada al seu univers creatiu.<\/p>\n<p data-start=\"1519\" data-end=\"1662\">\u00a0<\/p>\n<h3 data-section-id=\"28htvr\" data-start=\"1664\" data-end=\"1703\"><span role=\"text\"><strong data-start=\"1668\" data-end=\"1701\">Girona i el seu casc hist\u00f2ric<\/strong><\/span><\/h3>\n<p data-start=\"1704\" data-end=\"1895\">La ciutat de Girona ofereix un dels centres hist\u00f2rics millor conservats de Catalunya. La seva catedral, el call jueu i les cases del riu Onyar formen un conjunt arquitect\u00f2nic de gran inter\u00e8s.<\/p>\n<p data-start=\"1897\" data-end=\"2001\">\u00a0<\/p>\n<p data-start=\"1897\" data-end=\"2001\">\u00c9s una visita complement\u00e0ria que aporta una dimensi\u00f3 urbana i cultural al recorregut per la Costa Brava.<\/p>\n<p data-start=\"1897\" data-end=\"2001\">\u00a0<\/p>\n<h3 data-section-id=\"vhnk7z\" data-start=\"2003\" data-end=\"2051\"><span role=\"text\"><strong data-start=\"2007\" data-end=\"2049\">Cam\u00ed de Ronda: rec\u00f3rrer la costa a peu<\/strong><\/span><\/h3>\n<p data-start=\"2052\" data-end=\"2176\">El Cam\u00ed de Ronda \u00e9s una xarxa de camins que permet rec\u00f3rrer diferents trams del litoral, connectant platges, cales i pobles.<\/p>\n<p data-start=\"2178\" data-end=\"2295\">\u00a0<\/p>\n<p data-start=\"2178\" data-end=\"2295\">\u00c9s una de les millors maneres de descobrir el paisatge de la Costa Brava des d\u2019una perspectiva m\u00e9s directa i pausada.<\/p>\n<p data-start=\"2178\" data-end=\"2295\">\u00a0<\/p>\n<h3 data-section-id=\"qigm9b\" data-start=\"2297\" data-end=\"2340\"><span role=\"text\"><strong data-start=\"2301\" data-end=\"2338\">Platges i cales de la Costa Brava<\/strong><\/span><\/h3>\n<p data-start=\"2341\" data-end=\"2476\">Des de \u00e0mplies platges familiars fins a petites cales amagades, la Costa Brava ofereix una gran diversitat d\u2019espais per gaudir del mar.<\/p>\n<p data-start=\"2478\" data-end=\"2585\">\u00a0<\/p>\n<p data-start=\"2478\" data-end=\"2585\">Algunes zones, especialment a l\u2019entorn del Cap de Creus, destaquen pel seu car\u00e0cter m\u00e9s salvatge i natural.<\/p>\n<p data-start=\"2478\" data-end=\"2585\">\u00a0<\/p>\n<h3 data-section-id=\"1oy4tla\" data-start=\"2587\" data-end=\"2643\"><span role=\"text\"><strong data-start=\"2591\" data-end=\"2641\">Una Costa Brava diversa i en constant evoluci\u00f3<\/strong><\/span><\/h3>\n<p data-start=\"2644\" data-end=\"2749\">M\u00e9s enll\u00e0 del seu atractiu paisatg\u00edstic, la Costa Brava \u00e9s un territori on conviuen tradici\u00f3 i innovaci\u00f3.<\/p>\n<p data-start=\"2751\" data-end=\"2880\">\u00a0<\/p>\n<p data-start=\"2751\" data-end=\"2880\">Per ampliar la informaci\u00f3 sobre el territori i les seves propostes, es pot consultar el <a href=\"https:\/\/costabrava.org\/\">web oficia<\/a>l de turisme de la Costa Brava.<\/p>\n\n\n\n\n","protected":false},"excerpt":{"rendered":"<p>La Costa Brava \u00e9s una de les destinacions m\u00e9s singulars del Mediterrani. La seva combinaci\u00f3 de paisatge, patrimoni hist\u00f2ric i cultura contempor\u00e0nia la converteixen en un territori divers, on conviuen espais naturals, pobles amb identitat pr\u00f2pia i propostes culturals \u00faniques. \u00a0 A continuaci\u00f3, et proposem una selecci\u00f3 de llocs i experi\u00e8ncies per descobrir la Costa [&hellip;]<\/p>\n","protected":false},"author":4,"featured_media":8712,"parent":0,"menu_order":0,"comment_status":"closed","ping_status":"closed","template":"","meta":{"_acf_changed":false,"footnotes":""},"class_list":["post-10431","page","type-page","status-publish","has-post-thumbnail","hentry"],"acf":[],"yoast_head":"<!-- This site is optimized with the Yoast SEO plugin v27.0-RC2 - https:\/\/yoast.com\/product\/yoast-seo-wordpress\/ -->\n<title>Qu\u00e8 visitar a la Costa Brava - elBulli1846<\/title>\n<meta name=\"robots\" content=\"index, follow, max-snippet:-1, max-image-preview:large, max-video-preview:-1\" \/>\n<link rel=\"canonical\" href=\"https:\/\/elbullifoundation.com\/elbulli1846\/ca\/que-visitar-a-la-costa-brava\/\" \/>\n<meta property=\"og:locale\" content=\"es_ES\" \/>\n<meta property=\"og:type\" content=\"article\" \/>\n<meta property=\"og:title\" content=\"Qu\u00e8 visitar a la Costa Brava - elBulli1846\" \/>\n<meta property=\"og:description\" content=\"La Costa Brava \u00e9s una de les destinacions m\u00e9s singulars del Mediterrani. La seva combinaci\u00f3 de paisatge, patrimoni hist\u00f2ric i cultura contempor\u00e0nia la converteixen en un territori divers, on conviuen espais naturals, pobles amb identitat pr\u00f2pia i propostes culturals \u00faniques. \u00a0 A continuaci\u00f3, et proposem una selecci\u00f3 de llocs i experi\u00e8ncies per descobrir la Costa [&hellip;]\" \/>\n<meta property=\"og:url\" content=\"https:\/\/elbullifoundation.com\/elbulli1846\/ca\/que-visitar-a-la-costa-brava\/\" \/>\n<meta property=\"og:site_name\" content=\"elBulli1846\" \/>\n<meta property=\"article:modified_time\" content=\"2026-04-08T15:26:00+00:00\" \/>\n<meta property=\"og:image\" content=\"https:\/\/elbullifoundation.com\/elbulli1846\/wp-content\/uploads\/sites\/15\/2023\/03\/EXPOEXTERIOR-\u00a9PS_1M3A1864-1.jpg\" \/>\n\t<meta property=\"og:image:width\" content=\"1400\" \/>\n\t<meta property=\"og:image:height\" content=\"582\" \/>\n\t<meta property=\"og:image:type\" content=\"image\/jpeg\" \/>\n<meta name=\"twitter:card\" content=\"summary_large_image\" \/>\n<meta name=\"twitter:label1\" content=\"Tiempo de lectura\" \/>\n\t<meta name=\"twitter:data1\" content=\"3 minutos\" \/>\n<script type=\"application\/ld+json\" class=\"yoast-schema-graph\">{\"@context\":\"https:\/\/schema.org\",\"@graph\":[{\"@type\":\"WebPage\",\"@id\":\"https:\/\/elbullifoundation.com\/elbulli1846\/ca\/que-visitar-a-la-costa-brava\/\",\"url\":\"https:\/\/elbullifoundation.com\/elbulli1846\/ca\/que-visitar-a-la-costa-brava\/\",\"name\":\"Qu\u00e8 visitar a la Costa Brava - elBulli1846\",\"isPartOf\":{\"@id\":\"https:\/\/elbullifoundation.com\/elbulli1846\/#website\"},\"primaryImageOfPage\":{\"@id\":\"https:\/\/elbullifoundation.com\/elbulli1846\/ca\/que-visitar-a-la-costa-brava\/#primaryimage\"},\"image\":{\"@id\":\"https:\/\/elbullifoundation.com\/elbulli1846\/ca\/que-visitar-a-la-costa-brava\/#primaryimage\"},\"thumbnailUrl\":\"https:\/\/elbullifoundation.com\/elbulli1846\/wp-content\/uploads\/sites\/15\/2023\/03\/EXPOEXTERIOR-\u00a9PS_1M3A1864-1.jpg\",\"datePublished\":\"2026-04-08T15:23:18+00:00\",\"dateModified\":\"2026-04-08T15:26:00+00:00\",\"breadcrumb\":{\"@id\":\"https:\/\/elbullifoundation.com\/elbulli1846\/ca\/que-visitar-a-la-costa-brava\/#breadcrumb\"},\"inLanguage\":\"es\",\"potentialAction\":[{\"@type\":\"ReadAction\",\"target\":[\"https:\/\/elbullifoundation.com\/elbulli1846\/ca\/que-visitar-a-la-costa-brava\/\"]}]},{\"@type\":\"ImageObject\",\"inLanguage\":\"es\",\"@id\":\"https:\/\/elbullifoundation.com\/elbulli1846\/ca\/que-visitar-a-la-costa-brava\/#primaryimage\",\"url\":\"https:\/\/elbullifoundation.com\/elbulli1846\/wp-content\/uploads\/sites\/15\/2023\/03\/EXPOEXTERIOR-\u00a9PS_1M3A1864-1.jpg\",\"contentUrl\":\"https:\/\/elbullifoundation.com\/elbulli1846\/wp-content\/uploads\/sites\/15\/2023\/03\/EXPOEXTERIOR-\u00a9PS_1M3A1864-1.jpg\",\"width\":1400,\"height\":582},{\"@type\":\"BreadcrumbList\",\"@id\":\"https:\/\/elbullifoundation.com\/elbulli1846\/ca\/que-visitar-a-la-costa-brava\/#breadcrumb\",\"itemListElement\":[{\"@type\":\"ListItem\",\"position\":1,\"name\":\"Portada\",\"item\":\"https:\/\/elbullifoundation.com\/elbulli1846\/\"},{\"@type\":\"ListItem\",\"position\":2,\"name\":\"Qu\u00e8 visitar a la Costa Brava\"}]},{\"@type\":\"WebSite\",\"@id\":\"https:\/\/elbullifoundation.com\/elbulli1846\/#website\",\"url\":\"https:\/\/elbullifoundation.com\/elbulli1846\/\",\"name\":\"elBulli1846\",\"description\":\"\",\"potentialAction\":[{\"@type\":\"SearchAction\",\"target\":{\"@type\":\"EntryPoint\",\"urlTemplate\":\"https:\/\/elbullifoundation.com\/elbulli1846\/?s={search_term_string}\"},\"query-input\":{\"@type\":\"PropertyValueSpecification\",\"valueRequired\":true,\"valueName\":\"search_term_string\"}}],\"inLanguage\":\"es\"}]}<\/script>\n<!-- \/ Yoast SEO plugin. -->","yoast_head_json":{"title":"Qu\u00e8 visitar a la Costa Brava - elBulli1846","robots":{"index":"index","follow":"follow","max-snippet":"max-snippet:-1","max-image-preview":"max-image-preview:large","max-video-preview":"max-video-preview:-1"},"canonical":"https:\/\/elbullifoundation.com\/elbulli1846\/ca\/que-visitar-a-la-costa-brava\/","og_locale":"es_ES","og_type":"article","og_title":"Qu\u00e8 visitar a la Costa Brava - elBulli1846","og_description":"La Costa Brava \u00e9s una de les destinacions m\u00e9s singulars del Mediterrani. La seva combinaci\u00f3 de paisatge, patrimoni hist\u00f2ric i cultura contempor\u00e0nia la converteixen en un territori divers, on conviuen espais naturals, pobles amb identitat pr\u00f2pia i propostes culturals \u00faniques. \u00a0 A continuaci\u00f3, et proposem una selecci\u00f3 de llocs i experi\u00e8ncies per descobrir la Costa [&hellip;]","og_url":"https:\/\/elbullifoundation.com\/elbulli1846\/ca\/que-visitar-a-la-costa-brava\/","og_site_name":"elBulli1846","article_modified_time":"2026-04-08T15:26:00+00:00","og_image":[{"width":1400,"height":582,"url":"https:\/\/elbullifoundation.com\/elbulli1846\/wp-content\/uploads\/sites\/15\/2023\/03\/EXPOEXTERIOR-\u00a9PS_1M3A1864-1.jpg","type":"image\/jpeg"}],"twitter_card":"summary_large_image","twitter_misc":{"Tiempo de lectura":"3 minutos"},"schema":{"@context":"https:\/\/schema.org","@graph":[{"@type":"WebPage","@id":"https:\/\/elbullifoundation.com\/elbulli1846\/ca\/que-visitar-a-la-costa-brava\/","url":"https:\/\/elbullifoundation.com\/elbulli1846\/ca\/que-visitar-a-la-costa-brava\/","name":"Qu\u00e8 visitar a la Costa Brava - elBulli1846","isPartOf":{"@id":"https:\/\/elbullifoundation.com\/elbulli1846\/#website"},"primaryImageOfPage":{"@id":"https:\/\/elbullifoundation.com\/elbulli1846\/ca\/que-visitar-a-la-costa-brava\/#primaryimage"},"image":{"@id":"https:\/\/elbullifoundation.com\/elbulli1846\/ca\/que-visitar-a-la-costa-brava\/#primaryimage"},"thumbnailUrl":"https:\/\/elbullifoundation.com\/elbulli1846\/wp-content\/uploads\/sites\/15\/2023\/03\/EXPOEXTERIOR-\u00a9PS_1M3A1864-1.jpg","datePublished":"2026-04-08T15:23:18+00:00","dateModified":"2026-04-08T15:26:00+00:00","breadcrumb":{"@id":"https:\/\/elbullifoundation.com\/elbulli1846\/ca\/que-visitar-a-la-costa-brava\/#breadcrumb"},"inLanguage":"es","potentialAction":[{"@type":"ReadAction","target":["https:\/\/elbullifoundation.com\/elbulli1846\/ca\/que-visitar-a-la-costa-brava\/"]}]},{"@type":"ImageObject","inLanguage":"es","@id":"https:\/\/elbullifoundation.com\/elbulli1846\/ca\/que-visitar-a-la-costa-brava\/#primaryimage","url":"https:\/\/elbullifoundation.com\/elbulli1846\/wp-content\/uploads\/sites\/15\/2023\/03\/EXPOEXTERIOR-\u00a9PS_1M3A1864-1.jpg","contentUrl":"https:\/\/elbullifoundation.com\/elbulli1846\/wp-content\/uploads\/sites\/15\/2023\/03\/EXPOEXTERIOR-\u00a9PS_1M3A1864-1.jpg","width":1400,"height":582},{"@type":"BreadcrumbList","@id":"https:\/\/elbullifoundation.com\/elbulli1846\/ca\/que-visitar-a-la-costa-brava\/#breadcrumb","itemListElement":[{"@type":"ListItem","position":1,"name":"Portada","item":"https:\/\/elbullifoundation.com\/elbulli1846\/"},{"@type":"ListItem","position":2,"name":"Qu\u00e8 visitar a la Costa Brava"}]},{"@type":"WebSite","@id":"https:\/\/elbullifoundation.com\/elbulli1846\/#website","url":"https:\/\/elbullifoundation.com\/elbulli1846\/","name":"elBulli1846","description":"","potentialAction":[{"@type":"SearchAction","target":{"@type":"EntryPoint","urlTemplate":"https:\/\/elbullifoundation.com\/elbulli1846\/?s={search_term_string}"},"query-input":{"@type":"PropertyValueSpecification","valueRequired":true,"valueName":"search_term_string"}}],"inLanguage":"es"}]}},"lang":"ca","translations":{"ca":10431,"es":10379,"en":10435},"pll_sync_post":[],"_links":{"self":[{"href":"https:\/\/elbullifoundation.com\/elbulli1846\/wp-json\/wp\/v2\/pages\/10431","targetHints":{"allow":["GET"]}}],"collection":[{"href":"https:\/\/elbullifoundation.com\/elbulli1846\/wp-json\/wp\/v2\/pages"}],"about":[{"href":"https:\/\/elbullifoundation.com\/elbulli1846\/wp-json\/wp\/v2\/types\/page"}],"author":[{"embeddable":true,"href":"https:\/\/elbullifoundation.com\/elbulli1846\/wp-json\/wp\/v2\/users\/4"}],"replies":[{"embeddable":true,"href":"https:\/\/elbullifoundation.com\/elbulli1846\/wp-json\/wp\/v2\/comments?post=10431"}],"version-history":[{"count":2,"href":"https:\/\/elbullifoundation.com\/elbulli1846\/wp-json\/wp\/v2\/pages\/10431\/revisions"}],"predecessor-version":[{"id":10434,"href":"https:\/\/elbullifoundation.com\/elbulli1846\/wp-json\/wp\/v2\/pages\/10431\/revisions\/10434"}],"wp:featuredmedia":[{"embeddable":true,"href":"https:\/\/elbullifoundation.com\/elbulli1846\/wp-json\/wp\/v2\/media\/8712"}],"wp:attachment":[{"href":"https:\/\/elbullifoundation.com\/elbulli1846\/wp-json\/wp\/v2\/media?parent=10431"}],"curies":[{"name":"wp","href":"https:\/\/api.w.org\/{rel}","templated":true}]}}