{"id":6357,"date":"2020-04-20T09:24:02","date_gmt":"2020-04-20T07:24:02","guid":{"rendered":"https:\/\/elbullifoundation.com\/elbulli1846\/?page_id=6357"},"modified":"2020-10-09T12:05:09","modified_gmt":"2020-10-09T10:05:09","slug":"supone-cocina-creativa-implica-innovador-cocina","status":"publish","type":"page","link":"https:\/\/elbullifoundation.com\/elbulli1846\/supone-cocina-creativa-implica-innovador-cocina\/","title":{"rendered":"\u00bfQu\u00e9 supone hacer cocina creativa? \u00bfQu\u00e9 implica ser innovador en cocina?"},"content":{"rendered":"<h2 style=\"text-align: left\">CREAR \u2013 CREACI\u00d3N \u2013 CREATIVIDAD<\/h2>\n<p>&nbsp;<\/p>\n<p style=\"text-align: left\">Entendemos por crear la acci\u00f3n de establecer, fundar, introducir por primera vez algo nuevo o no conocido, por la que se concibe algo original que, adem\u00e1s, es relevante. Estamos hablando pues de la acepci\u00f3n de crear como inventar, es decir, crear con el m\u00e1ximo nivel de originalidad. El resultado es una creaci\u00f3n. Si nos referimos a creatividad, estamos hablando de la habilidad, capacidad o facultad de una persona para crear.<\/p>\n<p>&nbsp;<\/p>\n<h2 style=\"text-align: left\">INNOVAR \u2013 INNOVACI\u00d3N<\/h2>\n<p>&nbsp;<\/p>\n<p style=\"text-align: left\">Entendemos por innovaci\u00f3n toda nueva creaci\u00f3n (original y relevante, es decir, invento) y su implementaci\u00f3n econ\u00f3mica (que implica viabilidad t\u00e9cnica y comercial). Innovar es, entonces, ser capaz de generar un beneficio, de hacer rentable una creaci\u00f3n, posicion\u00e1ndola en el mercado en el que ser\u00e1 consumida.<\/p>\n<p>&nbsp;<\/p>\n<h2 style=\"text-align: left\">NIVELES DE CREATIVIDAD E INNOVACI\u00d3N EN COCINA, ANALIZADOS DESDE EL RESULTADO<\/h2>\n<p>&nbsp;<\/p>\n<p style=\"text-align: left\">La cocina es una de las actividades que el ser humano ha desarrollado en paralelo a su propia evoluci\u00f3n, en la que ha alcanzado niveles de creatividad extraordinarios a lo largo de la historia y tambi\u00e9n de innovaci\u00f3n, siempre que ha hecho rentable un proceso culinario o su resultado. La cocina ha demostrado su capacidad para materializar resultados creativos e innovadores en el pasado, pero tambi\u00e9n lo hace en el presente y proyecta caminos futuros en los que seguir\u00e1 siendo una acci\u00f3n que admita nuevos conceptos, ideas y formatos en los que <strong>continuar desarroll\u00e1ndose<\/strong>. Los resultados creativos e innovadores nos hacen mirar en diferentes direcciones, porque pueden tratarse de elaboraciones (comida o bebida), pero tambi\u00e9n es posible crear en el conjunto de la oferta gastron\u00f3mica o en el sistema general del funcionamiento de un restaurante, ya que puede aplicarse la creaci\u00f3n y\/o la innovaci\u00f3n a cualquiera de sus componentes: en relaci\u00f3n con la estructura de la oferta, la experiencia del cliente, la organizaci\u00f3n del personal, etc. Nos centraremos a continuaci\u00f3n en los resultados de cocinar, comida y bebida, en los que detectamos un determinado nivel de creaci\u00f3n.<\/p>\n<p>&nbsp;<\/p>\n<p style=\"text-align: left\">En cualquiera de los niveles, si el resultado creativo obtenido consigue rentabilizarse econ\u00f3micamente y generar un beneficio, es, adem\u00e1s, un resultado innovador. Es importante se\u00f1alar que no siempre un alto nivel de resultado creativo se corresponde con un alto nivel de resultado innovador. A veces no es lo m\u00e1s creativo lo que logra tener un mayor beneficio econ\u00f3mico: todos los niveles de resultado creativo se combinan con todos los de resultado innovador, pero no siempre se corresponden y, en muchas ocasiones, uno es m\u00e1s elevado que el otro.<\/p>\n<p>&nbsp;<\/p>\n<ul>\n<li style=\"list-style-type: none\">\n<ul>\n<li style=\"text-align: left\"><strong>Cuando hablamos de una cocina y una comida<\/strong> con nivel muy alto de resultado creativo nos referimos a la creaci\u00f3n de nuevos estilos de vanguardia. Es el nivel m\u00e1s alto de creaci\u00f3n. Supone el nacimiento de un nuevo estilo que traiga consigo una disruptividad marcada, es decir, que rompa con lo anterior y modifique el curso de la historia de la cocina. Si el tiempo confirma el sentido de esta disruptividad, nos encontramos tambi\u00e9n ante una manera de cocinar que tiene una influencia marcada en el devenir presente o futuro de la cocina. Suele identificarse con la vanguardia y, si se da en un formato colectivo que implica estilos personales influyentes de diferentes cocineros, se consolidar\u00e1 como un movimiento de cocina. Cuando un resultado muy creativo se hace rentable y se logra obtener del mismo un beneficio econ\u00f3mico, hablamos de un nivel muy alto de resultado creativo e innovador. Por ejemplo, la<em> Nuvelle Cuisine<\/em>, en su conjunto, gener\u00f3 resultados comida con un muy alto nivel creativo, cambiando el paradigma de la comida y la restauraci\u00f3n gastron\u00f3mica a nivel global.<\/li>\n<\/ul>\n<\/li>\n<\/ul>\n<p>&nbsp;<\/p>\n<ul>\n<li style=\"list-style-type: none\">\n<ul>\n<li style=\"text-align: left\"><strong>Cuando nos referimos a un nivel alto de resultado creativo<\/strong> estamos refiri\u00e9ndonos a la creaci\u00f3n de un estilo nuevo, de una manera \u00fanica y completamente reconocible de hacer cocina. El estilo personal de un cocinero estar\u00e1 formado por las caracter\u00edsticas propias en cualquiera de los aspectos del sistema culinario que le otorgan una personalidad \u00fanica. Sucede lo mismo que con la categor\u00eda anterior, si quien crea consigue que sea rentable, se sumar\u00e1 el adjetivo \u00abinnovador\u00bb al resultado obtenido. Entonces, encontraremos un estilo superior que puede enmarcarse en un determinado movimiento de cocina.<\/li>\n<\/ul>\n<\/li>\n<\/ul>\n<p>&nbsp;<\/p>\n<ul>\n<li style=\"list-style-type: none\">\n<ul>\n<li style=\"text-align: left\"><strong>Hablamos de un nivel medio de resultado creativo<\/strong> cuando se crea dentro de la oferta que va a recibir el comensal. Nos referimos a nuevas creaciones de herramientas, t\u00e9cnicas, elaboraciones y\/o en el servicio. Hablamos de un nivel creativo alto que puede suponer la creaci\u00f3n de nuevas herramientas, t\u00e9cnicas o elaboraciones, o referida al servicio. La suma de novedades en cuanto a t\u00e9cnicas y herramientas de elaboraci\u00f3n y\/o de servicio puede originar un concepto global totalmente nuevo. El comensal recibir\u00e1 una elaboraci\u00f3n novedosa, servida de manera in\u00e9dita, pudiendo estar todo el men\u00fa marcado por el conjunto de esas creaciones. De nuevo, si este nivel de creaci\u00f3n se consigue rentabilizar, ser\u00e1 tambi\u00e9n innovador. Un ejemplo es la t\u00e9cnica de las espumas, que genera elaboraciones completamente novedosas.<\/li>\n<\/ul>\n<\/li>\n<\/ul>\n<p>&nbsp;<\/p>\n<ul>\n<li style=\"list-style-type: none\">\n<ul>\n<li style=\"text-align: left\"><strong>Un nivel bajo de resultado creativo<\/strong> se corresponde con la creaci\u00f3n de elaboraciones mediante la combinaci\u00f3n de productos, t\u00e9cnicas, elaboraciones y estilos ya existentes, sin definir un estilo propio. Nos referimos en este caso a creaciones que ya no son reconocibles, aunque est\u00e9n compuestas por productos que no son novedosos, empleando t\u00e9cnicas y herramientas que ya exist\u00edan, aplicando estilos existentes. En este caso, la elaboraci\u00f3n que se degusta no es totalmente novedosa, pero ha sido modificada. Si se traduce en un resultado rentable y de inter\u00e9s, ser\u00e1 tambi\u00e9n innovadora. Por ejemplo, si a una merluza en salsa verde se le agrega un ravioli de calamar, partimos de algo conocido para crear algo que no exist\u00eda.<\/li>\n<\/ul>\n<\/li>\n<\/ul>\n<p>&nbsp;<\/p>\n<ul>\n<li style=\"list-style-type: none\">\n<ul>\n<li style=\"text-align: left\"><strong>Nos referimos a poco nivel creativo<\/strong> cuando la creaci\u00f3n se realiza desde la adaptaci\u00f3n de una receta que evoluciona al a\u00f1adirse la visi\u00f3n personal del cocinero, que le imprime su toque personal. Puede deberse a la incorporaci\u00f3n de un producto, una t\u00e9cnica, una herramienta o un servicio diferentes. Tambi\u00e9n a cambios en el nivel de cocci\u00f3n o en la proporci\u00f3n de un ingrediente. El resultado no es una nueva elaboraci\u00f3n, sino la misma elaboraci\u00f3n, pero con elementos nuevos que, si tiene \u00e9xito y es solicitada, se convierte en rentable y, por tanto, en innovadora. Por ejemplo, un papillote de pescado que se elabora con papel Carta Fata en vez de papel de aluminio no da lugar a una nueva receta, pero supone un cambio relevante en la ya existente. Ocurre lo mismo si una receta lleva cilantro y se cambia por perejil.<\/li>\n<\/ul>\n<\/li>\n<\/ul>\n<p>&nbsp;<\/p>\n<ul>\n<li style=\"text-align: left\"><strong>Podemos hablar de una creatividad interpretativa<\/strong> cuando la creaci\u00f3n se corresponde con la interpretaci\u00f3n virtuosa de otras ya existentes. Si puede considerarse un nivel de resultado creativo en s\u00ed mismo o no, supone abrir el debate, pues se trata de una cuesti\u00f3n muy subjetiva. Lo incluimos aqu\u00ed en cuanto que contiene elementos creativos. Cuando un cocinero reproduce una elaboraci\u00f3n bas\u00e1ndose en una receta ya codificada todav\u00eda hay lugar para la creatividad. Sucede as\u00ed cuando el cocinero aporta matices interpretativos a la receta original, cuando elige los productos, las t\u00e9cnicas y otros detalles, a veces con un criterio de calidad, pero sin ser particularmente virtuoso. Hay ocasiones en las que una determinada manera de interpretar lo que otros han creado genera un estilo propio del cocinero y este se identifica con el mismo. La calidad interpretativa puede traducirse en una innovaci\u00f3n si sus resultados tienen \u00e9xito en el mercado y generan un beneficio econ\u00f3mico.<\/li>\n<\/ul>\n","protected":false},"excerpt":{"rendered":"<p>CREAR \u2013 CREACI\u00d3N \u2013 CREATIVIDAD &nbsp; Entendemos por crear la acci\u00f3n de establecer, fundar, introducir por primera vez algo nuevo o no conocido, por la que se concibe algo original que, adem\u00e1s, es relevante. Estamos hablando pues de la acepci\u00f3n de crear como inventar, es decir, crear con el m\u00e1ximo nivel de originalidad. El resultado [&hellip;]<\/p>\n","protected":false},"author":1,"featured_media":0,"parent":0,"menu_order":0,"comment_status":"closed","ping_status":"closed","template":"template_introduccion.php","meta":{"_acf_changed":false,"footnotes":""},"class_list":["post-6357","page","type-page","status-publish","hentry"],"acf":[],"yoast_head":"<!-- This site is optimized with the Yoast SEO plugin v27.0-RC2 - https:\/\/yoast.com\/product\/yoast-seo-wordpress\/ -->\n<title>\u00bfQu\u00e9 supone hacer cocina creativa? \u00bfQu\u00e9 implica ser innovador en cocina? - elBulli1846<\/title>\n<meta name=\"robots\" content=\"index, follow, max-snippet:-1, max-image-preview:large, max-video-preview:-1\" \/>\n<link rel=\"canonical\" href=\"https:\/\/elbullifoundation.com\/elbulli1846\/supone-cocina-creativa-implica-innovador-cocina\/\" \/>\n<meta property=\"og:locale\" content=\"es_ES\" \/>\n<meta property=\"og:type\" content=\"article\" \/>\n<meta property=\"og:title\" content=\"\u00bfQu\u00e9 supone hacer cocina creativa? \u00bfQu\u00e9 implica ser innovador en cocina? - elBulli1846\" \/>\n<meta property=\"og:description\" content=\"CREAR \u2013 CREACI\u00d3N \u2013 CREATIVIDAD &nbsp; Entendemos por crear la acci\u00f3n de establecer, fundar, introducir por primera vez algo nuevo o no conocido, por la que se concibe algo original que, adem\u00e1s, es relevante. Estamos hablando pues de la acepci\u00f3n de crear como inventar, es decir, crear con el m\u00e1ximo nivel de originalidad. El resultado [&hellip;]\" \/>\n<meta property=\"og:url\" content=\"https:\/\/elbullifoundation.com\/elbulli1846\/supone-cocina-creativa-implica-innovador-cocina\/\" \/>\n<meta property=\"og:site_name\" content=\"elBulli1846\" \/>\n<meta property=\"article:modified_time\" content=\"2020-10-09T10:05:09+00:00\" \/>\n<meta name=\"twitter:card\" content=\"summary_large_image\" \/>\n<meta name=\"twitter:label1\" content=\"Tiempo de lectura\" \/>\n\t<meta name=\"twitter:data1\" content=\"7 minutos\" \/>\n<script type=\"application\/ld+json\" class=\"yoast-schema-graph\">{\"@context\":\"https:\/\/schema.org\",\"@graph\":[{\"@type\":\"WebPage\",\"@id\":\"https:\/\/elbullifoundation.com\/elbulli1846\/supone-cocina-creativa-implica-innovador-cocina\/\",\"url\":\"https:\/\/elbullifoundation.com\/elbulli1846\/supone-cocina-creativa-implica-innovador-cocina\/\",\"name\":\"\u00bfQu\u00e9 supone hacer cocina creativa? \u00bfQu\u00e9 implica ser innovador en cocina? - elBulli1846\",\"isPartOf\":{\"@id\":\"https:\/\/elbullifoundation.com\/elbulli1846\/#website\"},\"datePublished\":\"2020-04-20T07:24:02+00:00\",\"dateModified\":\"2020-10-09T10:05:09+00:00\",\"breadcrumb\":{\"@id\":\"https:\/\/elbullifoundation.com\/elbulli1846\/supone-cocina-creativa-implica-innovador-cocina\/#breadcrumb\"},\"inLanguage\":\"es\",\"potentialAction\":[{\"@type\":\"ReadAction\",\"target\":[\"https:\/\/elbullifoundation.com\/elbulli1846\/supone-cocina-creativa-implica-innovador-cocina\/\"]}]},{\"@type\":\"BreadcrumbList\",\"@id\":\"https:\/\/elbullifoundation.com\/elbulli1846\/supone-cocina-creativa-implica-innovador-cocina\/#breadcrumb\",\"itemListElement\":[{\"@type\":\"ListItem\",\"position\":1,\"name\":\"Portada\",\"item\":\"https:\/\/elbullifoundation.com\/elbulli1846\/\"},{\"@type\":\"ListItem\",\"position\":2,\"name\":\"\u00bfQu\u00e9 supone hacer cocina creativa? \u00bfQu\u00e9 implica ser innovador en cocina?\"}]},{\"@type\":\"WebSite\",\"@id\":\"https:\/\/elbullifoundation.com\/elbulli1846\/#website\",\"url\":\"https:\/\/elbullifoundation.com\/elbulli1846\/\",\"name\":\"elBulli1846\",\"description\":\"\",\"potentialAction\":[{\"@type\":\"SearchAction\",\"target\":{\"@type\":\"EntryPoint\",\"urlTemplate\":\"https:\/\/elbullifoundation.com\/elbulli1846\/?s={search_term_string}\"},\"query-input\":{\"@type\":\"PropertyValueSpecification\",\"valueRequired\":true,\"valueName\":\"search_term_string\"}}],\"inLanguage\":\"es\"}]}<\/script>\n<!-- \/ Yoast SEO plugin. -->","yoast_head_json":{"title":"\u00bfQu\u00e9 supone hacer cocina creativa? \u00bfQu\u00e9 implica ser innovador en cocina? - elBulli1846","robots":{"index":"index","follow":"follow","max-snippet":"max-snippet:-1","max-image-preview":"max-image-preview:large","max-video-preview":"max-video-preview:-1"},"canonical":"https:\/\/elbullifoundation.com\/elbulli1846\/supone-cocina-creativa-implica-innovador-cocina\/","og_locale":"es_ES","og_type":"article","og_title":"\u00bfQu\u00e9 supone hacer cocina creativa? \u00bfQu\u00e9 implica ser innovador en cocina? - elBulli1846","og_description":"CREAR \u2013 CREACI\u00d3N \u2013 CREATIVIDAD &nbsp; Entendemos por crear la acci\u00f3n de establecer, fundar, introducir por primera vez algo nuevo o no conocido, por la que se concibe algo original que, adem\u00e1s, es relevante. Estamos hablando pues de la acepci\u00f3n de crear como inventar, es decir, crear con el m\u00e1ximo nivel de originalidad. El resultado [&hellip;]","og_url":"https:\/\/elbullifoundation.com\/elbulli1846\/supone-cocina-creativa-implica-innovador-cocina\/","og_site_name":"elBulli1846","article_modified_time":"2020-10-09T10:05:09+00:00","twitter_card":"summary_large_image","twitter_misc":{"Tiempo de lectura":"7 minutos"},"schema":{"@context":"https:\/\/schema.org","@graph":[{"@type":"WebPage","@id":"https:\/\/elbullifoundation.com\/elbulli1846\/supone-cocina-creativa-implica-innovador-cocina\/","url":"https:\/\/elbullifoundation.com\/elbulli1846\/supone-cocina-creativa-implica-innovador-cocina\/","name":"\u00bfQu\u00e9 supone hacer cocina creativa? \u00bfQu\u00e9 implica ser innovador en cocina? - elBulli1846","isPartOf":{"@id":"https:\/\/elbullifoundation.com\/elbulli1846\/#website"},"datePublished":"2020-04-20T07:24:02+00:00","dateModified":"2020-10-09T10:05:09+00:00","breadcrumb":{"@id":"https:\/\/elbullifoundation.com\/elbulli1846\/supone-cocina-creativa-implica-innovador-cocina\/#breadcrumb"},"inLanguage":"es","potentialAction":[{"@type":"ReadAction","target":["https:\/\/elbullifoundation.com\/elbulli1846\/supone-cocina-creativa-implica-innovador-cocina\/"]}]},{"@type":"BreadcrumbList","@id":"https:\/\/elbullifoundation.com\/elbulli1846\/supone-cocina-creativa-implica-innovador-cocina\/#breadcrumb","itemListElement":[{"@type":"ListItem","position":1,"name":"Portada","item":"https:\/\/elbullifoundation.com\/elbulli1846\/"},{"@type":"ListItem","position":2,"name":"\u00bfQu\u00e9 supone hacer cocina creativa? \u00bfQu\u00e9 implica ser innovador en cocina?"}]},{"@type":"WebSite","@id":"https:\/\/elbullifoundation.com\/elbulli1846\/#website","url":"https:\/\/elbullifoundation.com\/elbulli1846\/","name":"elBulli1846","description":"","potentialAction":[{"@type":"SearchAction","target":{"@type":"EntryPoint","urlTemplate":"https:\/\/elbullifoundation.com\/elbulli1846\/?s={search_term_string}"},"query-input":{"@type":"PropertyValueSpecification","valueRequired":true,"valueName":"search_term_string"}}],"inLanguage":"es"}]}},"lang":"es","translations":{"es":6357},"pll_sync_post":[],"_links":{"self":[{"href":"https:\/\/elbullifoundation.com\/elbulli1846\/wp-json\/wp\/v2\/pages\/6357","targetHints":{"allow":["GET"]}}],"collection":[{"href":"https:\/\/elbullifoundation.com\/elbulli1846\/wp-json\/wp\/v2\/pages"}],"about":[{"href":"https:\/\/elbullifoundation.com\/elbulli1846\/wp-json\/wp\/v2\/types\/page"}],"author":[{"embeddable":true,"href":"https:\/\/elbullifoundation.com\/elbulli1846\/wp-json\/wp\/v2\/users\/1"}],"replies":[{"embeddable":true,"href":"https:\/\/elbullifoundation.com\/elbulli1846\/wp-json\/wp\/v2\/comments?post=6357"}],"version-history":[{"count":12,"href":"https:\/\/elbullifoundation.com\/elbulli1846\/wp-json\/wp\/v2\/pages\/6357\/revisions"}],"predecessor-version":[{"id":6612,"href":"https:\/\/elbullifoundation.com\/elbulli1846\/wp-json\/wp\/v2\/pages\/6357\/revisions\/6612"}],"wp:attachment":[{"href":"https:\/\/elbullifoundation.com\/elbulli1846\/wp-json\/wp\/v2\/media?parent=6357"}],"curies":[{"name":"wp","href":"https:\/\/api.w.org\/{rel}","templated":true}]}}