{"id":238,"date":"2023-04-04T10:58:52","date_gmt":"2023-04-04T08:58:52","guid":{"rendered":"https:\/\/elbullifoundation.com\/elbullidna\/?page_id=238"},"modified":"2023-04-11T12:17:04","modified_gmt":"2023-04-11T10:17:04","slug":"que-es-elbullidna","status":"publish","type":"page","link":"https:\/\/elbullifoundation.com\/elbullidna\/que-es-elbullidna\/","title":{"rendered":"Qu\u00e9 es elBulliDNA"},"content":{"rendered":"\n<p>Cuestionar el <em>statu quo<\/em> y fomentar la reflexi\u00f3n y la investigaci\u00f3n siempre marcaron la hoja de ruta de la historia de elBulli y contin\u00faan formando parte del ADN de elBullifoundation.<\/p>\n\n\n\n<p>elBulliDNA recoge todos los proyectos que se desarrollan en elBullifoundation.<\/p>\n\n\n\n<p>Distintos equipos trabajan con una visi\u00f3n hol\u00edstica con el objetivo de conectar conocimiento mediante la metodolog\u00eda Sapiens y promover:<\/p>\n\n\n\n<ul class=\"wp-block-list\">\n<li>La apuesta por la calidad de la propuesta de la oferta<\/li>\n\n\n\n<li>La importancia de la gesti\u00f3n de la empresa<\/li>\n\n\n\n<li>La actitud innovadora<\/li>\n<\/ul>\n\n\n\n<p>Estos son los pilares y los principios sobre los que se debe afrontar la transformaci\u00f3n del sector de la gastronom\u00eda y su futuro.<\/p>\n","protected":false},"excerpt":{"rendered":"<p>Cuestionar el statu quo y fomentar la reflexi\u00f3n y la investigaci\u00f3n siempre marcaron la hoja de ruta de la historia de elBulli y contin\u00faan formando parte del ADN de elBullifoundation. elBulliDNA recoge todos los proyectos que se desarrollan en elBullifoundation. Distintos equipos trabajan con una visi\u00f3n hol\u00edstica con el objetivo de conectar conocimiento mediante la [&hellip;]<\/p>\n","protected":false},"author":1,"featured_media":235,"parent":0,"menu_order":0,"comment_status":"closed","ping_status":"closed","template":"","meta":{"_acf_changed":false,"footnotes":""},"class_list":["post-238","page","type-page","status-publish","has-post-thumbnail","hentry"],"acf":[],"yoast_head":"<!-- This site is optimized with the Yoast SEO plugin v27.0-RC2 - https:\/\/yoast.com\/product\/yoast-seo-wordpress\/ -->\n<title>Qu\u00e9 es elBulliDNA - elBulliDNA<\/title>\n<meta name=\"robots\" content=\"index, follow, max-snippet:-1, max-image-preview:large, max-video-preview:-1\" \/>\n<link rel=\"canonical\" href=\"https:\/\/elbullifoundation.com\/elbullidna\/que-es-elbullidna\/\" \/>\n<meta property=\"og:locale\" content=\"es_ES\" \/>\n<meta property=\"og:type\" content=\"article\" \/>\n<meta property=\"og:title\" content=\"Qu\u00e9 es elBulliDNA - elBulliDNA\" \/>\n<meta property=\"og:description\" content=\"Cuestionar el statu quo y fomentar la reflexi\u00f3n y la investigaci\u00f3n siempre marcaron la hoja de ruta de la historia de elBulli y contin\u00faan formando parte del ADN de elBullifoundation. elBulliDNA recoge todos los proyectos que se desarrollan en elBullifoundation. Distintos equipos trabajan con una visi\u00f3n hol\u00edstica con el objetivo de conectar conocimiento mediante la [&hellip;]\" \/>\n<meta property=\"og:url\" content=\"https:\/\/elbullifoundation.com\/elbullidna\/que-es-elbullidna\/\" \/>\n<meta property=\"og:site_name\" content=\"elBulliDNA\" \/>\n<meta property=\"article:modified_time\" content=\"2023-04-11T10:17:04+00:00\" \/>\n<meta property=\"og:image\" content=\"https:\/\/elbullifoundation.com\/elbullidna\/wp-content\/uploads\/sites\/18\/2023\/03\/IMG_1535.jpg\" \/>\n\t<meta property=\"og:image:width\" content=\"1600\" \/>\n\t<meta property=\"og:image:height\" content=\"1067\" \/>\n\t<meta property=\"og:image:type\" content=\"image\/jpeg\" \/>\n<meta name=\"twitter:card\" content=\"summary_large_image\" \/>\n<meta name=\"twitter:label1\" content=\"Tiempo de lectura\" \/>\n\t<meta name=\"twitter:data1\" content=\"1 minuto\" \/>\n<script type=\"application\/ld+json\" class=\"yoast-schema-graph\">{\"@context\":\"https:\/\/schema.org\",\"@graph\":[{\"@type\":\"WebPage\",\"@id\":\"https:\/\/elbullifoundation.com\/elbullidna\/que-es-elbullidna\/\",\"url\":\"https:\/\/elbullifoundation.com\/elbullidna\/que-es-elbullidna\/\",\"name\":\"Qu\u00e9 es elBulliDNA - elBulliDNA\",\"isPartOf\":{\"@id\":\"https:\/\/elbullifoundation.com\/elbullidna\/#website\"},\"primaryImageOfPage\":{\"@id\":\"https:\/\/elbullifoundation.com\/elbullidna\/que-es-elbullidna\/#primaryimage\"},\"image\":{\"@id\":\"https:\/\/elbullifoundation.com\/elbullidna\/que-es-elbullidna\/#primaryimage\"},\"thumbnailUrl\":\"https:\/\/elbullifoundation.com\/elbullidna\/wp-content\/uploads\/sites\/18\/2023\/03\/IMG_1535.jpg\",\"datePublished\":\"2023-04-04T08:58:52+00:00\",\"dateModified\":\"2023-04-11T10:17:04+00:00\",\"breadcrumb\":{\"@id\":\"https:\/\/elbullifoundation.com\/elbullidna\/que-es-elbullidna\/#breadcrumb\"},\"inLanguage\":\"es\",\"potentialAction\":[{\"@type\":\"ReadAction\",\"target\":[\"https:\/\/elbullifoundation.com\/elbullidna\/que-es-elbullidna\/\"]}]},{\"@type\":\"ImageObject\",\"inLanguage\":\"es\",\"@id\":\"https:\/\/elbullifoundation.com\/elbullidna\/que-es-elbullidna\/#primaryimage\",\"url\":\"https:\/\/elbullifoundation.com\/elbullidna\/wp-content\/uploads\/sites\/18\/2023\/03\/IMG_1535.jpg\",\"contentUrl\":\"https:\/\/elbullifoundation.com\/elbullidna\/wp-content\/uploads\/sites\/18\/2023\/03\/IMG_1535.jpg\",\"width\":1600,\"height\":1067},{\"@type\":\"BreadcrumbList\",\"@id\":\"https:\/\/elbullifoundation.com\/elbullidna\/que-es-elbullidna\/#breadcrumb\",\"itemListElement\":[{\"@type\":\"ListItem\",\"position\":1,\"name\":\"Portada\",\"item\":\"https:\/\/elbullifoundation.com\/elbullidna\/en\/\"},{\"@type\":\"ListItem\",\"position\":2,\"name\":\"Qu\u00e9 es elBulliDNA\"}]},{\"@type\":\"WebSite\",\"@id\":\"https:\/\/elbullifoundation.com\/elbullidna\/#website\",\"url\":\"https:\/\/elbullifoundation.com\/elbullidna\/\",\"name\":\"elBulliDNA\",\"description\":\"\",\"potentialAction\":[{\"@type\":\"SearchAction\",\"target\":{\"@type\":\"EntryPoint\",\"urlTemplate\":\"https:\/\/elbullifoundation.com\/elbullidna\/?s={search_term_string}\"},\"query-input\":{\"@type\":\"PropertyValueSpecification\",\"valueRequired\":true,\"valueName\":\"search_term_string\"}}],\"inLanguage\":\"es\"}]}<\/script>\n<!-- \/ Yoast SEO plugin. -->","yoast_head_json":{"title":"Qu\u00e9 es elBulliDNA - elBulliDNA","robots":{"index":"index","follow":"follow","max-snippet":"max-snippet:-1","max-image-preview":"max-image-preview:large","max-video-preview":"max-video-preview:-1"},"canonical":"https:\/\/elbullifoundation.com\/elbullidna\/que-es-elbullidna\/","og_locale":"es_ES","og_type":"article","og_title":"Qu\u00e9 es elBulliDNA - elBulliDNA","og_description":"Cuestionar el statu quo y fomentar la reflexi\u00f3n y la investigaci\u00f3n siempre marcaron la hoja de ruta de la historia de elBulli y contin\u00faan formando parte del ADN de elBullifoundation. elBulliDNA recoge todos los proyectos que se desarrollan en elBullifoundation. Distintos equipos trabajan con una visi\u00f3n hol\u00edstica con el objetivo de conectar conocimiento mediante la [&hellip;]","og_url":"https:\/\/elbullifoundation.com\/elbullidna\/que-es-elbullidna\/","og_site_name":"elBulliDNA","article_modified_time":"2023-04-11T10:17:04+00:00","og_image":[{"width":1600,"height":1067,"url":"https:\/\/elbullifoundation.com\/elbullidna\/wp-content\/uploads\/sites\/18\/2023\/03\/IMG_1535.jpg","type":"image\/jpeg"}],"twitter_card":"summary_large_image","twitter_misc":{"Tiempo de lectura":"1 minuto"},"schema":{"@context":"https:\/\/schema.org","@graph":[{"@type":"WebPage","@id":"https:\/\/elbullifoundation.com\/elbullidna\/que-es-elbullidna\/","url":"https:\/\/elbullifoundation.com\/elbullidna\/que-es-elbullidna\/","name":"Qu\u00e9 es elBulliDNA - elBulliDNA","isPartOf":{"@id":"https:\/\/elbullifoundation.com\/elbullidna\/#website"},"primaryImageOfPage":{"@id":"https:\/\/elbullifoundation.com\/elbullidna\/que-es-elbullidna\/#primaryimage"},"image":{"@id":"https:\/\/elbullifoundation.com\/elbullidna\/que-es-elbullidna\/#primaryimage"},"thumbnailUrl":"https:\/\/elbullifoundation.com\/elbullidna\/wp-content\/uploads\/sites\/18\/2023\/03\/IMG_1535.jpg","datePublished":"2023-04-04T08:58:52+00:00","dateModified":"2023-04-11T10:17:04+00:00","breadcrumb":{"@id":"https:\/\/elbullifoundation.com\/elbullidna\/que-es-elbullidna\/#breadcrumb"},"inLanguage":"es","potentialAction":[{"@type":"ReadAction","target":["https:\/\/elbullifoundation.com\/elbullidna\/que-es-elbullidna\/"]}]},{"@type":"ImageObject","inLanguage":"es","@id":"https:\/\/elbullifoundation.com\/elbullidna\/que-es-elbullidna\/#primaryimage","url":"https:\/\/elbullifoundation.com\/elbullidna\/wp-content\/uploads\/sites\/18\/2023\/03\/IMG_1535.jpg","contentUrl":"https:\/\/elbullifoundation.com\/elbullidna\/wp-content\/uploads\/sites\/18\/2023\/03\/IMG_1535.jpg","width":1600,"height":1067},{"@type":"BreadcrumbList","@id":"https:\/\/elbullifoundation.com\/elbullidna\/que-es-elbullidna\/#breadcrumb","itemListElement":[{"@type":"ListItem","position":1,"name":"Portada","item":"https:\/\/elbullifoundation.com\/elbullidna\/en\/"},{"@type":"ListItem","position":2,"name":"Qu\u00e9 es elBulliDNA"}]},{"@type":"WebSite","@id":"https:\/\/elbullifoundation.com\/elbullidna\/#website","url":"https:\/\/elbullifoundation.com\/elbullidna\/","name":"elBulliDNA","description":"","potentialAction":[{"@type":"SearchAction","target":{"@type":"EntryPoint","urlTemplate":"https:\/\/elbullifoundation.com\/elbullidna\/?s={search_term_string}"},"query-input":{"@type":"PropertyValueSpecification","valueRequired":true,"valueName":"search_term_string"}}],"inLanguage":"es"}]}},"lang":"es","translations":{"es":238,"ca":263,"en":286},"pll_sync_post":[],"_links":{"self":[{"href":"https:\/\/elbullifoundation.com\/elbullidna\/wp-json\/wp\/v2\/pages\/238","targetHints":{"allow":["GET"]}}],"collection":[{"href":"https:\/\/elbullifoundation.com\/elbullidna\/wp-json\/wp\/v2\/pages"}],"about":[{"href":"https:\/\/elbullifoundation.com\/elbullidna\/wp-json\/wp\/v2\/types\/page"}],"author":[{"embeddable":true,"href":"https:\/\/elbullifoundation.com\/elbullidna\/wp-json\/wp\/v2\/users\/1"}],"replies":[{"embeddable":true,"href":"https:\/\/elbullifoundation.com\/elbullidna\/wp-json\/wp\/v2\/comments?post=238"}],"version-history":[{"count":5,"href":"https:\/\/elbullifoundation.com\/elbullidna\/wp-json\/wp\/v2\/pages\/238\/revisions"}],"predecessor-version":[{"id":284,"href":"https:\/\/elbullifoundation.com\/elbullidna\/wp-json\/wp\/v2\/pages\/238\/revisions\/284"}],"wp:featuredmedia":[{"embeddable":true,"href":"https:\/\/elbullifoundation.com\/elbullidna\/wp-json\/wp\/v2\/media\/235"}],"wp:attachment":[{"href":"https:\/\/elbullifoundation.com\/elbullidna\/wp-json\/wp\/v2\/media?parent=238"}],"curies":[{"name":"wp","href":"https:\/\/api.w.org\/{rel}","templated":true}]}}