{"id":1062,"date":"2017-08-21T16:19:17","date_gmt":"2017-08-21T16:19:17","guid":{"rendered":"https:\/\/elbullifoundation.com\/elbullistore\/producto\/catalogo-general-elbulli-1994-1997\/"},"modified":"2023-11-10T10:34:15","modified_gmt":"2023-11-10T09:34:15","slug":"catalogo-general-elbulli-1994-1997","status":"publish","type":"product","link":"https:\/\/elbullifoundation.com\/elbullistore\/ca\/product\/catalogo-general-elbulli-1994-1997\/","title":{"rendered":"Cat\u00e1logo general elBulli 1994-1997"},"content":{"rendered":"<p><em>elBulli1994-1997<\/em>. Els anys crucials en la consecuci\u00f3 de l&#8217;estil que canviar\u00e0 el signe de l&#8217;avantguarda s\u00f3n els del naixement de t\u00e8cniques, conceptes, elaboracions, m\u00e8todes creatius que seran presents en la traject\u00f2ria de elBulli fins a l&#8217;\u00faltim dia.<\/p>\n<p>Cat\u00e0leg amb 228 plats. An\u00e0lisi evolutiu de 1994 a 1997.<\/p>\n<p>&nbsp;<\/p>\n<p>P\u00e0gines: 416 p\u00e0gines. 22 p\u00e0gines amb l&#8217;explicaci\u00f3 dels M\u00e8todes creatius de elBulli. El desplegable cont\u00e9 el Cd-rom <em>elBulli1994-1997<\/em> amb totes les receptes d&#8217;aquest per\u00edode.<\/p>\n<p>Format: 31,5 x 24 cm.<\/p>\n<p>Pes: 4 kg.<\/p>\n<p>Cr\u00e8dits: Fotografia: Francesc Guillamet. Textos: Josep Maria Pinto. Disseny gr\u00e0fic: Marta M\u00e9ndez Blaya.<\/p>\n","protected":false},"excerpt":{"rendered":"<p>elBulli1994-1997. Els anys crucials en la consecuci\u00f3 de l&#8217;estil que canviar\u00e0 el signe de l&#8217;avantguarda s\u00f3n els del naixement de t\u00e8cniques, conceptes, elaboracions, m\u00e8todes creatius que seran presents en la traject\u00f2ria de elBulli fins a l&#8217;\u00faltim dia. Cat\u00e0leg amb 228 plats. An\u00e0lisi evolutiu de 1994 a 1997. &nbsp; P\u00e0gines: 416 p\u00e0gines. 22 p\u00e0gines amb l&#8217;explicaci\u00f3 [&hellip;]<\/p>\n","protected":false},"featured_media":4476,"comment_status":"open","ping_status":"closed","template":"","meta":{"_acf_changed":false},"product_brand":[],"product_cat":[99],"product_tag":[],"class_list":{"0":"post-1062","1":"product","2":"type-product","3":"status-publish","4":"has-post-thumbnail","6":"product_cat-catalogos-ca","7":"product_shipping_class-envio-4k-ca","9":"first","10":"instock","11":"taxable","12":"shipping-taxable","13":"purchasable","14":"product-type-variable"},"acf":[],"yoast_head":"<!-- This site is optimized with the Yoast SEO plugin v26.9 - https:\/\/yoast.com\/product\/yoast-seo-wordpress\/ -->\n<title>Cat\u00e1logo general elBulli 1994-1997 - elBullistore<\/title>\n<meta name=\"description\" content=\"elBulli 1994-1997. Los a\u00f1os cruciales en la consecuci\u00f3n del estilo que cambiar\u00e1 el signo de la vanguardia.\" \/>\n<meta name=\"robots\" content=\"index, follow, max-snippet:-1, max-image-preview:large, max-video-preview:-1\" \/>\n<link rel=\"canonical\" href=\"https:\/\/elbullifoundation.com\/elbullistore\/ca\/product\/catalogo-general-elbulli-1994-1997\/\" \/>\n<meta property=\"og:locale\" content=\"es_ES\" \/>\n<meta property=\"og:type\" content=\"article\" \/>\n<meta property=\"og:title\" content=\"Cat\u00e1logo general elBulli 1994-1997 - elBullistore\" \/>\n<meta property=\"og:description\" content=\"elBulli 1994-1997. Los a\u00f1os cruciales en la consecuci\u00f3n del estilo que cambiar\u00e1 el signo de la vanguardia.\" \/>\n<meta property=\"og:url\" content=\"https:\/\/elbullifoundation.com\/elbullistore\/ca\/product\/catalogo-general-elbulli-1994-1997\/\" \/>\n<meta property=\"og:site_name\" content=\"elBullistore\" \/>\n<meta property=\"article:modified_time\" content=\"2023-11-10T09:34:15+00:00\" \/>\n<meta property=\"og:image\" content=\"https:\/\/elbullifoundation.com\/elbullistore\/wp-content\/uploads\/2017\/08\/catalogo_general_elbulli_1994_1997.jpg\" \/>\n\t<meta property=\"og:image:width\" content=\"800\" \/>\n\t<meta property=\"og:image:height\" content=\"739\" \/>\n\t<meta property=\"og:image:type\" content=\"image\/jpeg\" \/>\n<meta name=\"twitter:card\" content=\"summary_large_image\" \/>\n<meta name=\"twitter:label1\" content=\"Tiempo de lectura\" \/>\n\t<meta name=\"twitter:data1\" content=\"1 minuto\" \/>\n<script type=\"application\/ld+json\" class=\"yoast-schema-graph\">{\"@context\":\"https:\/\/schema.org\",\"@graph\":[{\"@type\":\"WebPage\",\"@id\":\"https:\/\/elbullifoundation.com\/elbullistore\/ca\/product\/catalogo-general-elbulli-1994-1997\/\",\"url\":\"https:\/\/elbullifoundation.com\/elbullistore\/ca\/product\/catalogo-general-elbulli-1994-1997\/\",\"name\":\"Cat\u00e1logo general elBulli 1994-1997 - elBullistore\",\"isPartOf\":{\"@id\":\"https:\/\/elbullifoundation.com\/elbullistore\/#website\"},\"primaryImageOfPage\":{\"@id\":\"https:\/\/elbullifoundation.com\/elbullistore\/ca\/product\/catalogo-general-elbulli-1994-1997\/#primaryimage\"},\"image\":{\"@id\":\"https:\/\/elbullifoundation.com\/elbullistore\/ca\/product\/catalogo-general-elbulli-1994-1997\/#primaryimage\"},\"thumbnailUrl\":\"https:\/\/elbullifoundation.com\/elbullistore\/wp-content\/uploads\/2017\/08\/catalogo_general_elbulli_1994_1997.jpg\",\"datePublished\":\"2017-08-21T16:19:17+00:00\",\"dateModified\":\"2023-11-10T09:34:15+00:00\",\"description\":\"elBulli 1994-1997. Los a\u00f1os cruciales en la consecuci\u00f3n del estilo que cambiar\u00e1 el signo de la vanguardia.\",\"breadcrumb\":{\"@id\":\"https:\/\/elbullifoundation.com\/elbullistore\/ca\/product\/catalogo-general-elbulli-1994-1997\/#breadcrumb\"},\"inLanguage\":\"es\",\"potentialAction\":[{\"@type\":\"ReadAction\",\"target\":[\"https:\/\/elbullifoundation.com\/elbullistore\/ca\/product\/catalogo-general-elbulli-1994-1997\/\"]}]},{\"@type\":\"ImageObject\",\"inLanguage\":\"es\",\"@id\":\"https:\/\/elbullifoundation.com\/elbullistore\/ca\/product\/catalogo-general-elbulli-1994-1997\/#primaryimage\",\"url\":\"https:\/\/elbullifoundation.com\/elbullistore\/wp-content\/uploads\/2017\/08\/catalogo_general_elbulli_1994_1997.jpg\",\"contentUrl\":\"https:\/\/elbullifoundation.com\/elbullistore\/wp-content\/uploads\/2017\/08\/catalogo_general_elbulli_1994_1997.jpg\",\"width\":800,\"height\":739},{\"@type\":\"BreadcrumbList\",\"@id\":\"https:\/\/elbullifoundation.com\/elbullistore\/ca\/product\/catalogo-general-elbulli-1994-1997\/#breadcrumb\",\"itemListElement\":[{\"@type\":\"ListItem\",\"position\":1,\"name\":\"Portada\",\"item\":\"https:\/\/elbullifoundation.com\/elbullistore\/\"},{\"@type\":\"ListItem\",\"position\":2,\"name\":\"Productos\",\"item\":\"https:\/\/elbullifoundation.com\/elbullistore\/shop\/\"},{\"@type\":\"ListItem\",\"position\":3,\"name\":\"Cat\u00e1logo general elBulli 1994-1997\"}]},{\"@type\":\"WebSite\",\"@id\":\"https:\/\/elbullifoundation.com\/elbullistore\/#website\",\"url\":\"https:\/\/elbullifoundation.com\/elbullistore\/\",\"name\":\"elBullistore\",\"description\":\"\",\"potentialAction\":[{\"@type\":\"SearchAction\",\"target\":{\"@type\":\"EntryPoint\",\"urlTemplate\":\"https:\/\/elbullifoundation.com\/elbullistore\/?s={search_term_string}\"},\"query-input\":{\"@type\":\"PropertyValueSpecification\",\"valueRequired\":true,\"valueName\":\"search_term_string\"}}],\"inLanguage\":\"es\"}]}<\/script>\n<!-- \/ Yoast SEO plugin. -->","yoast_head_json":{"title":"Cat\u00e1logo general elBulli 1994-1997 - elBullistore","description":"elBulli 1994-1997. Los a\u00f1os cruciales en la consecuci\u00f3n del estilo que cambiar\u00e1 el signo de la vanguardia.","robots":{"index":"index","follow":"follow","max-snippet":"max-snippet:-1","max-image-preview":"max-image-preview:large","max-video-preview":"max-video-preview:-1"},"canonical":"https:\/\/elbullifoundation.com\/elbullistore\/ca\/product\/catalogo-general-elbulli-1994-1997\/","og_locale":"es_ES","og_type":"article","og_title":"Cat\u00e1logo general elBulli 1994-1997 - elBullistore","og_description":"elBulli 1994-1997. Los a\u00f1os cruciales en la consecuci\u00f3n del estilo que cambiar\u00e1 el signo de la vanguardia.","og_url":"https:\/\/elbullifoundation.com\/elbullistore\/ca\/product\/catalogo-general-elbulli-1994-1997\/","og_site_name":"elBullistore","article_modified_time":"2023-11-10T09:34:15+00:00","og_image":[{"width":800,"height":739,"url":"https:\/\/elbullifoundation.com\/elbullistore\/wp-content\/uploads\/2017\/08\/catalogo_general_elbulli_1994_1997.jpg","type":"image\/jpeg"}],"twitter_card":"summary_large_image","twitter_misc":{"Tiempo de lectura":"1 minuto"},"schema":{"@context":"https:\/\/schema.org","@graph":[{"@type":"WebPage","@id":"https:\/\/elbullifoundation.com\/elbullistore\/ca\/product\/catalogo-general-elbulli-1994-1997\/","url":"https:\/\/elbullifoundation.com\/elbullistore\/ca\/product\/catalogo-general-elbulli-1994-1997\/","name":"Cat\u00e1logo general elBulli 1994-1997 - elBullistore","isPartOf":{"@id":"https:\/\/elbullifoundation.com\/elbullistore\/#website"},"primaryImageOfPage":{"@id":"https:\/\/elbullifoundation.com\/elbullistore\/ca\/product\/catalogo-general-elbulli-1994-1997\/#primaryimage"},"image":{"@id":"https:\/\/elbullifoundation.com\/elbullistore\/ca\/product\/catalogo-general-elbulli-1994-1997\/#primaryimage"},"thumbnailUrl":"https:\/\/elbullifoundation.com\/elbullistore\/wp-content\/uploads\/2017\/08\/catalogo_general_elbulli_1994_1997.jpg","datePublished":"2017-08-21T16:19:17+00:00","dateModified":"2023-11-10T09:34:15+00:00","description":"elBulli 1994-1997. Los a\u00f1os cruciales en la consecuci\u00f3n del estilo que cambiar\u00e1 el signo de la vanguardia.","breadcrumb":{"@id":"https:\/\/elbullifoundation.com\/elbullistore\/ca\/product\/catalogo-general-elbulli-1994-1997\/#breadcrumb"},"inLanguage":"es","potentialAction":[{"@type":"ReadAction","target":["https:\/\/elbullifoundation.com\/elbullistore\/ca\/product\/catalogo-general-elbulli-1994-1997\/"]}]},{"@type":"ImageObject","inLanguage":"es","@id":"https:\/\/elbullifoundation.com\/elbullistore\/ca\/product\/catalogo-general-elbulli-1994-1997\/#primaryimage","url":"https:\/\/elbullifoundation.com\/elbullistore\/wp-content\/uploads\/2017\/08\/catalogo_general_elbulli_1994_1997.jpg","contentUrl":"https:\/\/elbullifoundation.com\/elbullistore\/wp-content\/uploads\/2017\/08\/catalogo_general_elbulli_1994_1997.jpg","width":800,"height":739},{"@type":"BreadcrumbList","@id":"https:\/\/elbullifoundation.com\/elbullistore\/ca\/product\/catalogo-general-elbulli-1994-1997\/#breadcrumb","itemListElement":[{"@type":"ListItem","position":1,"name":"Portada","item":"https:\/\/elbullifoundation.com\/elbullistore\/"},{"@type":"ListItem","position":2,"name":"Productos","item":"https:\/\/elbullifoundation.com\/elbullistore\/shop\/"},{"@type":"ListItem","position":3,"name":"Cat\u00e1logo general elBulli 1994-1997"}]},{"@type":"WebSite","@id":"https:\/\/elbullifoundation.com\/elbullistore\/#website","url":"https:\/\/elbullifoundation.com\/elbullistore\/","name":"elBullistore","description":"","potentialAction":[{"@type":"SearchAction","target":{"@type":"EntryPoint","urlTemplate":"https:\/\/elbullifoundation.com\/elbullistore\/?s={search_term_string}"},"query-input":{"@type":"PropertyValueSpecification","valueRequired":true,"valueName":"search_term_string"}}],"inLanguage":"es"}]}},"lang":"ca","translations":{"ca":1062,"es":90,"en":241},"pll_sync_post":[],"_links":{"self":[{"href":"https:\/\/elbullifoundation.com\/elbullistore\/wp-json\/wp\/v2\/product\/1062","targetHints":{"allow":["GET"]}}],"collection":[{"href":"https:\/\/elbullifoundation.com\/elbullistore\/wp-json\/wp\/v2\/product"}],"about":[{"href":"https:\/\/elbullifoundation.com\/elbullistore\/wp-json\/wp\/v2\/types\/product"}],"replies":[{"embeddable":true,"href":"https:\/\/elbullifoundation.com\/elbullistore\/wp-json\/wp\/v2\/comments?post=1062"}],"wp:featuredmedia":[{"embeddable":true,"href":"https:\/\/elbullifoundation.com\/elbullistore\/wp-json\/wp\/v2\/media\/4476"}],"wp:attachment":[{"href":"https:\/\/elbullifoundation.com\/elbullistore\/wp-json\/wp\/v2\/media?parent=1062"}],"wp:term":[{"taxonomy":"product_brand","embeddable":true,"href":"https:\/\/elbullifoundation.com\/elbullistore\/wp-json\/wp\/v2\/product_brand?post=1062"},{"taxonomy":"product_cat","embeddable":true,"href":"https:\/\/elbullifoundation.com\/elbullistore\/wp-json\/wp\/v2\/product_cat?post=1062"},{"taxonomy":"product_tag","embeddable":true,"href":"https:\/\/elbullifoundation.com\/elbullistore\/wp-json\/wp\/v2\/product_tag?post=1062"}],"curies":[{"name":"wp","href":"https:\/\/api.w.org\/{rel}","templated":true}]}}

Catálogo general elBulli 1994-1997

<p><em>elBulli1994-1997</em>. Els anys crucials en la consecució de l&#8217;estil que canviarà el signe de l&#8217;avantguarda són els del naixement de tècniques, conceptes, elaboracions, mètodes creatius que seran presents en la trajectòria de elBulli fins a l&#8217;últim dia.</p>
<p>Catàleg amb 228 plats. Anàlisi evolutiu de 1994 a 1997.</p>
<p>&nbsp;</p>
<p>Pàgines: 416 pàgines. 22 pàgines amb l&#8217;explicació dels Mètodes creatius de elBulli. El desplegable conté el Cd-rom <em>elBulli1994-1997</em> amb totes les receptes d&#8217;aquest període.</p>
<p>Format: 31,5 x 24 cm.</p>
<p>Pes: 4 kg.</p>
<p>Crèdits: Fotografia: Francesc Guillamet. Textos: Josep Maria Pinto. Disseny gràfic: Marta Méndez Blaya.</p>

<p>elBulli1994-1997. Els anys crucials en la consecució de l&#8217;estil que canviarà el signe de l&#8217;avantguarda són els del naixement de tècniques, conceptes, elaboracions, mètodes creatius que seran presents en la trajectòria de elBulli fins a l&#8217;últim dia. Catàleg amb 228 plats. Anàlisi evolutiu de 1994 a 1997. &nbsp; Pàgines: 416 pàgines. 22 pàgines amb l&#8217;explicació [&hellip;]</p>

<!-- This site is optimized with the Yoast SEO plugin v26.9 - https://yoast.com/product/yoast-seo-wordpress/ -->
<title>Catálogo general elBulli 1994-1997 - elBullistore</title>
<meta name="description" content="elBulli 1994-1997. Los años cruciales en la consecución del estilo que cambiará el signo de la vanguardia." />
<meta name="robots" content="index, follow, max-snippet:-1, max-image-preview:large, max-video-preview:-1" />
<link rel="canonical" href="https://elbullifoundation.com/elbullistore/ca/product/catalogo-general-elbulli-1994-1997/" />
<meta property="og:locale" content="es_ES" />
<meta property="og:type" content="article" />
<meta property="og:title" content="Catálogo general elBulli 1994-1997 - elBullistore" />
<meta property="og:description" content="elBulli 1994-1997. Los años cruciales en la consecución del estilo que cambiará el signo de la vanguardia." />
<meta property="og:url" content="https://elbullifoundation.com/elbullistore/ca/product/catalogo-general-elbulli-1994-1997/" />
<meta property="og:site_name" content="elBullistore" />
<meta property="article:modified_time" content="2023-11-10T09:34:15+00:00" />
<meta property="og:image" content="https://elbullifoundation.com/elbullistore/wp-content/uploads/2017/08/catalogo_general_elbulli_1994_1997.jpg" />
	<meta property="og:image:width" content="800" />
	<meta property="og:image:height" content="739" />
	<meta property="og:image:type" content="image/jpeg" />
<meta name="twitter:card" content="summary_large_image" />
<meta name="twitter:label1" content="Tiempo de lectura" />
	<meta name="twitter:data1" content="1 minuto" />
<script type="application/ld+json" class="yoast-schema-graph">{"@context":"https://schema.org","@graph":[{"@type":"WebPage","@id":"https://elbullifoundation.com/elbullistore/ca/product/catalogo-general-elbulli-1994-1997/","url":"https://elbullifoundation.com/elbullistore/ca/product/catalogo-general-elbulli-1994-1997/","name":"Catálogo general elBulli 1994-1997 - elBullistore","isPartOf":{"@id":"https://elbullifoundation.com/elbullistore/#website"},"primaryImageOfPage":{"@id":"https://elbullifoundation.com/elbullistore/ca/product/catalogo-general-elbulli-1994-1997/#primaryimage"},"image":{"@id":"https://elbullifoundation.com/elbullistore/ca/product/catalogo-general-elbulli-1994-1997/#primaryimage"},"thumbnailUrl":"https://elbullifoundation.com/elbullistore/wp-content/uploads/2017/08/catalogo_general_elbulli_1994_1997.jpg","datePublished":"2017-08-21T16:19:17+00:00","dateModified":"2023-11-10T09:34:15+00:00","description":"elBulli 1994-1997. Los años cruciales en la consecución del estilo que cambiará el signo de la vanguardia.","breadcrumb":{"@id":"https://elbullifoundation.com/elbullistore/ca/product/catalogo-general-elbulli-1994-1997/#breadcrumb"},"inLanguage":"es","potentialAction":[{"@type":"ReadAction","target":["https://elbullifoundation.com/elbullistore/ca/product/catalogo-general-elbulli-1994-1997/"]}]},{"@type":"ImageObject","inLanguage":"es","@id":"https://elbullifoundation.com/elbullistore/ca/product/catalogo-general-elbulli-1994-1997/#primaryimage","url":"https://elbullifoundation.com/elbullistore/wp-content/uploads/2017/08/catalogo_general_elbulli_1994_1997.jpg","contentUrl":"https://elbullifoundation.com/elbullistore/wp-content/uploads/2017/08/catalogo_general_elbulli_1994_1997.jpg","width":800,"height":739},{"@type":"BreadcrumbList","@id":"https://elbullifoundation.com/elbullistore/ca/product/catalogo-general-elbulli-1994-1997/#breadcrumb","itemListElement":[{"@type":"ListItem","position":1,"name":"Portada","item":"https://elbullifoundation.com/elbullistore/"},{"@type":"ListItem","position":2,"name":"Productos","item":"https://elbullifoundation.com/elbullistore/shop/"},{"@type":"ListItem","position":3,"name":"Catálogo general elBulli 1994-1997"}]},{"@type":"WebSite","@id":"https://elbullifoundation.com/elbullistore/#website","url":"https://elbullifoundation.com/elbullistore/","name":"elBullistore","description":"","potentialAction":[{"@type":"SearchAction","target":{"@type":"EntryPoint","urlTemplate":"https://elbullifoundation.com/elbullistore/?s={search_term_string}"},"query-input":{"@type":"PropertyValueSpecification","valueRequired":true,"valueName":"search_term_string"}}],"inLanguage":"es"}]}</script>
<!-- / Yoast SEO plugin. -->

Catálogo general elBulli 1994-1997 - elBullistore

elBulli 1994-1997. Los años cruciales en la consecución del estilo que cambiará el signo de la vanguardia.
