{"id":15875,"date":"2023-07-20T12:57:53","date_gmt":"2023-07-20T10:57:53","guid":{"rendered":"https:\/\/elbullifoundation.com\/elbullistore\/?post_type=product&#038;p=15875"},"modified":"2024-09-05T16:29:58","modified_gmt":"2024-09-05T14:29:58","slug":"civilizaciones","status":"publish","type":"product","link":"https:\/\/elbullifoundation.com\/elbullistore\/ca\/product\/civilizaciones\/","title":{"rendered":"Civilizaciones antiguas. La g\u00e9nesis de la gastronom\u00eda"},"content":{"rendered":"<p><strong><em>Civilitzacions antigues. La g\u00e8nesi de la gastronomia<\/em><\/strong>, forma part de la col\u00b7lecci\u00f3 de llibres dedicats a la Hist\u00f2ria de la Restauraci\u00f3 Gastron\u00f2mica a Occident de Bullipedia. En aquest volum, analitzat amb la mirada de Sapiens impulsada per Ferran Adri\u00e0 i l&#8217;equip de elBullifoundation, iniciem el relat sobre l&#8217;evoluci\u00f3 hist\u00f2rica del bon menjar, en les \u00e8poques antigues de Mesopot\u00e0mia, Egipte, Gr\u00e8cia i Roma. Un fenomen cultural que el restaurant gastron\u00f2mic far\u00e0 seu quan neixi al Par\u00eds de 1780.<\/p>\n<p>&nbsp;<\/p>\n<p>608 p\u00e0gines<\/p>\n<p>230 x 330 mm<\/p>\n<p>Tapa dura<\/p>\n<p>ISBN: 978-84-09-41863-3<\/p>\n","protected":false},"excerpt":{"rendered":"<p>Civilitzacions antigues. La g\u00e8nesi de la gastronomia, forma part de la col\u00b7lecci\u00f3 de llibres dedicats a la Hist\u00f2ria de la Restauraci\u00f3 Gastron\u00f2mica a Occident de Bullipedia. En aquest volum, analitzat amb la mirada de Sapiens impulsada per Ferran Adri\u00e0 i l&#8217;equip de elBullifoundation, iniciem el relat sobre l&#8217;evoluci\u00f3 hist\u00f2rica del bon menjar, en les \u00e8poques [&hellip;]<\/p>\n","protected":false},"featured_media":12853,"comment_status":"closed","ping_status":"closed","template":"","meta":{"_acf_changed":false},"product_brand":[],"product_cat":[59,2580],"product_tag":[],"class_list":{"0":"post-15875","1":"product","2":"type-product","3":"status-publish","4":"has-post-thumbnail","6":"product_cat-bullipedia-ca","7":"product_cat-historia-ca","9":"first","10":"instock","11":"taxable","12":"shipping-taxable","13":"purchasable","14":"product-type-variable"},"acf":[],"yoast_head":"<!-- This site is optimized with the Yoast SEO plugin v26.9 - https:\/\/yoast.com\/product\/yoast-seo-wordpress\/ -->\n<title>Civilizaciones antiguas. La g\u00e9nesis de la gastronom\u00eda - elBullistore<\/title>\n<meta name=\"robots\" content=\"index, follow, max-snippet:-1, max-image-preview:large, max-video-preview:-1\" \/>\n<link rel=\"canonical\" href=\"https:\/\/elbullifoundation.com\/elbullistore\/ca\/product\/civilizaciones\/\" \/>\n<meta property=\"og:locale\" content=\"es_ES\" \/>\n<meta property=\"og:type\" content=\"article\" \/>\n<meta property=\"og:title\" content=\"Civilizaciones antiguas. La g\u00e9nesis de la gastronom\u00eda - elBullistore\" \/>\n<meta property=\"og:description\" content=\"Civilitzacions antigues. La g\u00e8nesi de la gastronomia, forma part de la col\u00b7lecci\u00f3 de llibres dedicats a la Hist\u00f2ria de la Restauraci\u00f3 Gastron\u00f2mica a Occident de Bullipedia. En aquest volum, analitzat amb la mirada de Sapiens impulsada per Ferran Adri\u00e0 i l&#8217;equip de elBullifoundation, iniciem el relat sobre l&#8217;evoluci\u00f3 hist\u00f2rica del bon menjar, en les \u00e8poques [&hellip;]\" \/>\n<meta property=\"og:url\" content=\"https:\/\/elbullifoundation.com\/elbullistore\/ca\/product\/civilizaciones\/\" \/>\n<meta property=\"og:site_name\" content=\"elBullistore\" \/>\n<meta property=\"article:modified_time\" content=\"2024-09-05T14:29:58+00:00\" \/>\n<meta property=\"og:image\" content=\"https:\/\/elbullifoundation.com\/elbullistore\/wp-content\/uploads\/2022\/02\/portada.png\" \/>\n\t<meta property=\"og:image:width\" content=\"1200\" \/>\n\t<meta property=\"og:image:height\" content=\"864\" \/>\n\t<meta property=\"og:image:type\" content=\"image\/png\" \/>\n<meta name=\"twitter:card\" content=\"summary_large_image\" \/>\n<meta name=\"twitter:label1\" content=\"Tiempo de lectura\" \/>\n\t<meta name=\"twitter:data1\" content=\"1 minuto\" \/>\n<script type=\"application\/ld+json\" class=\"yoast-schema-graph\">{\"@context\":\"https:\/\/schema.org\",\"@graph\":[{\"@type\":\"WebPage\",\"@id\":\"https:\/\/elbullifoundation.com\/elbullistore\/ca\/product\/civilizaciones\/\",\"url\":\"https:\/\/elbullifoundation.com\/elbullistore\/ca\/product\/civilizaciones\/\",\"name\":\"Civilizaciones antiguas. La g\u00e9nesis de la gastronom\u00eda - elBullistore\",\"isPartOf\":{\"@id\":\"https:\/\/elbullifoundation.com\/elbullistore\/#website\"},\"primaryImageOfPage\":{\"@id\":\"https:\/\/elbullifoundation.com\/elbullistore\/ca\/product\/civilizaciones\/#primaryimage\"},\"image\":{\"@id\":\"https:\/\/elbullifoundation.com\/elbullistore\/ca\/product\/civilizaciones\/#primaryimage\"},\"thumbnailUrl\":\"https:\/\/elbullifoundation.com\/elbullistore\/wp-content\/uploads\/2022\/02\/portada.png\",\"datePublished\":\"2023-07-20T10:57:53+00:00\",\"dateModified\":\"2024-09-05T14:29:58+00:00\",\"breadcrumb\":{\"@id\":\"https:\/\/elbullifoundation.com\/elbullistore\/ca\/product\/civilizaciones\/#breadcrumb\"},\"inLanguage\":\"es\",\"potentialAction\":[{\"@type\":\"ReadAction\",\"target\":[\"https:\/\/elbullifoundation.com\/elbullistore\/ca\/product\/civilizaciones\/\"]}]},{\"@type\":\"ImageObject\",\"inLanguage\":\"es\",\"@id\":\"https:\/\/elbullifoundation.com\/elbullistore\/ca\/product\/civilizaciones\/#primaryimage\",\"url\":\"https:\/\/elbullifoundation.com\/elbullistore\/wp-content\/uploads\/2022\/02\/portada.png\",\"contentUrl\":\"https:\/\/elbullifoundation.com\/elbullistore\/wp-content\/uploads\/2022\/02\/portada.png\",\"width\":1200,\"height\":864},{\"@type\":\"BreadcrumbList\",\"@id\":\"https:\/\/elbullifoundation.com\/elbullistore\/ca\/product\/civilizaciones\/#breadcrumb\",\"itemListElement\":[{\"@type\":\"ListItem\",\"position\":1,\"name\":\"Portada\",\"item\":\"https:\/\/elbullifoundation.com\/elbullistore\/\"},{\"@type\":\"ListItem\",\"position\":2,\"name\":\"Productos\",\"item\":\"https:\/\/elbullifoundation.com\/elbullistore\/shop\/\"},{\"@type\":\"ListItem\",\"position\":3,\"name\":\"Civilizaciones antiguas. La g\u00e9nesis de la gastronom\u00eda\"}]},{\"@type\":\"WebSite\",\"@id\":\"https:\/\/elbullifoundation.com\/elbullistore\/#website\",\"url\":\"https:\/\/elbullifoundation.com\/elbullistore\/\",\"name\":\"elBullistore\",\"description\":\"\",\"potentialAction\":[{\"@type\":\"SearchAction\",\"target\":{\"@type\":\"EntryPoint\",\"urlTemplate\":\"https:\/\/elbullifoundation.com\/elbullistore\/?s={search_term_string}\"},\"query-input\":{\"@type\":\"PropertyValueSpecification\",\"valueRequired\":true,\"valueName\":\"search_term_string\"}}],\"inLanguage\":\"es\"}]}<\/script>\n<!-- \/ Yoast SEO plugin. -->","yoast_head_json":{"title":"Civilizaciones antiguas. La g\u00e9nesis de la gastronom\u00eda - elBullistore","robots":{"index":"index","follow":"follow","max-snippet":"max-snippet:-1","max-image-preview":"max-image-preview:large","max-video-preview":"max-video-preview:-1"},"canonical":"https:\/\/elbullifoundation.com\/elbullistore\/ca\/product\/civilizaciones\/","og_locale":"es_ES","og_type":"article","og_title":"Civilizaciones antiguas. La g\u00e9nesis de la gastronom\u00eda - elBullistore","og_description":"Civilitzacions antigues. La g\u00e8nesi de la gastronomia, forma part de la col\u00b7lecci\u00f3 de llibres dedicats a la Hist\u00f2ria de la Restauraci\u00f3 Gastron\u00f2mica a Occident de Bullipedia. En aquest volum, analitzat amb la mirada de Sapiens impulsada per Ferran Adri\u00e0 i l&#8217;equip de elBullifoundation, iniciem el relat sobre l&#8217;evoluci\u00f3 hist\u00f2rica del bon menjar, en les \u00e8poques [&hellip;]","og_url":"https:\/\/elbullifoundation.com\/elbullistore\/ca\/product\/civilizaciones\/","og_site_name":"elBullistore","article_modified_time":"2024-09-05T14:29:58+00:00","og_image":[{"width":1200,"height":864,"url":"https:\/\/elbullifoundation.com\/elbullistore\/wp-content\/uploads\/2022\/02\/portada.png","type":"image\/png"}],"twitter_card":"summary_large_image","twitter_misc":{"Tiempo de lectura":"1 minuto"},"schema":{"@context":"https:\/\/schema.org","@graph":[{"@type":"WebPage","@id":"https:\/\/elbullifoundation.com\/elbullistore\/ca\/product\/civilizaciones\/","url":"https:\/\/elbullifoundation.com\/elbullistore\/ca\/product\/civilizaciones\/","name":"Civilizaciones antiguas. La g\u00e9nesis de la gastronom\u00eda - elBullistore","isPartOf":{"@id":"https:\/\/elbullifoundation.com\/elbullistore\/#website"},"primaryImageOfPage":{"@id":"https:\/\/elbullifoundation.com\/elbullistore\/ca\/product\/civilizaciones\/#primaryimage"},"image":{"@id":"https:\/\/elbullifoundation.com\/elbullistore\/ca\/product\/civilizaciones\/#primaryimage"},"thumbnailUrl":"https:\/\/elbullifoundation.com\/elbullistore\/wp-content\/uploads\/2022\/02\/portada.png","datePublished":"2023-07-20T10:57:53+00:00","dateModified":"2024-09-05T14:29:58+00:00","breadcrumb":{"@id":"https:\/\/elbullifoundation.com\/elbullistore\/ca\/product\/civilizaciones\/#breadcrumb"},"inLanguage":"es","potentialAction":[{"@type":"ReadAction","target":["https:\/\/elbullifoundation.com\/elbullistore\/ca\/product\/civilizaciones\/"]}]},{"@type":"ImageObject","inLanguage":"es","@id":"https:\/\/elbullifoundation.com\/elbullistore\/ca\/product\/civilizaciones\/#primaryimage","url":"https:\/\/elbullifoundation.com\/elbullistore\/wp-content\/uploads\/2022\/02\/portada.png","contentUrl":"https:\/\/elbullifoundation.com\/elbullistore\/wp-content\/uploads\/2022\/02\/portada.png","width":1200,"height":864},{"@type":"BreadcrumbList","@id":"https:\/\/elbullifoundation.com\/elbullistore\/ca\/product\/civilizaciones\/#breadcrumb","itemListElement":[{"@type":"ListItem","position":1,"name":"Portada","item":"https:\/\/elbullifoundation.com\/elbullistore\/"},{"@type":"ListItem","position":2,"name":"Productos","item":"https:\/\/elbullifoundation.com\/elbullistore\/shop\/"},{"@type":"ListItem","position":3,"name":"Civilizaciones antiguas. La g\u00e9nesis de la gastronom\u00eda"}]},{"@type":"WebSite","@id":"https:\/\/elbullifoundation.com\/elbullistore\/#website","url":"https:\/\/elbullifoundation.com\/elbullistore\/","name":"elBullistore","description":"","potentialAction":[{"@type":"SearchAction","target":{"@type":"EntryPoint","urlTemplate":"https:\/\/elbullifoundation.com\/elbullistore\/?s={search_term_string}"},"query-input":{"@type":"PropertyValueSpecification","valueRequired":true,"valueName":"search_term_string"}}],"inLanguage":"es"}]}},"lang":"ca","translations":{"ca":15875,"es":12849,"en":12888},"pll_sync_post":[],"_links":{"self":[{"href":"https:\/\/elbullifoundation.com\/elbullistore\/wp-json\/wp\/v2\/product\/15875","targetHints":{"allow":["GET"]}}],"collection":[{"href":"https:\/\/elbullifoundation.com\/elbullistore\/wp-json\/wp\/v2\/product"}],"about":[{"href":"https:\/\/elbullifoundation.com\/elbullistore\/wp-json\/wp\/v2\/types\/product"}],"replies":[{"embeddable":true,"href":"https:\/\/elbullifoundation.com\/elbullistore\/wp-json\/wp\/v2\/comments?post=15875"}],"wp:featuredmedia":[{"embeddable":true,"href":"https:\/\/elbullifoundation.com\/elbullistore\/wp-json\/wp\/v2\/media\/12853"}],"wp:attachment":[{"href":"https:\/\/elbullifoundation.com\/elbullistore\/wp-json\/wp\/v2\/media?parent=15875"}],"wp:term":[{"taxonomy":"product_brand","embeddable":true,"href":"https:\/\/elbullifoundation.com\/elbullistore\/wp-json\/wp\/v2\/product_brand?post=15875"},{"taxonomy":"product_cat","embeddable":true,"href":"https:\/\/elbullifoundation.com\/elbullistore\/wp-json\/wp\/v2\/product_cat?post=15875"},{"taxonomy":"product_tag","embeddable":true,"href":"https:\/\/elbullifoundation.com\/elbullistore\/wp-json\/wp\/v2\/product_tag?post=15875"}],"curies":[{"name":"wp","href":"https:\/\/api.w.org\/{rel}","templated":true}]}}