{"id":16847,"date":"2023-10-09T17:09:43","date_gmt":"2023-10-09T15:09:43","guid":{"rendered":"https:\/\/elbullifoundation.com\/elbullistore\/?post_type=product&#038;p=16847"},"modified":"2026-02-09T10:35:17","modified_gmt":"2026-02-09T09:35:17","slug":"lapiz-crear-es-no-copiar","status":"publish","type":"product","link":"https:\/\/elbullifoundation.com\/elbullistore\/producto\/lapiz-crear-es-no-copiar\/","title":{"rendered":"L\u00e1piz Crear es no copiar"},"content":{"rendered":"<p>L\u00e1piz de grafito serigrafiado con la famosa frase \u201cCrear es no copiar\u201d.<\/p>\n<p>&nbsp;<\/p>\n<p>En 1987, durante la clase magistral de Jacques Maximin, entonces chef de cocina del restaurante Chantecler en el hotel Negresco de Niza, alguien lanz\u00f3 al maestro una pregunta clave: \u00ab\u00bf<em>Qu\u00e9 es crear<\/em>?\u00bb.<\/p>\n<p>&nbsp;<\/p>\n<p>El afamado chef franc\u00e9s contest\u00f3 sin dudar: \u00ab<em>Crear es no copiar<\/em>\u00bb; una reflexi\u00f3n aparentemente sencilla que desde ese mismo momento se convirti\u00f3 en la piedra de toque que marc\u00f3 el futuro de Ferran Adri\u00e0 como cocinero.<\/p>\n<p>&nbsp;<\/p>\n<p>Tama\u00f1o: 0,7 x 15,5 cm<\/p>\n<p>Material: Grafito negro<\/p>\n","protected":false},"excerpt":{"rendered":"<p>L\u00e1piz de grafito serigrafiado con la famosa frase \u201cCrear es no copiar\u201d. &nbsp; En 1987, durante la clase magistral de Jacques Maximin, entonces chef de cocina del restaurante Chantecler en el hotel Negresco de Niza, alguien lanz\u00f3 al maestro una pregunta clave: \u00ab\u00bfQu\u00e9 es crear?\u00bb. &nbsp; El afamado chef franc\u00e9s contest\u00f3 sin dudar: \u00abCrear es [&hellip;]<\/p>\n","protected":false},"featured_media":17207,"comment_status":"closed","ping_status":"closed","template":"","meta":{"_acf_changed":false},"product_brand":[],"product_cat":[2601],"product_tag":[2786,290,152,2721,2719,153,227,2802],"class_list":{"0":"post-16847","1":"product","2":"type-product","3":"status-publish","4":"has-post-thumbnail","6":"product_cat-merchandising","7":"product_tag-crear-es-no-copiar","8":"product_tag-el-bulli","9":"product_tag-elbulli","10":"product_tag-elbulli-museo","11":"product_tag-elbulli1846","12":"product_tag-elbullifoundation","13":"product_tag-elbullistore","14":"product_tag-lapiz","16":"first","17":"instock","18":"taxable","19":"shipping-taxable","20":"purchasable","21":"product-type-simple"},"acf":[],"yoast_head":"<!-- This site is optimized with the Yoast SEO plugin v26.9 - https:\/\/yoast.com\/product\/yoast-seo-wordpress\/ -->\n<title>L\u00e1piz Crear es no copiar - elBullistore<\/title>\n<meta name=\"description\" content=\"L\u00e1piz de grafito serigrafiado con la famosa frase \u201cCrear es no copiar\u201d. Una de las frases que marc\u00f3 el futuro de Ferran Adri\u00e0 como cocinero.\" \/>\n<meta name=\"robots\" content=\"index, follow, max-snippet:-1, max-image-preview:large, max-video-preview:-1\" \/>\n<link rel=\"canonical\" href=\"https:\/\/elbullifoundation.com\/elbullistore\/producto\/lapiz-crear-es-no-copiar\/\" \/>\n<meta property=\"og:locale\" content=\"es_ES\" \/>\n<meta property=\"og:type\" content=\"article\" \/>\n<meta property=\"og:title\" content=\"L\u00e1piz Crear es no copiar - elBullistore\" \/>\n<meta property=\"og:description\" content=\"L\u00e1piz de grafito serigrafiado con la famosa frase \u201cCrear es no copiar\u201d. Una de las frases que marc\u00f3 el futuro de Ferran Adri\u00e0 como cocinero.\" \/>\n<meta property=\"og:url\" content=\"https:\/\/elbullifoundation.com\/elbullistore\/producto\/lapiz-crear-es-no-copiar\/\" \/>\n<meta property=\"og:site_name\" content=\"elBullistore\" \/>\n<meta property=\"article:modified_time\" content=\"2026-02-09T09:35:17+00:00\" \/>\n<meta property=\"og:image\" content=\"https:\/\/elbullifoundation.com\/elbullistore\/wp-content\/uploads\/2023\/10\/llapis.jpg\" \/>\n\t<meta property=\"og:image:width\" content=\"1100\" \/>\n\t<meta property=\"og:image:height\" content=\"1100\" \/>\n\t<meta property=\"og:image:type\" content=\"image\/jpeg\" \/>\n<meta name=\"twitter:card\" content=\"summary_large_image\" \/>\n<meta name=\"twitter:label1\" content=\"Tiempo de lectura\" \/>\n\t<meta name=\"twitter:data1\" content=\"1 minuto\" \/>\n<script type=\"application\/ld+json\" class=\"yoast-schema-graph\">{\"@context\":\"https:\/\/schema.org\",\"@graph\":[{\"@type\":\"WebPage\",\"@id\":\"https:\/\/elbullifoundation.com\/elbullistore\/producto\/lapiz-crear-es-no-copiar\/\",\"url\":\"https:\/\/elbullifoundation.com\/elbullistore\/producto\/lapiz-crear-es-no-copiar\/\",\"name\":\"L\u00e1piz Crear es no copiar - elBullistore\",\"isPartOf\":{\"@id\":\"https:\/\/elbullifoundation.com\/elbullistore\/#website\"},\"primaryImageOfPage\":{\"@id\":\"https:\/\/elbullifoundation.com\/elbullistore\/producto\/lapiz-crear-es-no-copiar\/#primaryimage\"},\"image\":{\"@id\":\"https:\/\/elbullifoundation.com\/elbullistore\/producto\/lapiz-crear-es-no-copiar\/#primaryimage\"},\"thumbnailUrl\":\"https:\/\/elbullifoundation.com\/elbullistore\/wp-content\/uploads\/2023\/10\/llapis.jpg\",\"datePublished\":\"2023-10-09T15:09:43+00:00\",\"dateModified\":\"2026-02-09T09:35:17+00:00\",\"description\":\"L\u00e1piz de grafito serigrafiado con la famosa frase \u201cCrear es no copiar\u201d. Una de las frases que marc\u00f3 el futuro de Ferran Adri\u00e0 como cocinero.\",\"breadcrumb\":{\"@id\":\"https:\/\/elbullifoundation.com\/elbullistore\/producto\/lapiz-crear-es-no-copiar\/#breadcrumb\"},\"inLanguage\":\"es\",\"potentialAction\":[{\"@type\":\"ReadAction\",\"target\":[\"https:\/\/elbullifoundation.com\/elbullistore\/producto\/lapiz-crear-es-no-copiar\/\"]}]},{\"@type\":\"ImageObject\",\"inLanguage\":\"es\",\"@id\":\"https:\/\/elbullifoundation.com\/elbullistore\/producto\/lapiz-crear-es-no-copiar\/#primaryimage\",\"url\":\"https:\/\/elbullifoundation.com\/elbullistore\/wp-content\/uploads\/2023\/10\/llapis.jpg\",\"contentUrl\":\"https:\/\/elbullifoundation.com\/elbullistore\/wp-content\/uploads\/2023\/10\/llapis.jpg\",\"width\":1100,\"height\":1100,\"caption\":\"L\u00e1piz Crear es no copiar\"},{\"@type\":\"BreadcrumbList\",\"@id\":\"https:\/\/elbullifoundation.com\/elbullistore\/producto\/lapiz-crear-es-no-copiar\/#breadcrumb\",\"itemListElement\":[{\"@type\":\"ListItem\",\"position\":1,\"name\":\"Portada\",\"item\":\"https:\/\/elbullifoundation.com\/elbullistore\/\"},{\"@type\":\"ListItem\",\"position\":2,\"name\":\"Productos\",\"item\":\"https:\/\/elbullifoundation.com\/elbullistore\/shop\/\"},{\"@type\":\"ListItem\",\"position\":3,\"name\":\"L\u00e1piz Crear es no copiar\"}]},{\"@type\":\"WebSite\",\"@id\":\"https:\/\/elbullifoundation.com\/elbullistore\/#website\",\"url\":\"https:\/\/elbullifoundation.com\/elbullistore\/\",\"name\":\"elBullistore\",\"description\":\"\",\"potentialAction\":[{\"@type\":\"SearchAction\",\"target\":{\"@type\":\"EntryPoint\",\"urlTemplate\":\"https:\/\/elbullifoundation.com\/elbullistore\/?s={search_term_string}\"},\"query-input\":{\"@type\":\"PropertyValueSpecification\",\"valueRequired\":true,\"valueName\":\"search_term_string\"}}],\"inLanguage\":\"es\"}]}<\/script>\n<!-- \/ Yoast SEO plugin. -->","yoast_head_json":{"title":"L\u00e1piz Crear es no copiar - elBullistore","description":"L\u00e1piz de grafito serigrafiado con la famosa frase \u201cCrear es no copiar\u201d. Una de las frases que marc\u00f3 el futuro de Ferran Adri\u00e0 como cocinero.","robots":{"index":"index","follow":"follow","max-snippet":"max-snippet:-1","max-image-preview":"max-image-preview:large","max-video-preview":"max-video-preview:-1"},"canonical":"https:\/\/elbullifoundation.com\/elbullistore\/producto\/lapiz-crear-es-no-copiar\/","og_locale":"es_ES","og_type":"article","og_title":"L\u00e1piz Crear es no copiar - elBullistore","og_description":"L\u00e1piz de grafito serigrafiado con la famosa frase \u201cCrear es no copiar\u201d. Una de las frases que marc\u00f3 el futuro de Ferran Adri\u00e0 como cocinero.","og_url":"https:\/\/elbullifoundation.com\/elbullistore\/producto\/lapiz-crear-es-no-copiar\/","og_site_name":"elBullistore","article_modified_time":"2026-02-09T09:35:17+00:00","og_image":[{"width":1100,"height":1100,"url":"https:\/\/elbullifoundation.com\/elbullistore\/wp-content\/uploads\/2023\/10\/llapis.jpg","type":"image\/jpeg"}],"twitter_card":"summary_large_image","twitter_misc":{"Tiempo de lectura":"1 minuto"},"schema":{"@context":"https:\/\/schema.org","@graph":[{"@type":"WebPage","@id":"https:\/\/elbullifoundation.com\/elbullistore\/producto\/lapiz-crear-es-no-copiar\/","url":"https:\/\/elbullifoundation.com\/elbullistore\/producto\/lapiz-crear-es-no-copiar\/","name":"L\u00e1piz Crear es no copiar - elBullistore","isPartOf":{"@id":"https:\/\/elbullifoundation.com\/elbullistore\/#website"},"primaryImageOfPage":{"@id":"https:\/\/elbullifoundation.com\/elbullistore\/producto\/lapiz-crear-es-no-copiar\/#primaryimage"},"image":{"@id":"https:\/\/elbullifoundation.com\/elbullistore\/producto\/lapiz-crear-es-no-copiar\/#primaryimage"},"thumbnailUrl":"https:\/\/elbullifoundation.com\/elbullistore\/wp-content\/uploads\/2023\/10\/llapis.jpg","datePublished":"2023-10-09T15:09:43+00:00","dateModified":"2026-02-09T09:35:17+00:00","description":"L\u00e1piz de grafito serigrafiado con la famosa frase \u201cCrear es no copiar\u201d. Una de las frases que marc\u00f3 el futuro de Ferran Adri\u00e0 como cocinero.","breadcrumb":{"@id":"https:\/\/elbullifoundation.com\/elbullistore\/producto\/lapiz-crear-es-no-copiar\/#breadcrumb"},"inLanguage":"es","potentialAction":[{"@type":"ReadAction","target":["https:\/\/elbullifoundation.com\/elbullistore\/producto\/lapiz-crear-es-no-copiar\/"]}]},{"@type":"ImageObject","inLanguage":"es","@id":"https:\/\/elbullifoundation.com\/elbullistore\/producto\/lapiz-crear-es-no-copiar\/#primaryimage","url":"https:\/\/elbullifoundation.com\/elbullistore\/wp-content\/uploads\/2023\/10\/llapis.jpg","contentUrl":"https:\/\/elbullifoundation.com\/elbullistore\/wp-content\/uploads\/2023\/10\/llapis.jpg","width":1100,"height":1100,"caption":"L\u00e1piz Crear es no copiar"},{"@type":"BreadcrumbList","@id":"https:\/\/elbullifoundation.com\/elbullistore\/producto\/lapiz-crear-es-no-copiar\/#breadcrumb","itemListElement":[{"@type":"ListItem","position":1,"name":"Portada","item":"https:\/\/elbullifoundation.com\/elbullistore\/"},{"@type":"ListItem","position":2,"name":"Productos","item":"https:\/\/elbullifoundation.com\/elbullistore\/shop\/"},{"@type":"ListItem","position":3,"name":"L\u00e1piz Crear es no copiar"}]},{"@type":"WebSite","@id":"https:\/\/elbullifoundation.com\/elbullistore\/#website","url":"https:\/\/elbullifoundation.com\/elbullistore\/","name":"elBullistore","description":"","potentialAction":[{"@type":"SearchAction","target":{"@type":"EntryPoint","urlTemplate":"https:\/\/elbullifoundation.com\/elbullistore\/?s={search_term_string}"},"query-input":{"@type":"PropertyValueSpecification","valueRequired":true,"valueName":"search_term_string"}}],"inLanguage":"es"}]}},"lang":"es","translations":{"es":16847,"en":16951,"ca":16952},"pll_sync_post":[],"_links":{"self":[{"href":"https:\/\/elbullifoundation.com\/elbullistore\/wp-json\/wp\/v2\/product\/16847","targetHints":{"allow":["GET"]}}],"collection":[{"href":"https:\/\/elbullifoundation.com\/elbullistore\/wp-json\/wp\/v2\/product"}],"about":[{"href":"https:\/\/elbullifoundation.com\/elbullistore\/wp-json\/wp\/v2\/types\/product"}],"replies":[{"embeddable":true,"href":"https:\/\/elbullifoundation.com\/elbullistore\/wp-json\/wp\/v2\/comments?post=16847"}],"wp:featuredmedia":[{"embeddable":true,"href":"https:\/\/elbullifoundation.com\/elbullistore\/wp-json\/wp\/v2\/media\/17207"}],"wp:attachment":[{"href":"https:\/\/elbullifoundation.com\/elbullistore\/wp-json\/wp\/v2\/media?parent=16847"}],"wp:term":[{"taxonomy":"product_brand","embeddable":true,"href":"https:\/\/elbullifoundation.com\/elbullistore\/wp-json\/wp\/v2\/product_brand?post=16847"},{"taxonomy":"product_cat","embeddable":true,"href":"https:\/\/elbullifoundation.com\/elbullistore\/wp-json\/wp\/v2\/product_cat?post=16847"},{"taxonomy":"product_tag","embeddable":true,"href":"https:\/\/elbullifoundation.com\/elbullistore\/wp-json\/wp\/v2\/product_tag?post=16847"}],"curies":[{"name":"wp","href":"https:\/\/api.w.org\/{rel}","templated":true}]}}