{"id":16952,"date":"2023-10-24T17:02:24","date_gmt":"2023-10-24T15:02:24","guid":{"rendered":"https:\/\/elbullifoundation.com\/elbullistore\/?post_type=product&#038;p=16952"},"modified":"2026-02-09T10:35:17","modified_gmt":"2026-02-09T09:35:17","slug":"lapiz-crear-es-no-copiar","status":"publish","type":"product","link":"https:\/\/elbullifoundation.com\/elbullistore\/ca\/product\/lapiz-crear-es-no-copiar\/","title":{"rendered":"Llapis Crear \u00e9s no copiar"},"content":{"rendered":"<p>Llapis de grafit serigrafiat amb la famosa frase \u201cCrear \u00e9s no copiar\u201d.<\/p>\n<p>&nbsp;<\/p>\n<p>En 1987, durant la classe magistral de Jacques Maximin, llavors xef de cuina del restaurant Chantecler de l&#8217;hotel Negresco de Ni\u00e7a, alg\u00fa va llan\u00e7ar al mestre una pregunta clau: \u00abQu\u00e8 \u00e9s crear?\u00bb.<\/p>\n<p>&nbsp;<\/p>\n<p>El fam\u00f3s xef franc\u00e8s va contestar sense dubtar: \u00abCrear \u00e9s no copiar\u00bb; una reflexi\u00f3 aparentment senzilla que, des d&#8217;aquell mateix momento, es va convertir en la pedra de toc que va marcar el futur de Ferran Adri\u00e0 com a cuiner.<\/p>\n<p>&nbsp;<\/p>\n<p>Grand\u00e0ria: 0,7 x 15,5 cm<\/p>\n<p>Material: Grafit negre<\/p>\n","protected":false},"excerpt":{"rendered":"<p>Llapis de grafit serigrafiat amb la famosa frase \u201cCrear \u00e9s no copiar\u201d. &nbsp; En 1987, durant la classe magistral de Jacques Maximin, llavors xef de cuina del restaurant Chantecler de l&#8217;hotel Negresco de Ni\u00e7a, alg\u00fa va llan\u00e7ar al mestre una pregunta clau: \u00abQu\u00e8 \u00e9s crear?\u00bb. &nbsp; El fam\u00f3s xef franc\u00e8s va contestar sense dubtar: \u00abCrear [&hellip;]<\/p>\n","protected":false},"featured_media":17208,"comment_status":"closed","ping_status":"closed","template":"","meta":{"_acf_changed":false},"product_brand":[],"product_cat":[2629],"product_tag":[340,183,184,233],"class_list":{"0":"post-16952","1":"product","2":"type-product","3":"status-publish","4":"has-post-thumbnail","6":"product_cat-merchandising","7":"product_tag-el-bulli-ca","8":"product_tag-elbulli-ca","9":"product_tag-elbullifoundation-ca","10":"product_tag-elbullistore-ca","12":"first","13":"instock","14":"taxable","15":"shipping-taxable","16":"purchasable","17":"product-type-simple"},"acf":[],"yoast_head":"<!-- This site is optimized with the Yoast SEO plugin v26.9 - https:\/\/yoast.com\/product\/yoast-seo-wordpress\/ -->\n<title>Llapis Crear \u00e9s no copiar - elBullistore<\/title>\n<meta name=\"robots\" content=\"index, follow, max-snippet:-1, max-image-preview:large, max-video-preview:-1\" \/>\n<link rel=\"canonical\" href=\"https:\/\/elbullifoundation.com\/elbullistore\/ca\/product\/lapiz-crear-es-no-copiar\/\" \/>\n<meta property=\"og:locale\" content=\"es_ES\" \/>\n<meta property=\"og:type\" content=\"article\" \/>\n<meta property=\"og:title\" content=\"Llapis Crear \u00e9s no copiar - elBullistore\" \/>\n<meta property=\"og:description\" content=\"Llapis de grafit serigrafiat amb la famosa frase \u201cCrear \u00e9s no copiar\u201d. &nbsp; En 1987, durant la classe magistral de Jacques Maximin, llavors xef de cuina del restaurant Chantecler de l&#8217;hotel Negresco de Ni\u00e7a, alg\u00fa va llan\u00e7ar al mestre una pregunta clau: \u00abQu\u00e8 \u00e9s crear?\u00bb. &nbsp; El fam\u00f3s xef franc\u00e8s va contestar sense dubtar: \u00abCrear [&hellip;]\" \/>\n<meta property=\"og:url\" content=\"https:\/\/elbullifoundation.com\/elbullistore\/ca\/product\/lapiz-crear-es-no-copiar\/\" \/>\n<meta property=\"og:site_name\" content=\"elBullistore\" \/>\n<meta property=\"article:modified_time\" content=\"2026-02-09T09:35:17+00:00\" \/>\n<meta property=\"og:image\" content=\"https:\/\/elbullifoundation.com\/elbullistore\/wp-content\/uploads\/2023\/10\/llapis.jpg\" \/>\n\t<meta property=\"og:image:width\" content=\"1100\" \/>\n\t<meta property=\"og:image:height\" content=\"1100\" \/>\n\t<meta property=\"og:image:type\" content=\"image\/jpeg\" \/>\n<meta name=\"twitter:card\" content=\"summary_large_image\" \/>\n<meta name=\"twitter:label1\" content=\"Tiempo de lectura\" \/>\n\t<meta name=\"twitter:data1\" content=\"1 minuto\" \/>\n<script type=\"application\/ld+json\" class=\"yoast-schema-graph\">{\"@context\":\"https:\/\/schema.org\",\"@graph\":[{\"@type\":\"WebPage\",\"@id\":\"https:\/\/elbullifoundation.com\/elbullistore\/ca\/product\/lapiz-crear-es-no-copiar\/\",\"url\":\"https:\/\/elbullifoundation.com\/elbullistore\/ca\/product\/lapiz-crear-es-no-copiar\/\",\"name\":\"Llapis Crear \u00e9s no copiar - elBullistore\",\"isPartOf\":{\"@id\":\"https:\/\/elbullifoundation.com\/elbullistore\/#website\"},\"primaryImageOfPage\":{\"@id\":\"https:\/\/elbullifoundation.com\/elbullistore\/ca\/product\/lapiz-crear-es-no-copiar\/#primaryimage\"},\"image\":{\"@id\":\"https:\/\/elbullifoundation.com\/elbullistore\/ca\/product\/lapiz-crear-es-no-copiar\/#primaryimage\"},\"thumbnailUrl\":\"https:\/\/elbullifoundation.com\/elbullistore\/wp-content\/uploads\/2023\/10\/llapis.jpg\",\"datePublished\":\"2023-10-24T15:02:24+00:00\",\"dateModified\":\"2026-02-09T09:35:17+00:00\",\"breadcrumb\":{\"@id\":\"https:\/\/elbullifoundation.com\/elbullistore\/ca\/product\/lapiz-crear-es-no-copiar\/#breadcrumb\"},\"inLanguage\":\"es\",\"potentialAction\":[{\"@type\":\"ReadAction\",\"target\":[\"https:\/\/elbullifoundation.com\/elbullistore\/ca\/product\/lapiz-crear-es-no-copiar\/\"]}]},{\"@type\":\"ImageObject\",\"inLanguage\":\"es\",\"@id\":\"https:\/\/elbullifoundation.com\/elbullistore\/ca\/product\/lapiz-crear-es-no-copiar\/#primaryimage\",\"url\":\"https:\/\/elbullifoundation.com\/elbullistore\/wp-content\/uploads\/2023\/10\/llapis.jpg\",\"contentUrl\":\"https:\/\/elbullifoundation.com\/elbullistore\/wp-content\/uploads\/2023\/10\/llapis.jpg\",\"width\":1100,\"height\":1100},{\"@type\":\"BreadcrumbList\",\"@id\":\"https:\/\/elbullifoundation.com\/elbullistore\/ca\/product\/lapiz-crear-es-no-copiar\/#breadcrumb\",\"itemListElement\":[{\"@type\":\"ListItem\",\"position\":1,\"name\":\"Portada\",\"item\":\"https:\/\/elbullifoundation.com\/elbullistore\/\"},{\"@type\":\"ListItem\",\"position\":2,\"name\":\"Productos\",\"item\":\"https:\/\/elbullifoundation.com\/elbullistore\/shop\/\"},{\"@type\":\"ListItem\",\"position\":3,\"name\":\"Llapis Crear \u00e9s no copiar\"}]},{\"@type\":\"WebSite\",\"@id\":\"https:\/\/elbullifoundation.com\/elbullistore\/#website\",\"url\":\"https:\/\/elbullifoundation.com\/elbullistore\/\",\"name\":\"elBullistore\",\"description\":\"\",\"potentialAction\":[{\"@type\":\"SearchAction\",\"target\":{\"@type\":\"EntryPoint\",\"urlTemplate\":\"https:\/\/elbullifoundation.com\/elbullistore\/?s={search_term_string}\"},\"query-input\":{\"@type\":\"PropertyValueSpecification\",\"valueRequired\":true,\"valueName\":\"search_term_string\"}}],\"inLanguage\":\"es\"}]}<\/script>\n<!-- \/ Yoast SEO plugin. -->","yoast_head_json":{"title":"Llapis Crear \u00e9s no copiar - elBullistore","robots":{"index":"index","follow":"follow","max-snippet":"max-snippet:-1","max-image-preview":"max-image-preview:large","max-video-preview":"max-video-preview:-1"},"canonical":"https:\/\/elbullifoundation.com\/elbullistore\/ca\/product\/lapiz-crear-es-no-copiar\/","og_locale":"es_ES","og_type":"article","og_title":"Llapis Crear \u00e9s no copiar - elBullistore","og_description":"Llapis de grafit serigrafiat amb la famosa frase \u201cCrear \u00e9s no copiar\u201d. &nbsp; En 1987, durant la classe magistral de Jacques Maximin, llavors xef de cuina del restaurant Chantecler de l&#8217;hotel Negresco de Ni\u00e7a, alg\u00fa va llan\u00e7ar al mestre una pregunta clau: \u00abQu\u00e8 \u00e9s crear?\u00bb. &nbsp; El fam\u00f3s xef franc\u00e8s va contestar sense dubtar: \u00abCrear [&hellip;]","og_url":"https:\/\/elbullifoundation.com\/elbullistore\/ca\/product\/lapiz-crear-es-no-copiar\/","og_site_name":"elBullistore","article_modified_time":"2026-02-09T09:35:17+00:00","og_image":[{"width":1100,"height":1100,"url":"https:\/\/elbullifoundation.com\/elbullistore\/wp-content\/uploads\/2023\/10\/llapis.jpg","type":"image\/jpeg"}],"twitter_card":"summary_large_image","twitter_misc":{"Tiempo de lectura":"1 minuto"},"schema":{"@context":"https:\/\/schema.org","@graph":[{"@type":"WebPage","@id":"https:\/\/elbullifoundation.com\/elbullistore\/ca\/product\/lapiz-crear-es-no-copiar\/","url":"https:\/\/elbullifoundation.com\/elbullistore\/ca\/product\/lapiz-crear-es-no-copiar\/","name":"Llapis Crear \u00e9s no copiar - elBullistore","isPartOf":{"@id":"https:\/\/elbullifoundation.com\/elbullistore\/#website"},"primaryImageOfPage":{"@id":"https:\/\/elbullifoundation.com\/elbullistore\/ca\/product\/lapiz-crear-es-no-copiar\/#primaryimage"},"image":{"@id":"https:\/\/elbullifoundation.com\/elbullistore\/ca\/product\/lapiz-crear-es-no-copiar\/#primaryimage"},"thumbnailUrl":"https:\/\/elbullifoundation.com\/elbullistore\/wp-content\/uploads\/2023\/10\/llapis.jpg","datePublished":"2023-10-24T15:02:24+00:00","dateModified":"2026-02-09T09:35:17+00:00","breadcrumb":{"@id":"https:\/\/elbullifoundation.com\/elbullistore\/ca\/product\/lapiz-crear-es-no-copiar\/#breadcrumb"},"inLanguage":"es","potentialAction":[{"@type":"ReadAction","target":["https:\/\/elbullifoundation.com\/elbullistore\/ca\/product\/lapiz-crear-es-no-copiar\/"]}]},{"@type":"ImageObject","inLanguage":"es","@id":"https:\/\/elbullifoundation.com\/elbullistore\/ca\/product\/lapiz-crear-es-no-copiar\/#primaryimage","url":"https:\/\/elbullifoundation.com\/elbullistore\/wp-content\/uploads\/2023\/10\/llapis.jpg","contentUrl":"https:\/\/elbullifoundation.com\/elbullistore\/wp-content\/uploads\/2023\/10\/llapis.jpg","width":1100,"height":1100},{"@type":"BreadcrumbList","@id":"https:\/\/elbullifoundation.com\/elbullistore\/ca\/product\/lapiz-crear-es-no-copiar\/#breadcrumb","itemListElement":[{"@type":"ListItem","position":1,"name":"Portada","item":"https:\/\/elbullifoundation.com\/elbullistore\/"},{"@type":"ListItem","position":2,"name":"Productos","item":"https:\/\/elbullifoundation.com\/elbullistore\/shop\/"},{"@type":"ListItem","position":3,"name":"Llapis Crear \u00e9s no copiar"}]},{"@type":"WebSite","@id":"https:\/\/elbullifoundation.com\/elbullistore\/#website","url":"https:\/\/elbullifoundation.com\/elbullistore\/","name":"elBullistore","description":"","potentialAction":[{"@type":"SearchAction","target":{"@type":"EntryPoint","urlTemplate":"https:\/\/elbullifoundation.com\/elbullistore\/?s={search_term_string}"},"query-input":{"@type":"PropertyValueSpecification","valueRequired":true,"valueName":"search_term_string"}}],"inLanguage":"es"}]}},"lang":"ca","translations":{"ca":16952,"en":16951,"es":16847},"pll_sync_post":[],"_links":{"self":[{"href":"https:\/\/elbullifoundation.com\/elbullistore\/wp-json\/wp\/v2\/product\/16952","targetHints":{"allow":["GET"]}}],"collection":[{"href":"https:\/\/elbullifoundation.com\/elbullistore\/wp-json\/wp\/v2\/product"}],"about":[{"href":"https:\/\/elbullifoundation.com\/elbullistore\/wp-json\/wp\/v2\/types\/product"}],"replies":[{"embeddable":true,"href":"https:\/\/elbullifoundation.com\/elbullistore\/wp-json\/wp\/v2\/comments?post=16952"}],"wp:featuredmedia":[{"embeddable":true,"href":"https:\/\/elbullifoundation.com\/elbullistore\/wp-json\/wp\/v2\/media\/17208"}],"wp:attachment":[{"href":"https:\/\/elbullifoundation.com\/elbullistore\/wp-json\/wp\/v2\/media?parent=16952"}],"wp:term":[{"taxonomy":"product_brand","embeddable":true,"href":"https:\/\/elbullifoundation.com\/elbullistore\/wp-json\/wp\/v2\/product_brand?post=16952"},{"taxonomy":"product_cat","embeddable":true,"href":"https:\/\/elbullifoundation.com\/elbullistore\/wp-json\/wp\/v2\/product_cat?post=16952"},{"taxonomy":"product_tag","embeddable":true,"href":"https:\/\/elbullifoundation.com\/elbullistore\/wp-json\/wp\/v2\/product_tag?post=16952"}],"curies":[{"name":"wp","href":"https:\/\/api.w.org\/{rel}","templated":true}]}}