{"id":16968,"date":"2023-10-24T17:47:32","date_gmt":"2023-10-24T15:47:32","guid":{"rendered":"https:\/\/elbullifoundation.com\/elbullistore\/?post_type=product&#038;p=16968"},"modified":"2026-03-29T18:27:31","modified_gmt":"2026-03-29T16:27:31","slug":"postales-la-historia-de-elbulli","status":"publish","type":"product","link":"https:\/\/elbullifoundation.com\/elbullistore\/ca\/product\/postales-la-historia-de-elbulli\/","title":{"rendered":"Postals La hist\u00f2ria de\u00a0elBulli"},"content":{"rendered":"<p>Cerques una manera encantadora d&#8217;expressar els teus sentiments o enviar un missatge especial?<\/p>\n<p>Aquest\u00a0pack\u00a0inclou una col\u00b7lecci\u00f3 de 8 postals \u00faniques, cadascuna amb un disseny captivador que abasta des de l&#8217;entorn de\u00a0elBulli, fins a dibuixos de Ferran Adri\u00e0, instal\u00b7lacions art\u00edstiques com a records antics. Cada postal \u00e9s una joia per si sola.<\/p>\n<p>&nbsp;<\/p>\n<ul>\n<li>Bulli-Bar. L&#8217;actitud emprenedora del matrimoni Schilling, els va portar a obrir un minigolf en 1961 i posteriorment una guingueta anomenada \u201cBulli-Bar\u201d.<\/li>\n<li>Pedra elBulli. El matrimoni Schilling va triar per al restaurant el nom \u201cEl Bulli\u201d perqu\u00e8 tenien gossos de la ra\u00e7a buldog franc\u00e8s, als quals col\u00b7loquialment cridaven \u201cbully\u201d.<\/li>\n<li>Cartell El Bulli Grill-Room. En 1965, amb la construcci\u00f3 d&#8217;una cuina i una terrassa, va n\u00e9ixer El Bulli Grill-room Bar.<\/li>\n<li>Dibuixos de Ferran Adri\u00e0. De recrear a crear: els inicis de la revoluci\u00f3. En 1987 Ferran Adri\u00e0 comen\u00e7a a dibuixar el seu propi cam\u00ed creatiu amb plena llibertat.<\/li>\n<li>Imatge del skyline al capvespre a elBulli1846. Un centre per a salvaguardar el llegat de elBullirestaurante on reflexionar sobre innovaci\u00f3 i gastronomia.<\/li>\n<li>Bullinianos. Instal\u00b7laci\u00f3 dedicada als Bullinianos, totes aquelles persones que van passar pel restaurant i que comparteixen un mateix sentiment.<\/li>\n<li>Menjador de elBulli1846. Una fotografia de l&#8217;actual menjador que es troba a l&#8217;interior del museu.<\/li>\n<li>Cala Montjoi i elBulli1846. Un centre per a salvaguardar el llegat de elBullirestaurante on reflexionar sobre innovaci\u00f3 i gastronomia.<\/li>\n<\/ul>\n<p>&nbsp;<\/p>\n","protected":false},"excerpt":{"rendered":"<p>Cerques una manera encantadora d&#8217;expressar els teus sentiments o enviar un missatge especial? Aquest\u00a0pack\u00a0inclou una col\u00b7lecci\u00f3 de 8 postals \u00faniques, cadascuna amb un disseny captivador que abasta des de l&#8217;entorn de\u00a0elBulli, fins a dibuixos de Ferran Adri\u00e0, instal\u00b7lacions art\u00edstiques com a records antics. Cada postal \u00e9s una joia per si sola. &nbsp; Bulli-Bar. L&#8217;actitud emprenedora [&hellip;]<\/p>\n","protected":false},"featured_media":16921,"comment_status":"closed","ping_status":"closed","template":"","meta":{"_acf_changed":false},"product_brand":[],"product_cat":[2629],"product_tag":[340,184,186],"class_list":{"0":"post-16968","1":"product","2":"type-product","3":"status-publish","4":"has-post-thumbnail","6":"product_cat-merchandising","7":"product_tag-el-bulli-ca","8":"product_tag-elbullifoundation-ca","9":"product_tag-ferran-adria-ca","11":"first","12":"instock","13":"taxable","14":"shipping-taxable","15":"purchasable","16":"product-type-simple"},"acf":[],"yoast_head":"<!-- This site is optimized with the Yoast SEO plugin v26.9 - https:\/\/yoast.com\/product\/yoast-seo-wordpress\/ -->\n<title>Postals La hist\u00f2ria de\u00a0elBulli - elBullistore<\/title>\n<meta name=\"robots\" content=\"index, follow, max-snippet:-1, max-image-preview:large, max-video-preview:-1\" \/>\n<link rel=\"canonical\" href=\"https:\/\/elbullifoundation.com\/elbullistore\/ca\/product\/postales-la-historia-de-elbulli\/\" \/>\n<meta property=\"og:locale\" content=\"es_ES\" \/>\n<meta property=\"og:type\" content=\"article\" \/>\n<meta property=\"og:title\" content=\"Postals La hist\u00f2ria de\u00a0elBulli - elBullistore\" \/>\n<meta property=\"og:description\" content=\"Cerques una manera encantadora d&#8217;expressar els teus sentiments o enviar un missatge especial? Aquest\u00a0pack\u00a0inclou una col\u00b7lecci\u00f3 de 8 postals \u00faniques, cadascuna amb un disseny captivador que abasta des de l&#8217;entorn de\u00a0elBulli, fins a dibuixos de Ferran Adri\u00e0, instal\u00b7lacions art\u00edstiques com a records antics. Cada postal \u00e9s una joia per si sola. &nbsp; Bulli-Bar. L&#8217;actitud emprenedora [&hellip;]\" \/>\n<meta property=\"og:url\" content=\"https:\/\/elbullifoundation.com\/elbullistore\/ca\/product\/postales-la-historia-de-elbulli\/\" \/>\n<meta property=\"og:site_name\" content=\"elBullistore\" \/>\n<meta property=\"article:modified_time\" content=\"2026-03-29T16:27:31+00:00\" \/>\n<meta property=\"og:image\" content=\"https:\/\/elbullifoundation.com\/elbullistore\/wp-content\/uploads\/2023\/10\/postal6.png\" \/>\n\t<meta property=\"og:image:width\" content=\"1097\" \/>\n\t<meta property=\"og:image:height\" content=\"1097\" \/>\n\t<meta property=\"og:image:type\" content=\"image\/png\" \/>\n<meta name=\"twitter:card\" content=\"summary_large_image\" \/>\n<meta name=\"twitter:label1\" content=\"Tiempo de lectura\" \/>\n\t<meta name=\"twitter:data1\" content=\"2 minutos\" \/>\n<script type=\"application\/ld+json\" class=\"yoast-schema-graph\">{\"@context\":\"https:\/\/schema.org\",\"@graph\":[{\"@type\":\"WebPage\",\"@id\":\"https:\/\/elbullifoundation.com\/elbullistore\/ca\/product\/postales-la-historia-de-elbulli\/\",\"url\":\"https:\/\/elbullifoundation.com\/elbullistore\/ca\/product\/postales-la-historia-de-elbulli\/\",\"name\":\"Postals La hist\u00f2ria de\u00a0elBulli - elBullistore\",\"isPartOf\":{\"@id\":\"https:\/\/elbullifoundation.com\/elbullistore\/#website\"},\"primaryImageOfPage\":{\"@id\":\"https:\/\/elbullifoundation.com\/elbullistore\/ca\/product\/postales-la-historia-de-elbulli\/#primaryimage\"},\"image\":{\"@id\":\"https:\/\/elbullifoundation.com\/elbullistore\/ca\/product\/postales-la-historia-de-elbulli\/#primaryimage\"},\"thumbnailUrl\":\"https:\/\/elbullifoundation.com\/elbullistore\/wp-content\/uploads\/2023\/10\/postal6.png\",\"datePublished\":\"2023-10-24T15:47:32+00:00\",\"dateModified\":\"2026-03-29T16:27:31+00:00\",\"breadcrumb\":{\"@id\":\"https:\/\/elbullifoundation.com\/elbullistore\/ca\/product\/postales-la-historia-de-elbulli\/#breadcrumb\"},\"inLanguage\":\"es\",\"potentialAction\":[{\"@type\":\"ReadAction\",\"target\":[\"https:\/\/elbullifoundation.com\/elbullistore\/ca\/product\/postales-la-historia-de-elbulli\/\"]}]},{\"@type\":\"ImageObject\",\"inLanguage\":\"es\",\"@id\":\"https:\/\/elbullifoundation.com\/elbullistore\/ca\/product\/postales-la-historia-de-elbulli\/#primaryimage\",\"url\":\"https:\/\/elbullifoundation.com\/elbullistore\/wp-content\/uploads\/2023\/10\/postal6.png\",\"contentUrl\":\"https:\/\/elbullifoundation.com\/elbullistore\/wp-content\/uploads\/2023\/10\/postal6.png\",\"width\":1097,\"height\":1097},{\"@type\":\"BreadcrumbList\",\"@id\":\"https:\/\/elbullifoundation.com\/elbullistore\/ca\/product\/postales-la-historia-de-elbulli\/#breadcrumb\",\"itemListElement\":[{\"@type\":\"ListItem\",\"position\":1,\"name\":\"Portada\",\"item\":\"https:\/\/elbullifoundation.com\/elbullistore\/\"},{\"@type\":\"ListItem\",\"position\":2,\"name\":\"Productos\",\"item\":\"https:\/\/elbullifoundation.com\/elbullistore\/shop\/\"},{\"@type\":\"ListItem\",\"position\":3,\"name\":\"Postals La hist\u00f2ria de\u00a0elBulli\"}]},{\"@type\":\"WebSite\",\"@id\":\"https:\/\/elbullifoundation.com\/elbullistore\/#website\",\"url\":\"https:\/\/elbullifoundation.com\/elbullistore\/\",\"name\":\"elBullistore\",\"description\":\"\",\"potentialAction\":[{\"@type\":\"SearchAction\",\"target\":{\"@type\":\"EntryPoint\",\"urlTemplate\":\"https:\/\/elbullifoundation.com\/elbullistore\/?s={search_term_string}\"},\"query-input\":{\"@type\":\"PropertyValueSpecification\",\"valueRequired\":true,\"valueName\":\"search_term_string\"}}],\"inLanguage\":\"es\"}]}<\/script>\n<!-- \/ Yoast SEO plugin. -->","yoast_head_json":{"title":"Postals La hist\u00f2ria de\u00a0elBulli - elBullistore","robots":{"index":"index","follow":"follow","max-snippet":"max-snippet:-1","max-image-preview":"max-image-preview:large","max-video-preview":"max-video-preview:-1"},"canonical":"https:\/\/elbullifoundation.com\/elbullistore\/ca\/product\/postales-la-historia-de-elbulli\/","og_locale":"es_ES","og_type":"article","og_title":"Postals La hist\u00f2ria de\u00a0elBulli - elBullistore","og_description":"Cerques una manera encantadora d&#8217;expressar els teus sentiments o enviar un missatge especial? Aquest\u00a0pack\u00a0inclou una col\u00b7lecci\u00f3 de 8 postals \u00faniques, cadascuna amb un disseny captivador que abasta des de l&#8217;entorn de\u00a0elBulli, fins a dibuixos de Ferran Adri\u00e0, instal\u00b7lacions art\u00edstiques com a records antics. Cada postal \u00e9s una joia per si sola. &nbsp; Bulli-Bar. L&#8217;actitud emprenedora [&hellip;]","og_url":"https:\/\/elbullifoundation.com\/elbullistore\/ca\/product\/postales-la-historia-de-elbulli\/","og_site_name":"elBullistore","article_modified_time":"2026-03-29T16:27:31+00:00","og_image":[{"width":1097,"height":1097,"url":"https:\/\/elbullifoundation.com\/elbullistore\/wp-content\/uploads\/2023\/10\/postal6.png","type":"image\/png"}],"twitter_card":"summary_large_image","twitter_misc":{"Tiempo de lectura":"2 minutos"},"schema":{"@context":"https:\/\/schema.org","@graph":[{"@type":"WebPage","@id":"https:\/\/elbullifoundation.com\/elbullistore\/ca\/product\/postales-la-historia-de-elbulli\/","url":"https:\/\/elbullifoundation.com\/elbullistore\/ca\/product\/postales-la-historia-de-elbulli\/","name":"Postals La hist\u00f2ria de\u00a0elBulli - elBullistore","isPartOf":{"@id":"https:\/\/elbullifoundation.com\/elbullistore\/#website"},"primaryImageOfPage":{"@id":"https:\/\/elbullifoundation.com\/elbullistore\/ca\/product\/postales-la-historia-de-elbulli\/#primaryimage"},"image":{"@id":"https:\/\/elbullifoundation.com\/elbullistore\/ca\/product\/postales-la-historia-de-elbulli\/#primaryimage"},"thumbnailUrl":"https:\/\/elbullifoundation.com\/elbullistore\/wp-content\/uploads\/2023\/10\/postal6.png","datePublished":"2023-10-24T15:47:32+00:00","dateModified":"2026-03-29T16:27:31+00:00","breadcrumb":{"@id":"https:\/\/elbullifoundation.com\/elbullistore\/ca\/product\/postales-la-historia-de-elbulli\/#breadcrumb"},"inLanguage":"es","potentialAction":[{"@type":"ReadAction","target":["https:\/\/elbullifoundation.com\/elbullistore\/ca\/product\/postales-la-historia-de-elbulli\/"]}]},{"@type":"ImageObject","inLanguage":"es","@id":"https:\/\/elbullifoundation.com\/elbullistore\/ca\/product\/postales-la-historia-de-elbulli\/#primaryimage","url":"https:\/\/elbullifoundation.com\/elbullistore\/wp-content\/uploads\/2023\/10\/postal6.png","contentUrl":"https:\/\/elbullifoundation.com\/elbullistore\/wp-content\/uploads\/2023\/10\/postal6.png","width":1097,"height":1097},{"@type":"BreadcrumbList","@id":"https:\/\/elbullifoundation.com\/elbullistore\/ca\/product\/postales-la-historia-de-elbulli\/#breadcrumb","itemListElement":[{"@type":"ListItem","position":1,"name":"Portada","item":"https:\/\/elbullifoundation.com\/elbullistore\/"},{"@type":"ListItem","position":2,"name":"Productos","item":"https:\/\/elbullifoundation.com\/elbullistore\/shop\/"},{"@type":"ListItem","position":3,"name":"Postals La hist\u00f2ria de\u00a0elBulli"}]},{"@type":"WebSite","@id":"https:\/\/elbullifoundation.com\/elbullistore\/#website","url":"https:\/\/elbullifoundation.com\/elbullistore\/","name":"elBullistore","description":"","potentialAction":[{"@type":"SearchAction","target":{"@type":"EntryPoint","urlTemplate":"https:\/\/elbullifoundation.com\/elbullistore\/?s={search_term_string}"},"query-input":{"@type":"PropertyValueSpecification","valueRequired":true,"valueName":"search_term_string"}}],"inLanguage":"es"}]}},"lang":"ca","translations":{"ca":16968,"en":16967,"es":16871},"pll_sync_post":[],"_links":{"self":[{"href":"https:\/\/elbullifoundation.com\/elbullistore\/wp-json\/wp\/v2\/product\/16968","targetHints":{"allow":["GET"]}}],"collection":[{"href":"https:\/\/elbullifoundation.com\/elbullistore\/wp-json\/wp\/v2\/product"}],"about":[{"href":"https:\/\/elbullifoundation.com\/elbullistore\/wp-json\/wp\/v2\/types\/product"}],"replies":[{"embeddable":true,"href":"https:\/\/elbullifoundation.com\/elbullistore\/wp-json\/wp\/v2\/comments?post=16968"}],"wp:featuredmedia":[{"embeddable":true,"href":"https:\/\/elbullifoundation.com\/elbullistore\/wp-json\/wp\/v2\/media\/16921"}],"wp:attachment":[{"href":"https:\/\/elbullifoundation.com\/elbullistore\/wp-json\/wp\/v2\/media?parent=16968"}],"wp:term":[{"taxonomy":"product_brand","embeddable":true,"href":"https:\/\/elbullifoundation.com\/elbullistore\/wp-json\/wp\/v2\/product_brand?post=16968"},{"taxonomy":"product_cat","embeddable":true,"href":"https:\/\/elbullifoundation.com\/elbullistore\/wp-json\/wp\/v2\/product_cat?post=16968"},{"taxonomy":"product_tag","embeddable":true,"href":"https:\/\/elbullifoundation.com\/elbullistore\/wp-json\/wp\/v2\/product_tag?post=16968"}],"curies":[{"name":"wp","href":"https:\/\/api.w.org\/{rel}","templated":true}]}}