{"id":17115,"date":"2023-10-26T13:25:46","date_gmt":"2023-10-26T11:25:46","guid":{"rendered":"https:\/\/elbullifoundation.com\/elbullistore\/?post_type=product&#038;p=17115"},"modified":"2026-01-27T23:06:18","modified_gmt":"2026-01-27T22:06:18","slug":"cuaderno-de-bolsillo-mapa-del-genoma-del-proceso-culinario","status":"publish","type":"product","link":"https:\/\/elbullifoundation.com\/elbullistore\/ca\/product\/cuaderno-de-bolsillo-mapa-del-genoma-del-proceso-culinario\/","title":{"rendered":"Quadern de butxaca: Mapa del genoma del proc\u00e9s culinari"},"content":{"rendered":"<p>Un quadern de butxaca dissenyat per l&#8217;equip de elBullifoundation. Una mida compacta i port\u00e0til per a portar-lo c\u00f2modament a la butxaca d&#8217;una jaqueta o pantalons, per a tenir-lo sempre a m\u00e0, per a prendre notes o quan se t&#8217;acudeix una idea.<\/p>\n<p>&nbsp;<\/p>\n<p>Portada: Mapa del genoma del proc\u00e9s culinari. Mapa realitzat per Ferran Adri\u00e0<\/p>\n<p>&nbsp;<\/p>\n<p>Grand\u00e0ria: 15 x 9 x 0,9 cm<\/p>\n<p>50 fulles interiors en blanc<\/p>\n","protected":false},"excerpt":{"rendered":"<p>Un quadern de butxaca dissenyat per l&#8217;equip de elBullifoundation. Una mida compacta i port\u00e0til per a portar-lo c\u00f2modament a la butxaca d&#8217;una jaqueta o pantalons, per a tenir-lo sempre a m\u00e0, per a prendre notes o quan se t&#8217;acudeix una idea. &nbsp; Portada: Mapa del genoma del proc\u00e9s culinari. Mapa realitzat per Ferran Adri\u00e0 &nbsp; [&hellip;]<\/p>\n","protected":false},"featured_media":16868,"comment_status":"closed","ping_status":"closed","template":"","meta":{"_acf_changed":false},"product_brand":[],"product_cat":[2629],"product_tag":[],"class_list":{"0":"post-17115","1":"product","2":"type-product","3":"status-publish","4":"has-post-thumbnail","6":"product_cat-merchandising","8":"first","9":"instock","10":"taxable","11":"shipping-taxable","12":"purchasable","13":"product-type-simple"},"acf":[],"yoast_head":"<!-- This site is optimized with the Yoast SEO plugin v26.9 - https:\/\/yoast.com\/product\/yoast-seo-wordpress\/ -->\n<title>Quadern de butxaca: Mapa del genoma del proc\u00e9s culinari - elBullistore<\/title>\n<meta name=\"robots\" content=\"index, follow, max-snippet:-1, max-image-preview:large, max-video-preview:-1\" \/>\n<link rel=\"canonical\" href=\"https:\/\/elbullifoundation.com\/elbullistore\/ca\/product\/cuaderno-de-bolsillo-mapa-del-genoma-del-proceso-culinario\/\" \/>\n<meta property=\"og:locale\" content=\"es_ES\" \/>\n<meta property=\"og:type\" content=\"article\" \/>\n<meta property=\"og:title\" content=\"Quadern de butxaca: Mapa del genoma del proc\u00e9s culinari - elBullistore\" \/>\n<meta property=\"og:description\" content=\"Un quadern de butxaca dissenyat per l&#8217;equip de elBullifoundation. Una mida compacta i port\u00e0til per a portar-lo c\u00f2modament a la butxaca d&#8217;una jaqueta o pantalons, per a tenir-lo sempre a m\u00e0, per a prendre notes o quan se t&#8217;acudeix una idea. &nbsp; Portada: Mapa del genoma del proc\u00e9s culinari. Mapa realitzat per Ferran Adri\u00e0 &nbsp; [&hellip;]\" \/>\n<meta property=\"og:url\" content=\"https:\/\/elbullifoundation.com\/elbullistore\/ca\/product\/cuaderno-de-bolsillo-mapa-del-genoma-del-proceso-culinario\/\" \/>\n<meta property=\"og:site_name\" content=\"elBullistore\" \/>\n<meta property=\"article:modified_time\" content=\"2026-01-27T22:06:18+00:00\" \/>\n<meta property=\"og:image\" content=\"https:\/\/elbullifoundation.com\/elbullistore\/wp-content\/uploads\/2023\/10\/libreta2.png\" \/>\n\t<meta property=\"og:image:width\" content=\"1097\" \/>\n\t<meta property=\"og:image:height\" content=\"1097\" \/>\n\t<meta property=\"og:image:type\" content=\"image\/png\" \/>\n<meta name=\"twitter:card\" content=\"summary_large_image\" \/>\n<meta name=\"twitter:label1\" content=\"Tiempo de lectura\" \/>\n\t<meta name=\"twitter:data1\" content=\"1 minuto\" \/>\n<script type=\"application\/ld+json\" class=\"yoast-schema-graph\">{\"@context\":\"https:\/\/schema.org\",\"@graph\":[{\"@type\":\"WebPage\",\"@id\":\"https:\/\/elbullifoundation.com\/elbullistore\/ca\/product\/cuaderno-de-bolsillo-mapa-del-genoma-del-proceso-culinario\/\",\"url\":\"https:\/\/elbullifoundation.com\/elbullistore\/ca\/product\/cuaderno-de-bolsillo-mapa-del-genoma-del-proceso-culinario\/\",\"name\":\"Quadern de butxaca: Mapa del genoma del proc\u00e9s culinari - elBullistore\",\"isPartOf\":{\"@id\":\"https:\/\/elbullifoundation.com\/elbullistore\/#website\"},\"primaryImageOfPage\":{\"@id\":\"https:\/\/elbullifoundation.com\/elbullistore\/ca\/product\/cuaderno-de-bolsillo-mapa-del-genoma-del-proceso-culinario\/#primaryimage\"},\"image\":{\"@id\":\"https:\/\/elbullifoundation.com\/elbullistore\/ca\/product\/cuaderno-de-bolsillo-mapa-del-genoma-del-proceso-culinario\/#primaryimage\"},\"thumbnailUrl\":\"https:\/\/elbullifoundation.com\/elbullistore\/wp-content\/uploads\/2023\/10\/libreta2.png\",\"datePublished\":\"2023-10-26T11:25:46+00:00\",\"dateModified\":\"2026-01-27T22:06:18+00:00\",\"breadcrumb\":{\"@id\":\"https:\/\/elbullifoundation.com\/elbullistore\/ca\/product\/cuaderno-de-bolsillo-mapa-del-genoma-del-proceso-culinario\/#breadcrumb\"},\"inLanguage\":\"es\",\"potentialAction\":[{\"@type\":\"ReadAction\",\"target\":[\"https:\/\/elbullifoundation.com\/elbullistore\/ca\/product\/cuaderno-de-bolsillo-mapa-del-genoma-del-proceso-culinario\/\"]}]},{\"@type\":\"ImageObject\",\"inLanguage\":\"es\",\"@id\":\"https:\/\/elbullifoundation.com\/elbullistore\/ca\/product\/cuaderno-de-bolsillo-mapa-del-genoma-del-proceso-culinario\/#primaryimage\",\"url\":\"https:\/\/elbullifoundation.com\/elbullistore\/wp-content\/uploads\/2023\/10\/libreta2.png\",\"contentUrl\":\"https:\/\/elbullifoundation.com\/elbullistore\/wp-content\/uploads\/2023\/10\/libreta2.png\",\"width\":1097,\"height\":1097},{\"@type\":\"BreadcrumbList\",\"@id\":\"https:\/\/elbullifoundation.com\/elbullistore\/ca\/product\/cuaderno-de-bolsillo-mapa-del-genoma-del-proceso-culinario\/#breadcrumb\",\"itemListElement\":[{\"@type\":\"ListItem\",\"position\":1,\"name\":\"Portada\",\"item\":\"https:\/\/elbullifoundation.com\/elbullistore\/\"},{\"@type\":\"ListItem\",\"position\":2,\"name\":\"Productos\",\"item\":\"https:\/\/elbullifoundation.com\/elbullistore\/shop\/\"},{\"@type\":\"ListItem\",\"position\":3,\"name\":\"Quadern de butxaca: Mapa del genoma del proc\u00e9s culinari\"}]},{\"@type\":\"WebSite\",\"@id\":\"https:\/\/elbullifoundation.com\/elbullistore\/#website\",\"url\":\"https:\/\/elbullifoundation.com\/elbullistore\/\",\"name\":\"elBullistore\",\"description\":\"\",\"potentialAction\":[{\"@type\":\"SearchAction\",\"target\":{\"@type\":\"EntryPoint\",\"urlTemplate\":\"https:\/\/elbullifoundation.com\/elbullistore\/?s={search_term_string}\"},\"query-input\":{\"@type\":\"PropertyValueSpecification\",\"valueRequired\":true,\"valueName\":\"search_term_string\"}}],\"inLanguage\":\"es\"}]}<\/script>\n<!-- \/ Yoast SEO plugin. -->","yoast_head_json":{"title":"Quadern de butxaca: Mapa del genoma del proc\u00e9s culinari - elBullistore","robots":{"index":"index","follow":"follow","max-snippet":"max-snippet:-1","max-image-preview":"max-image-preview:large","max-video-preview":"max-video-preview:-1"},"canonical":"https:\/\/elbullifoundation.com\/elbullistore\/ca\/product\/cuaderno-de-bolsillo-mapa-del-genoma-del-proceso-culinario\/","og_locale":"es_ES","og_type":"article","og_title":"Quadern de butxaca: Mapa del genoma del proc\u00e9s culinari - elBullistore","og_description":"Un quadern de butxaca dissenyat per l&#8217;equip de elBullifoundation. Una mida compacta i port\u00e0til per a portar-lo c\u00f2modament a la butxaca d&#8217;una jaqueta o pantalons, per a tenir-lo sempre a m\u00e0, per a prendre notes o quan se t&#8217;acudeix una idea. &nbsp; Portada: Mapa del genoma del proc\u00e9s culinari. Mapa realitzat per Ferran Adri\u00e0 &nbsp; [&hellip;]","og_url":"https:\/\/elbullifoundation.com\/elbullistore\/ca\/product\/cuaderno-de-bolsillo-mapa-del-genoma-del-proceso-culinario\/","og_site_name":"elBullistore","article_modified_time":"2026-01-27T22:06:18+00:00","og_image":[{"width":1097,"height":1097,"url":"https:\/\/elbullifoundation.com\/elbullistore\/wp-content\/uploads\/2023\/10\/libreta2.png","type":"image\/png"}],"twitter_card":"summary_large_image","twitter_misc":{"Tiempo de lectura":"1 minuto"},"schema":{"@context":"https:\/\/schema.org","@graph":[{"@type":"WebPage","@id":"https:\/\/elbullifoundation.com\/elbullistore\/ca\/product\/cuaderno-de-bolsillo-mapa-del-genoma-del-proceso-culinario\/","url":"https:\/\/elbullifoundation.com\/elbullistore\/ca\/product\/cuaderno-de-bolsillo-mapa-del-genoma-del-proceso-culinario\/","name":"Quadern de butxaca: Mapa del genoma del proc\u00e9s culinari - elBullistore","isPartOf":{"@id":"https:\/\/elbullifoundation.com\/elbullistore\/#website"},"primaryImageOfPage":{"@id":"https:\/\/elbullifoundation.com\/elbullistore\/ca\/product\/cuaderno-de-bolsillo-mapa-del-genoma-del-proceso-culinario\/#primaryimage"},"image":{"@id":"https:\/\/elbullifoundation.com\/elbullistore\/ca\/product\/cuaderno-de-bolsillo-mapa-del-genoma-del-proceso-culinario\/#primaryimage"},"thumbnailUrl":"https:\/\/elbullifoundation.com\/elbullistore\/wp-content\/uploads\/2023\/10\/libreta2.png","datePublished":"2023-10-26T11:25:46+00:00","dateModified":"2026-01-27T22:06:18+00:00","breadcrumb":{"@id":"https:\/\/elbullifoundation.com\/elbullistore\/ca\/product\/cuaderno-de-bolsillo-mapa-del-genoma-del-proceso-culinario\/#breadcrumb"},"inLanguage":"es","potentialAction":[{"@type":"ReadAction","target":["https:\/\/elbullifoundation.com\/elbullistore\/ca\/product\/cuaderno-de-bolsillo-mapa-del-genoma-del-proceso-culinario\/"]}]},{"@type":"ImageObject","inLanguage":"es","@id":"https:\/\/elbullifoundation.com\/elbullistore\/ca\/product\/cuaderno-de-bolsillo-mapa-del-genoma-del-proceso-culinario\/#primaryimage","url":"https:\/\/elbullifoundation.com\/elbullistore\/wp-content\/uploads\/2023\/10\/libreta2.png","contentUrl":"https:\/\/elbullifoundation.com\/elbullistore\/wp-content\/uploads\/2023\/10\/libreta2.png","width":1097,"height":1097},{"@type":"BreadcrumbList","@id":"https:\/\/elbullifoundation.com\/elbullistore\/ca\/product\/cuaderno-de-bolsillo-mapa-del-genoma-del-proceso-culinario\/#breadcrumb","itemListElement":[{"@type":"ListItem","position":1,"name":"Portada","item":"https:\/\/elbullifoundation.com\/elbullistore\/"},{"@type":"ListItem","position":2,"name":"Productos","item":"https:\/\/elbullifoundation.com\/elbullistore\/shop\/"},{"@type":"ListItem","position":3,"name":"Quadern de butxaca: Mapa del genoma del proc\u00e9s culinari"}]},{"@type":"WebSite","@id":"https:\/\/elbullifoundation.com\/elbullistore\/#website","url":"https:\/\/elbullifoundation.com\/elbullistore\/","name":"elBullistore","description":"","potentialAction":[{"@type":"SearchAction","target":{"@type":"EntryPoint","urlTemplate":"https:\/\/elbullifoundation.com\/elbullistore\/?s={search_term_string}"},"query-input":{"@type":"PropertyValueSpecification","valueRequired":true,"valueName":"search_term_string"}}],"inLanguage":"es"}]}},"lang":"ca","translations":{"ca":17115,"en":17114,"es":17113},"pll_sync_post":[],"_links":{"self":[{"href":"https:\/\/elbullifoundation.com\/elbullistore\/wp-json\/wp\/v2\/product\/17115","targetHints":{"allow":["GET"]}}],"collection":[{"href":"https:\/\/elbullifoundation.com\/elbullistore\/wp-json\/wp\/v2\/product"}],"about":[{"href":"https:\/\/elbullifoundation.com\/elbullistore\/wp-json\/wp\/v2\/types\/product"}],"replies":[{"embeddable":true,"href":"https:\/\/elbullifoundation.com\/elbullistore\/wp-json\/wp\/v2\/comments?post=17115"}],"wp:featuredmedia":[{"embeddable":true,"href":"https:\/\/elbullifoundation.com\/elbullistore\/wp-json\/wp\/v2\/media\/16868"}],"wp:attachment":[{"href":"https:\/\/elbullifoundation.com\/elbullistore\/wp-json\/wp\/v2\/media?parent=17115"}],"wp:term":[{"taxonomy":"product_brand","embeddable":true,"href":"https:\/\/elbullifoundation.com\/elbullistore\/wp-json\/wp\/v2\/product_brand?post=17115"},{"taxonomy":"product_cat","embeddable":true,"href":"https:\/\/elbullifoundation.com\/elbullistore\/wp-json\/wp\/v2\/product_cat?post=17115"},{"taxonomy":"product_tag","embeddable":true,"href":"https:\/\/elbullifoundation.com\/elbullistore\/wp-json\/wp\/v2\/product_tag?post=17115"}],"curies":[{"name":"wp","href":"https:\/\/api.w.org\/{rel}","templated":true}]}}

Quadern de butxaca: Mapa del genoma del procés culinari

<p>Un quadern de butxaca dissenyat per l&#8217;equip de elBullifoundation. Una mida compacta i portàtil per a portar-lo còmodament a la butxaca d&#8217;una jaqueta o pantalons, per a tenir-lo sempre a mà, per a prendre notes o quan se t&#8217;acudeix una idea.</p>
<p>&nbsp;</p>
<p>Portada: Mapa del genoma del procés culinari. Mapa realitzat per Ferran Adrià</p>
<p>&nbsp;</p>
<p>Grandària: 15 x 9 x 0,9 cm</p>
<p>50 fulles interiors en blanc</p>

<p>Un quadern de butxaca dissenyat per l&#8217;equip de elBullifoundation. Una mida compacta i portàtil per a portar-lo còmodament a la butxaca d&#8217;una jaqueta o pantalons, per a tenir-lo sempre a mà, per a prendre notes o quan se t&#8217;acudeix una idea. &nbsp; Portada: Mapa del genoma del procés culinari. Mapa realitzat per Ferran Adrià &nbsp; [&hellip;]</p>

<!-- This site is optimized with the Yoast SEO plugin v26.9 - https://yoast.com/product/yoast-seo-wordpress/ -->
<title>Quadern de butxaca: Mapa del genoma del procés culinari - elBullistore</title>
<meta name="robots" content="index, follow, max-snippet:-1, max-image-preview:large, max-video-preview:-1" />
<link rel="canonical" href="https://elbullifoundation.com/elbullistore/ca/product/cuaderno-de-bolsillo-mapa-del-genoma-del-proceso-culinario/" />
<meta property="og:locale" content="es_ES" />
<meta property="og:type" content="article" />
<meta property="og:title" content="Quadern de butxaca: Mapa del genoma del procés culinari - elBullistore" />
<meta property="og:description" content="Un quadern de butxaca dissenyat per l&#8217;equip de elBullifoundation. Una mida compacta i portàtil per a portar-lo còmodament a la butxaca d&#8217;una jaqueta o pantalons, per a tenir-lo sempre a mà, per a prendre notes o quan se t&#8217;acudeix una idea. &nbsp; Portada: Mapa del genoma del procés culinari. Mapa realitzat per Ferran Adrià &nbsp; [&hellip;]" />
<meta property="og:url" content="https://elbullifoundation.com/elbullistore/ca/product/cuaderno-de-bolsillo-mapa-del-genoma-del-proceso-culinario/" />
<meta property="og:site_name" content="elBullistore" />
<meta property="article:modified_time" content="2026-01-27T22:06:18+00:00" />
<meta property="og:image" content="https://elbullifoundation.com/elbullistore/wp-content/uploads/2023/10/libreta2.png" />
	<meta property="og:image:width" content="1097" />
	<meta property="og:image:height" content="1097" />
	<meta property="og:image:type" content="image/png" />
<meta name="twitter:card" content="summary_large_image" />
<meta name="twitter:label1" content="Tiempo de lectura" />
	<meta name="twitter:data1" content="1 minuto" />
<script type="application/ld+json" class="yoast-schema-graph">{"@context":"https://schema.org","@graph":[{"@type":"WebPage","@id":"https://elbullifoundation.com/elbullistore/ca/product/cuaderno-de-bolsillo-mapa-del-genoma-del-proceso-culinario/","url":"https://elbullifoundation.com/elbullistore/ca/product/cuaderno-de-bolsillo-mapa-del-genoma-del-proceso-culinario/","name":"Quadern de butxaca: Mapa del genoma del procés culinari - elBullistore","isPartOf":{"@id":"https://elbullifoundation.com/elbullistore/#website"},"primaryImageOfPage":{"@id":"https://elbullifoundation.com/elbullistore/ca/product/cuaderno-de-bolsillo-mapa-del-genoma-del-proceso-culinario/#primaryimage"},"image":{"@id":"https://elbullifoundation.com/elbullistore/ca/product/cuaderno-de-bolsillo-mapa-del-genoma-del-proceso-culinario/#primaryimage"},"thumbnailUrl":"https://elbullifoundation.com/elbullistore/wp-content/uploads/2023/10/libreta2.png","datePublished":"2023-10-26T11:25:46+00:00","dateModified":"2026-01-27T22:06:18+00:00","breadcrumb":{"@id":"https://elbullifoundation.com/elbullistore/ca/product/cuaderno-de-bolsillo-mapa-del-genoma-del-proceso-culinario/#breadcrumb"},"inLanguage":"es","potentialAction":[{"@type":"ReadAction","target":["https://elbullifoundation.com/elbullistore/ca/product/cuaderno-de-bolsillo-mapa-del-genoma-del-proceso-culinario/"]}]},{"@type":"ImageObject","inLanguage":"es","@id":"https://elbullifoundation.com/elbullistore/ca/product/cuaderno-de-bolsillo-mapa-del-genoma-del-proceso-culinario/#primaryimage","url":"https://elbullifoundation.com/elbullistore/wp-content/uploads/2023/10/libreta2.png","contentUrl":"https://elbullifoundation.com/elbullistore/wp-content/uploads/2023/10/libreta2.png","width":1097,"height":1097},{"@type":"BreadcrumbList","@id":"https://elbullifoundation.com/elbullistore/ca/product/cuaderno-de-bolsillo-mapa-del-genoma-del-proceso-culinario/#breadcrumb","itemListElement":[{"@type":"ListItem","position":1,"name":"Portada","item":"https://elbullifoundation.com/elbullistore/"},{"@type":"ListItem","position":2,"name":"Productos","item":"https://elbullifoundation.com/elbullistore/shop/"},{"@type":"ListItem","position":3,"name":"Quadern de butxaca: Mapa del genoma del procés culinari"}]},{"@type":"WebSite","@id":"https://elbullifoundation.com/elbullistore/#website","url":"https://elbullifoundation.com/elbullistore/","name":"elBullistore","description":"","potentialAction":[{"@type":"SearchAction","target":{"@type":"EntryPoint","urlTemplate":"https://elbullifoundation.com/elbullistore/?s={search_term_string}"},"query-input":{"@type":"PropertyValueSpecification","valueRequired":true,"valueName":"search_term_string"}}],"inLanguage":"es"}]}</script>
<!-- / Yoast SEO plugin. -->

Quadern de butxaca: Mapa del genoma del procés culinari - elBullistore

Un quadern de butxaca dissenyat per l&#8217;equip de elBullifoundation. Una mida compacta i portàtil per a portar-lo còmodament a la butxaca d&#8217;una jaqueta o pantalons, per a tenir-lo sempre a mà, per a prendre notes o quan se t&#8217;acudeix una idea. &nbsp; Portada: Mapa del genoma del procés culinari. Mapa realitzat per Ferran Adrià &nbsp; [&hellip;]
