{"id":208,"date":"2017-08-22T08:32:52","date_gmt":"2017-08-22T08:32:52","guid":{"rendered":"https:\/\/elbullifoundation.com\/elbullistore\/producto\/comida-para-pensar-pensar-sobre-el-comer\/"},"modified":"2023-11-10T10:39:48","modified_gmt":"2023-11-10T09:39:48","slug":"food-for-thought","status":"publish","type":"product","link":"https:\/\/elbullifoundation.com\/elbullistore\/en\/product\/food-for-thought\/","title":{"rendered":"Food for Thought. Thought for Food: A Reflection on the Creative Universe of Ferran Adri\u00e0."},"content":{"rendered":"<p>A reflection on Ferran Adri\u00e0&#8217;s participation in <em>Documenta 12<\/em>, edited by Vicente Todol\u00ed, director of the Tate Modern in London, and Richard Hamilton, painter and father of pop-art. <em>Food for Thought<\/em> brings together the testimony, debates, writings and round table discussions of artists, chefs, art critics and gallerists. It presents the voices of renowned figures from the worlds of art and cooking, in debates which set out to open the boundaries between cooking and art. This volume details Ferran Adri\u00e0&#8217;s participation in <em>Documenta 12<\/em> and explores the repercussions that the chef&#8217;s immersion in the world of art continues to provoke. In addition, the book gathers together, in an orderly and stimulating manner, the most highly regarded and widely read theoretical texts on the philosophy of Adri\u00e0\u2019s restaurant, elBulli, which was awarded 3 Michelin stars and recognised as the best restaurant in the world on five occasions by the magazine, <em>Restaurant<\/em>.<\/p>\n<p>&nbsp;<\/p>\n<p>Pages long: 343<\/p>\n<p>Book size: 25&#215;18 cm<\/p>\n<p>Weight: 1,380 gr<\/p>\n","protected":false},"excerpt":{"rendered":"<p>A reflection on Ferran Adri\u00e0&#8217;s participation in Documenta 12, edited by Vicente Todol\u00ed, director of the Tate Modern in London, and Richard Hamilton, painter and father of pop-art. Food for Thought brings together the testimony, debates, writings and round table discussions of artists, chefs, art critics and gallerists. It presents the voices of renowned figures [&hellip;]<\/p>\n","protected":false},"featured_media":1513,"comment_status":"open","ping_status":"closed","template":"","meta":{"_acf_changed":false},"product_brand":[],"product_cat":[35],"product_tag":[],"class_list":{"0":"post-208","1":"product","2":"type-product","3":"status-publish","4":"has-post-thumbnail","6":"product_cat-otros-en","7":"product_shipping_class-envio-2k-en","9":"first","10":"instock","11":"taxable","12":"shipping-taxable","13":"purchasable","14":"product-type-variable"},"acf":[],"yoast_head":"<!-- This site is optimized with the Yoast SEO plugin v26.9 - https:\/\/yoast.com\/product\/yoast-seo-wordpress\/ -->\n<title>Food for Thought. Thought for Food: A Reflection on the Creative Universe of Ferran Adri\u00e0. - elBullistore<\/title>\n<meta name=\"robots\" content=\"index, follow, max-snippet:-1, max-image-preview:large, max-video-preview:-1\" \/>\n<link rel=\"canonical\" href=\"https:\/\/elbullifoundation.com\/elbullistore\/en\/product\/food-for-thought\/\" \/>\n<meta property=\"og:locale\" content=\"es_ES\" \/>\n<meta property=\"og:type\" content=\"article\" \/>\n<meta property=\"og:title\" content=\"Food for Thought. Thought for Food: A Reflection on the Creative Universe of Ferran Adri\u00e0. - elBullistore\" \/>\n<meta property=\"og:description\" content=\"A reflection on Ferran Adri\u00e0&#8217;s participation in Documenta 12, edited by Vicente Todol\u00ed, director of the Tate Modern in London, and Richard Hamilton, painter and father of pop-art. Food for Thought brings together the testimony, debates, writings and round table discussions of artists, chefs, art critics and gallerists. It presents the voices of renowned figures [&hellip;]\" \/>\n<meta property=\"og:url\" content=\"https:\/\/elbullifoundation.com\/elbullistore\/en\/product\/food-for-thought\/\" \/>\n<meta property=\"og:site_name\" content=\"elBullistore\" \/>\n<meta property=\"article:modified_time\" content=\"2023-11-10T09:39:48+00:00\" \/>\n<meta property=\"og:image\" content=\"https:\/\/elbullifoundation.com\/elbullistore\/wp-content\/uploads\/2017\/08\/comida-para-pensar.jpg\" \/>\n\t<meta property=\"og:image:width\" content=\"900\" \/>\n\t<meta property=\"og:image:height\" content=\"641\" \/>\n\t<meta property=\"og:image:type\" content=\"image\/jpeg\" \/>\n<meta name=\"twitter:card\" content=\"summary_large_image\" \/>\n<meta name=\"twitter:label1\" content=\"Tiempo de lectura\" \/>\n\t<meta name=\"twitter:data1\" content=\"1 minuto\" \/>\n<script type=\"application\/ld+json\" class=\"yoast-schema-graph\">{\"@context\":\"https:\/\/schema.org\",\"@graph\":[{\"@type\":\"WebPage\",\"@id\":\"https:\/\/elbullifoundation.com\/elbullistore\/en\/product\/food-for-thought\/\",\"url\":\"https:\/\/elbullifoundation.com\/elbullistore\/en\/product\/food-for-thought\/\",\"name\":\"Food for Thought. Thought for Food: A Reflection on the Creative Universe of Ferran Adri\u00e0. - elBullistore\",\"isPartOf\":{\"@id\":\"https:\/\/elbullifoundation.com\/elbullistore\/#website\"},\"primaryImageOfPage\":{\"@id\":\"https:\/\/elbullifoundation.com\/elbullistore\/en\/product\/food-for-thought\/#primaryimage\"},\"image\":{\"@id\":\"https:\/\/elbullifoundation.com\/elbullistore\/en\/product\/food-for-thought\/#primaryimage\"},\"thumbnailUrl\":\"https:\/\/elbullifoundation.com\/elbullistore\/wp-content\/uploads\/2017\/08\/comida-para-pensar.jpg\",\"datePublished\":\"2017-08-22T08:32:52+00:00\",\"dateModified\":\"2023-11-10T09:39:48+00:00\",\"breadcrumb\":{\"@id\":\"https:\/\/elbullifoundation.com\/elbullistore\/en\/product\/food-for-thought\/#breadcrumb\"},\"inLanguage\":\"es\",\"potentialAction\":[{\"@type\":\"ReadAction\",\"target\":[\"https:\/\/elbullifoundation.com\/elbullistore\/en\/product\/food-for-thought\/\"]}]},{\"@type\":\"ImageObject\",\"inLanguage\":\"es\",\"@id\":\"https:\/\/elbullifoundation.com\/elbullistore\/en\/product\/food-for-thought\/#primaryimage\",\"url\":\"https:\/\/elbullifoundation.com\/elbullistore\/wp-content\/uploads\/2017\/08\/comida-para-pensar.jpg\",\"contentUrl\":\"https:\/\/elbullifoundation.com\/elbullistore\/wp-content\/uploads\/2017\/08\/comida-para-pensar.jpg\",\"width\":900,\"height\":641},{\"@type\":\"BreadcrumbList\",\"@id\":\"https:\/\/elbullifoundation.com\/elbullistore\/en\/product\/food-for-thought\/#breadcrumb\",\"itemListElement\":[{\"@type\":\"ListItem\",\"position\":1,\"name\":\"Portada\",\"item\":\"https:\/\/elbullifoundation.com\/elbullistore\/\"},{\"@type\":\"ListItem\",\"position\":2,\"name\":\"Productos\",\"item\":\"https:\/\/elbullifoundation.com\/elbullistore\/shop\/\"},{\"@type\":\"ListItem\",\"position\":3,\"name\":\"Food for Thought. Thought for Food: A Reflection on the Creative Universe of Ferran Adri\u00e0.\"}]},{\"@type\":\"WebSite\",\"@id\":\"https:\/\/elbullifoundation.com\/elbullistore\/#website\",\"url\":\"https:\/\/elbullifoundation.com\/elbullistore\/\",\"name\":\"elBullistore\",\"description\":\"\",\"potentialAction\":[{\"@type\":\"SearchAction\",\"target\":{\"@type\":\"EntryPoint\",\"urlTemplate\":\"https:\/\/elbullifoundation.com\/elbullistore\/?s={search_term_string}\"},\"query-input\":{\"@type\":\"PropertyValueSpecification\",\"valueRequired\":true,\"valueName\":\"search_term_string\"}}],\"inLanguage\":\"es\"}]}<\/script>\n<!-- \/ Yoast SEO plugin. -->","yoast_head_json":{"title":"Food for Thought. Thought for Food: A Reflection on the Creative Universe of Ferran Adri\u00e0. - elBullistore","robots":{"index":"index","follow":"follow","max-snippet":"max-snippet:-1","max-image-preview":"max-image-preview:large","max-video-preview":"max-video-preview:-1"},"canonical":"https:\/\/elbullifoundation.com\/elbullistore\/en\/product\/food-for-thought\/","og_locale":"es_ES","og_type":"article","og_title":"Food for Thought. Thought for Food: A Reflection on the Creative Universe of Ferran Adri\u00e0. - elBullistore","og_description":"A reflection on Ferran Adri\u00e0&#8217;s participation in Documenta 12, edited by Vicente Todol\u00ed, director of the Tate Modern in London, and Richard Hamilton, painter and father of pop-art. Food for Thought brings together the testimony, debates, writings and round table discussions of artists, chefs, art critics and gallerists. It presents the voices of renowned figures [&hellip;]","og_url":"https:\/\/elbullifoundation.com\/elbullistore\/en\/product\/food-for-thought\/","og_site_name":"elBullistore","article_modified_time":"2023-11-10T09:39:48+00:00","og_image":[{"width":900,"height":641,"url":"https:\/\/elbullifoundation.com\/elbullistore\/wp-content\/uploads\/2017\/08\/comida-para-pensar.jpg","type":"image\/jpeg"}],"twitter_card":"summary_large_image","twitter_misc":{"Tiempo de lectura":"1 minuto"},"schema":{"@context":"https:\/\/schema.org","@graph":[{"@type":"WebPage","@id":"https:\/\/elbullifoundation.com\/elbullistore\/en\/product\/food-for-thought\/","url":"https:\/\/elbullifoundation.com\/elbullistore\/en\/product\/food-for-thought\/","name":"Food for Thought. Thought for Food: A Reflection on the Creative Universe of Ferran Adri\u00e0. - elBullistore","isPartOf":{"@id":"https:\/\/elbullifoundation.com\/elbullistore\/#website"},"primaryImageOfPage":{"@id":"https:\/\/elbullifoundation.com\/elbullistore\/en\/product\/food-for-thought\/#primaryimage"},"image":{"@id":"https:\/\/elbullifoundation.com\/elbullistore\/en\/product\/food-for-thought\/#primaryimage"},"thumbnailUrl":"https:\/\/elbullifoundation.com\/elbullistore\/wp-content\/uploads\/2017\/08\/comida-para-pensar.jpg","datePublished":"2017-08-22T08:32:52+00:00","dateModified":"2023-11-10T09:39:48+00:00","breadcrumb":{"@id":"https:\/\/elbullifoundation.com\/elbullistore\/en\/product\/food-for-thought\/#breadcrumb"},"inLanguage":"es","potentialAction":[{"@type":"ReadAction","target":["https:\/\/elbullifoundation.com\/elbullistore\/en\/product\/food-for-thought\/"]}]},{"@type":"ImageObject","inLanguage":"es","@id":"https:\/\/elbullifoundation.com\/elbullistore\/en\/product\/food-for-thought\/#primaryimage","url":"https:\/\/elbullifoundation.com\/elbullistore\/wp-content\/uploads\/2017\/08\/comida-para-pensar.jpg","contentUrl":"https:\/\/elbullifoundation.com\/elbullistore\/wp-content\/uploads\/2017\/08\/comida-para-pensar.jpg","width":900,"height":641},{"@type":"BreadcrumbList","@id":"https:\/\/elbullifoundation.com\/elbullistore\/en\/product\/food-for-thought\/#breadcrumb","itemListElement":[{"@type":"ListItem","position":1,"name":"Portada","item":"https:\/\/elbullifoundation.com\/elbullistore\/"},{"@type":"ListItem","position":2,"name":"Productos","item":"https:\/\/elbullifoundation.com\/elbullistore\/shop\/"},{"@type":"ListItem","position":3,"name":"Food for Thought. Thought for Food: A Reflection on the Creative Universe of Ferran Adri\u00e0."}]},{"@type":"WebSite","@id":"https:\/\/elbullifoundation.com\/elbullistore\/#website","url":"https:\/\/elbullifoundation.com\/elbullistore\/","name":"elBullistore","description":"","potentialAction":[{"@type":"SearchAction","target":{"@type":"EntryPoint","urlTemplate":"https:\/\/elbullifoundation.com\/elbullistore\/?s={search_term_string}"},"query-input":{"@type":"PropertyValueSpecification","valueRequired":true,"valueName":"search_term_string"}}],"inLanguage":"es"}]}},"lang":"en","translations":{"en":208},"pll_sync_post":[],"_links":{"self":[{"href":"https:\/\/elbullifoundation.com\/elbullistore\/wp-json\/wp\/v2\/product\/208","targetHints":{"allow":["GET"]}}],"collection":[{"href":"https:\/\/elbullifoundation.com\/elbullistore\/wp-json\/wp\/v2\/product"}],"about":[{"href":"https:\/\/elbullifoundation.com\/elbullistore\/wp-json\/wp\/v2\/types\/product"}],"replies":[{"embeddable":true,"href":"https:\/\/elbullifoundation.com\/elbullistore\/wp-json\/wp\/v2\/comments?post=208"}],"wp:featuredmedia":[{"embeddable":true,"href":"https:\/\/elbullifoundation.com\/elbullistore\/wp-json\/wp\/v2\/media\/1513"}],"wp:attachment":[{"href":"https:\/\/elbullifoundation.com\/elbullistore\/wp-json\/wp\/v2\/media?parent=208"}],"wp:term":[{"taxonomy":"product_brand","embeddable":true,"href":"https:\/\/elbullifoundation.com\/elbullistore\/wp-json\/wp\/v2\/product_brand?post=208"},{"taxonomy":"product_cat","embeddable":true,"href":"https:\/\/elbullifoundation.com\/elbullistore\/wp-json\/wp\/v2\/product_cat?post=208"},{"taxonomy":"product_tag","embeddable":true,"href":"https:\/\/elbullifoundation.com\/elbullistore\/wp-json\/wp\/v2\/product_tag?post=208"}],"curies":[{"name":"wp","href":"https:\/\/api.w.org\/{rel}","templated":true}]}}

Food for Thought. Thought for Food: A Reflection on the Creative Universe of Ferran Adrià.

<p>A reflection on Ferran Adrià&#8217;s participation in <em>Documenta 12</em>, edited by Vicente Todolí, director of the Tate Modern in London, and Richard Hamilton, painter and father of pop-art. <em>Food for Thought</em> brings together the testimony, debates, writings and round table discussions of artists, chefs, art critics and gallerists. It presents the voices of renowned figures from the worlds of art and cooking, in debates which set out to open the boundaries between cooking and art. This volume details Ferran Adrià&#8217;s participation in <em>Documenta 12</em> and explores the repercussions that the chef&#8217;s immersion in the world of art continues to provoke. In addition, the book gathers together, in an orderly and stimulating manner, the most highly regarded and widely read theoretical texts on the philosophy of Adrià’s restaurant, elBulli, which was awarded 3 Michelin stars and recognised as the best restaurant in the world on five occasions by the magazine, <em>Restaurant</em>.</p>
<p>&nbsp;</p>
<p>Pages long: 343</p>
<p>Book size: 25&#215;18 cm</p>
<p>Weight: 1,380 gr</p>

<p>A reflection on Ferran Adrià&#8217;s participation in Documenta 12, edited by Vicente Todolí, director of the Tate Modern in London, and Richard Hamilton, painter and father of pop-art. Food for Thought brings together the testimony, debates, writings and round table discussions of artists, chefs, art critics and gallerists. It presents the voices of renowned figures [&hellip;]</p>

<!-- This site is optimized with the Yoast SEO plugin v26.9 - https://yoast.com/product/yoast-seo-wordpress/ -->
<title>Food for Thought. Thought for Food: A Reflection on the Creative Universe of Ferran Adrià. - elBullistore</title>
<meta name="robots" content="index, follow, max-snippet:-1, max-image-preview:large, max-video-preview:-1" />
<link rel="canonical" href="https://elbullifoundation.com/elbullistore/en/product/food-for-thought/" />
<meta property="og:locale" content="es_ES" />
<meta property="og:type" content="article" />
<meta property="og:title" content="Food for Thought. Thought for Food: A Reflection on the Creative Universe of Ferran Adrià. - elBullistore" />
<meta property="og:description" content="A reflection on Ferran Adrià&#8217;s participation in Documenta 12, edited by Vicente Todolí, director of the Tate Modern in London, and Richard Hamilton, painter and father of pop-art. Food for Thought brings together the testimony, debates, writings and round table discussions of artists, chefs, art critics and gallerists. It presents the voices of renowned figures [&hellip;]" />
<meta property="og:url" content="https://elbullifoundation.com/elbullistore/en/product/food-for-thought/" />
<meta property="og:site_name" content="elBullistore" />
<meta property="article:modified_time" content="2023-11-10T09:39:48+00:00" />
<meta property="og:image" content="https://elbullifoundation.com/elbullistore/wp-content/uploads/2017/08/comida-para-pensar.jpg" />
	<meta property="og:image:width" content="900" />
	<meta property="og:image:height" content="641" />
	<meta property="og:image:type" content="image/jpeg" />
<meta name="twitter:card" content="summary_large_image" />
<meta name="twitter:label1" content="Tiempo de lectura" />
	<meta name="twitter:data1" content="1 minuto" />
<script type="application/ld+json" class="yoast-schema-graph">{"@context":"https://schema.org","@graph":[{"@type":"WebPage","@id":"https://elbullifoundation.com/elbullistore/en/product/food-for-thought/","url":"https://elbullifoundation.com/elbullistore/en/product/food-for-thought/","name":"Food for Thought. Thought for Food: A Reflection on the Creative Universe of Ferran Adrià. - elBullistore","isPartOf":{"@id":"https://elbullifoundation.com/elbullistore/#website"},"primaryImageOfPage":{"@id":"https://elbullifoundation.com/elbullistore/en/product/food-for-thought/#primaryimage"},"image":{"@id":"https://elbullifoundation.com/elbullistore/en/product/food-for-thought/#primaryimage"},"thumbnailUrl":"https://elbullifoundation.com/elbullistore/wp-content/uploads/2017/08/comida-para-pensar.jpg","datePublished":"2017-08-22T08:32:52+00:00","dateModified":"2023-11-10T09:39:48+00:00","breadcrumb":{"@id":"https://elbullifoundation.com/elbullistore/en/product/food-for-thought/#breadcrumb"},"inLanguage":"es","potentialAction":[{"@type":"ReadAction","target":["https://elbullifoundation.com/elbullistore/en/product/food-for-thought/"]}]},{"@type":"ImageObject","inLanguage":"es","@id":"https://elbullifoundation.com/elbullistore/en/product/food-for-thought/#primaryimage","url":"https://elbullifoundation.com/elbullistore/wp-content/uploads/2017/08/comida-para-pensar.jpg","contentUrl":"https://elbullifoundation.com/elbullistore/wp-content/uploads/2017/08/comida-para-pensar.jpg","width":900,"height":641},{"@type":"BreadcrumbList","@id":"https://elbullifoundation.com/elbullistore/en/product/food-for-thought/#breadcrumb","itemListElement":[{"@type":"ListItem","position":1,"name":"Portada","item":"https://elbullifoundation.com/elbullistore/"},{"@type":"ListItem","position":2,"name":"Productos","item":"https://elbullifoundation.com/elbullistore/shop/"},{"@type":"ListItem","position":3,"name":"Food for Thought. Thought for Food: A Reflection on the Creative Universe of Ferran Adrià."}]},{"@type":"WebSite","@id":"https://elbullifoundation.com/elbullistore/#website","url":"https://elbullifoundation.com/elbullistore/","name":"elBullistore","description":"","potentialAction":[{"@type":"SearchAction","target":{"@type":"EntryPoint","urlTemplate":"https://elbullifoundation.com/elbullistore/?s={search_term_string}"},"query-input":{"@type":"PropertyValueSpecification","valueRequired":true,"valueName":"search_term_string"}}],"inLanguage":"es"}]}</script>
<!-- / Yoast SEO plugin. -->

Food for Thought. Thought for Food: A Reflection on the Creative Universe of Ferran Adrià. - elBullistore

A reflection on Ferran Adrià&#8217;s participation in Documenta 12, edited by Vicente Todolí, director of the Tate Modern in London, and Richard Hamilton, painter and father of pop-art. Food for Thought brings together the testimony, debates, writings and round table discussions of artists, chefs, art critics and gallerists. It presents the voices of renowned figures [&hellip;]
