{"id":4635,"date":"2018-05-25T12:43:18","date_gmt":"2018-05-25T10:43:18","guid":{"rendered":"https:\/\/elbullifoundation.com\/elbullistore\/producto\/picasso-cocina\/"},"modified":"2024-10-03T13:45:24","modified_gmt":"2024-10-03T11:45:24","slug":"picasso-edition-the-origins-of-cooking","status":"publish","type":"product","link":"https:\/\/elbullifoundation.com\/elbullistore\/en\/product\/picasso-edition-the-origins-of-cooking\/","title":{"rendered":"Edici\u00f3n Picasso; C\u00f3mo Empez\u00f3 La Cocina"},"content":{"rendered":"<p><em>Picasso Edition. The Origins of Cooking<\/em><\/p>\n<p>Published by elBullibooks following the <em>Picasso\u2019s Kitchen<\/em> exhibition held at the Picasso Museum in Barcelona from May 25 to September 30, 2018.<\/p>\n<p>&nbsp;<\/p>\n<p>Book length: 210 pages<\/p>\n<p>Introductory text: <em>Where the paths cross. An interview with Ferran Adri\u00e0:<\/em> Emmanuel Guigon, J\u00e8ssica Jacques<\/p>\n<p>Book dimensions: 23&#215;33 cm<\/p>\n<p>Weight: 1,805 g<\/p>\n<p>ISBN:\u00a0978-8409017140<\/p>\n","protected":false},"excerpt":{"rendered":"<p>Picasso Edition. The Origins of Cooking Published by elBullibooks following the Picasso\u2019s Kitchen exhibition held at the Picasso Museum in Barcelona from May 25 to September 30, 2018. &nbsp; Book length: 210 pages Introductory text: Where the paths cross. An interview with Ferran Adri\u00e0: Emmanuel Guigon, J\u00e8ssica Jacques Book dimensions: 23&#215;33 cm Weight: 1,805 g [&hellip;]<\/p>\n","protected":false},"featured_media":3589,"comment_status":"closed","ping_status":"closed","template":"","meta":{"_acf_changed":false},"product_brand":[],"product_cat":[35],"product_tag":[190,191,192,193,194,195,196,197],"class_list":{"0":"post-4635","1":"product","2":"type-product","3":"status-publish","4":"has-post-thumbnail","6":"product_cat-otros-en","7":"product_tag-bullipedia-en","8":"product_tag-elbulli-en","9":"product_tag-elbullifoundation-en","10":"product_tag-exposicion-en","11":"product_tag-ferran-adria-en","12":"product_tag-la-cocina-de-picasso-en","13":"product_tag-libro-en","14":"product_tag-picasso-en","15":"product_shipping_class-envio-3k-en","17":"first","18":"instock","19":"taxable","20":"shipping-taxable","21":"purchasable","22":"product-type-simple"},"acf":[],"yoast_head":"<!-- This site is optimized with the Yoast SEO plugin v26.9 - https:\/\/yoast.com\/product\/yoast-seo-wordpress\/ -->\n<title>Edici\u00f3n Picasso; C\u00f3mo Empez\u00f3 La Cocina - elBullistore<\/title>\n<meta name=\"description\" content=\"Publicado por Bullipedia con motivo de la exposici\u00f3n La cocina de Picasso en el Museo Picasso de Barcelona del 25\/03\/2015 al 20\/09\/2015\" \/>\n<meta name=\"robots\" content=\"index, follow, max-snippet:-1, max-image-preview:large, max-video-preview:-1\" \/>\n<link rel=\"canonical\" href=\"https:\/\/elbullifoundation.com\/elbullistore\/en\/product\/picasso-edition-the-origins-of-cooking\/\" \/>\n<meta property=\"og:locale\" content=\"es_ES\" \/>\n<meta property=\"og:type\" content=\"article\" \/>\n<meta property=\"og:title\" content=\"Edici\u00f3n Picasso; C\u00f3mo Empez\u00f3 La Cocina - elBullistore\" \/>\n<meta property=\"og:description\" content=\"Publicado por Bullipedia con motivo de la exposici\u00f3n La cocina de Picasso en el Museo Picasso de Barcelona del 25\/03\/2015 al 20\/09\/2015\" \/>\n<meta property=\"og:url\" content=\"https:\/\/elbullifoundation.com\/elbullistore\/en\/product\/picasso-edition-the-origins-of-cooking\/\" \/>\n<meta property=\"og:site_name\" content=\"elBullistore\" \/>\n<meta property=\"article:modified_time\" content=\"2024-10-03T11:45:24+00:00\" \/>\n<meta property=\"og:image\" content=\"https:\/\/elbullifoundation.com\/elbullistore\/wp-content\/uploads\/2018\/05\/bullistore01-1.jpg\" \/>\n\t<meta property=\"og:image:width\" content=\"1280\" \/>\n\t<meta property=\"og:image:height\" content=\"995\" \/>\n\t<meta property=\"og:image:type\" content=\"image\/jpeg\" \/>\n<meta name=\"twitter:card\" content=\"summary_large_image\" \/>\n<meta name=\"twitter:label1\" content=\"Tiempo de lectura\" \/>\n\t<meta name=\"twitter:data1\" content=\"1 minuto\" \/>\n<script type=\"application\/ld+json\" class=\"yoast-schema-graph\">{\"@context\":\"https:\/\/schema.org\",\"@graph\":[{\"@type\":\"WebPage\",\"@id\":\"https:\/\/elbullifoundation.com\/elbullistore\/en\/product\/picasso-edition-the-origins-of-cooking\/\",\"url\":\"https:\/\/elbullifoundation.com\/elbullistore\/en\/product\/picasso-edition-the-origins-of-cooking\/\",\"name\":\"Edici\u00f3n Picasso; C\u00f3mo Empez\u00f3 La Cocina - elBullistore\",\"isPartOf\":{\"@id\":\"https:\/\/elbullifoundation.com\/elbullistore\/#website\"},\"primaryImageOfPage\":{\"@id\":\"https:\/\/elbullifoundation.com\/elbullistore\/en\/product\/picasso-edition-the-origins-of-cooking\/#primaryimage\"},\"image\":{\"@id\":\"https:\/\/elbullifoundation.com\/elbullistore\/en\/product\/picasso-edition-the-origins-of-cooking\/#primaryimage\"},\"thumbnailUrl\":\"https:\/\/elbullifoundation.com\/elbullistore\/wp-content\/uploads\/2018\/05\/bullistore01-1.jpg\",\"datePublished\":\"2018-05-25T10:43:18+00:00\",\"dateModified\":\"2024-10-03T11:45:24+00:00\",\"description\":\"Publicado por Bullipedia con motivo de la exposici\u00f3n La cocina de Picasso en el Museo Picasso de Barcelona del 25\/03\/2015 al 20\/09\/2015\",\"breadcrumb\":{\"@id\":\"https:\/\/elbullifoundation.com\/elbullistore\/en\/product\/picasso-edition-the-origins-of-cooking\/#breadcrumb\"},\"inLanguage\":\"es\",\"potentialAction\":[{\"@type\":\"ReadAction\",\"target\":[\"https:\/\/elbullifoundation.com\/elbullistore\/en\/product\/picasso-edition-the-origins-of-cooking\/\"]}]},{\"@type\":\"ImageObject\",\"inLanguage\":\"es\",\"@id\":\"https:\/\/elbullifoundation.com\/elbullistore\/en\/product\/picasso-edition-the-origins-of-cooking\/#primaryimage\",\"url\":\"https:\/\/elbullifoundation.com\/elbullistore\/wp-content\/uploads\/2018\/05\/bullistore01-1.jpg\",\"contentUrl\":\"https:\/\/elbullifoundation.com\/elbullistore\/wp-content\/uploads\/2018\/05\/bullistore01-1.jpg\",\"width\":1280,\"height\":995},{\"@type\":\"BreadcrumbList\",\"@id\":\"https:\/\/elbullifoundation.com\/elbullistore\/en\/product\/picasso-edition-the-origins-of-cooking\/#breadcrumb\",\"itemListElement\":[{\"@type\":\"ListItem\",\"position\":1,\"name\":\"Portada\",\"item\":\"https:\/\/elbullifoundation.com\/elbullistore\/\"},{\"@type\":\"ListItem\",\"position\":2,\"name\":\"Productos\",\"item\":\"https:\/\/elbullifoundation.com\/elbullistore\/shop\/\"},{\"@type\":\"ListItem\",\"position\":3,\"name\":\"Edici\u00f3n Picasso; C\u00f3mo Empez\u00f3 La Cocina\"}]},{\"@type\":\"WebSite\",\"@id\":\"https:\/\/elbullifoundation.com\/elbullistore\/#website\",\"url\":\"https:\/\/elbullifoundation.com\/elbullistore\/\",\"name\":\"elBullistore\",\"description\":\"\",\"potentialAction\":[{\"@type\":\"SearchAction\",\"target\":{\"@type\":\"EntryPoint\",\"urlTemplate\":\"https:\/\/elbullifoundation.com\/elbullistore\/?s={search_term_string}\"},\"query-input\":{\"@type\":\"PropertyValueSpecification\",\"valueRequired\":true,\"valueName\":\"search_term_string\"}}],\"inLanguage\":\"es\"}]}<\/script>\n<!-- \/ Yoast SEO plugin. -->","yoast_head_json":{"title":"Edici\u00f3n Picasso; C\u00f3mo Empez\u00f3 La Cocina - elBullistore","description":"Publicado por Bullipedia con motivo de la exposici\u00f3n La cocina de Picasso en el Museo Picasso de Barcelona del 25\/03\/2015 al 20\/09\/2015","robots":{"index":"index","follow":"follow","max-snippet":"max-snippet:-1","max-image-preview":"max-image-preview:large","max-video-preview":"max-video-preview:-1"},"canonical":"https:\/\/elbullifoundation.com\/elbullistore\/en\/product\/picasso-edition-the-origins-of-cooking\/","og_locale":"es_ES","og_type":"article","og_title":"Edici\u00f3n Picasso; C\u00f3mo Empez\u00f3 La Cocina - elBullistore","og_description":"Publicado por Bullipedia con motivo de la exposici\u00f3n La cocina de Picasso en el Museo Picasso de Barcelona del 25\/03\/2015 al 20\/09\/2015","og_url":"https:\/\/elbullifoundation.com\/elbullistore\/en\/product\/picasso-edition-the-origins-of-cooking\/","og_site_name":"elBullistore","article_modified_time":"2024-10-03T11:45:24+00:00","og_image":[{"width":1280,"height":995,"url":"https:\/\/elbullifoundation.com\/elbullistore\/wp-content\/uploads\/2018\/05\/bullistore01-1.jpg","type":"image\/jpeg"}],"twitter_card":"summary_large_image","twitter_misc":{"Tiempo de lectura":"1 minuto"},"schema":{"@context":"https:\/\/schema.org","@graph":[{"@type":"WebPage","@id":"https:\/\/elbullifoundation.com\/elbullistore\/en\/product\/picasso-edition-the-origins-of-cooking\/","url":"https:\/\/elbullifoundation.com\/elbullistore\/en\/product\/picasso-edition-the-origins-of-cooking\/","name":"Edici\u00f3n Picasso; C\u00f3mo Empez\u00f3 La Cocina - elBullistore","isPartOf":{"@id":"https:\/\/elbullifoundation.com\/elbullistore\/#website"},"primaryImageOfPage":{"@id":"https:\/\/elbullifoundation.com\/elbullistore\/en\/product\/picasso-edition-the-origins-of-cooking\/#primaryimage"},"image":{"@id":"https:\/\/elbullifoundation.com\/elbullistore\/en\/product\/picasso-edition-the-origins-of-cooking\/#primaryimage"},"thumbnailUrl":"https:\/\/elbullifoundation.com\/elbullistore\/wp-content\/uploads\/2018\/05\/bullistore01-1.jpg","datePublished":"2018-05-25T10:43:18+00:00","dateModified":"2024-10-03T11:45:24+00:00","description":"Publicado por Bullipedia con motivo de la exposici\u00f3n La cocina de Picasso en el Museo Picasso de Barcelona del 25\/03\/2015 al 20\/09\/2015","breadcrumb":{"@id":"https:\/\/elbullifoundation.com\/elbullistore\/en\/product\/picasso-edition-the-origins-of-cooking\/#breadcrumb"},"inLanguage":"es","potentialAction":[{"@type":"ReadAction","target":["https:\/\/elbullifoundation.com\/elbullistore\/en\/product\/picasso-edition-the-origins-of-cooking\/"]}]},{"@type":"ImageObject","inLanguage":"es","@id":"https:\/\/elbullifoundation.com\/elbullistore\/en\/product\/picasso-edition-the-origins-of-cooking\/#primaryimage","url":"https:\/\/elbullifoundation.com\/elbullistore\/wp-content\/uploads\/2018\/05\/bullistore01-1.jpg","contentUrl":"https:\/\/elbullifoundation.com\/elbullistore\/wp-content\/uploads\/2018\/05\/bullistore01-1.jpg","width":1280,"height":995},{"@type":"BreadcrumbList","@id":"https:\/\/elbullifoundation.com\/elbullistore\/en\/product\/picasso-edition-the-origins-of-cooking\/#breadcrumb","itemListElement":[{"@type":"ListItem","position":1,"name":"Portada","item":"https:\/\/elbullifoundation.com\/elbullistore\/"},{"@type":"ListItem","position":2,"name":"Productos","item":"https:\/\/elbullifoundation.com\/elbullistore\/shop\/"},{"@type":"ListItem","position":3,"name":"Edici\u00f3n Picasso; C\u00f3mo Empez\u00f3 La Cocina"}]},{"@type":"WebSite","@id":"https:\/\/elbullifoundation.com\/elbullistore\/#website","url":"https:\/\/elbullifoundation.com\/elbullistore\/","name":"elBullistore","description":"","potentialAction":[{"@type":"SearchAction","target":{"@type":"EntryPoint","urlTemplate":"https:\/\/elbullifoundation.com\/elbullistore\/?s={search_term_string}"},"query-input":{"@type":"PropertyValueSpecification","valueRequired":true,"valueName":"search_term_string"}}],"inLanguage":"es"}]}},"lang":"en","translations":{"en":4635,"es":2618,"ca":4634},"pll_sync_post":[],"_links":{"self":[{"href":"https:\/\/elbullifoundation.com\/elbullistore\/wp-json\/wp\/v2\/product\/4635","targetHints":{"allow":["GET"]}}],"collection":[{"href":"https:\/\/elbullifoundation.com\/elbullistore\/wp-json\/wp\/v2\/product"}],"about":[{"href":"https:\/\/elbullifoundation.com\/elbullistore\/wp-json\/wp\/v2\/types\/product"}],"replies":[{"embeddable":true,"href":"https:\/\/elbullifoundation.com\/elbullistore\/wp-json\/wp\/v2\/comments?post=4635"}],"wp:featuredmedia":[{"embeddable":true,"href":"https:\/\/elbullifoundation.com\/elbullistore\/wp-json\/wp\/v2\/media\/3589"}],"wp:attachment":[{"href":"https:\/\/elbullifoundation.com\/elbullistore\/wp-json\/wp\/v2\/media?parent=4635"}],"wp:term":[{"taxonomy":"product_brand","embeddable":true,"href":"https:\/\/elbullifoundation.com\/elbullistore\/wp-json\/wp\/v2\/product_brand?post=4635"},{"taxonomy":"product_cat","embeddable":true,"href":"https:\/\/elbullifoundation.com\/elbullistore\/wp-json\/wp\/v2\/product_cat?post=4635"},{"taxonomy":"product_tag","embeddable":true,"href":"https:\/\/elbullifoundation.com\/elbullistore\/wp-json\/wp\/v2\/product_tag?post=4635"}],"curies":[{"name":"wp","href":"https:\/\/api.w.org\/{rel}","templated":true}]}}

Edición Picasso; Cómo Empezó La Cocina

<p><em>Picasso Edition. The Origins of Cooking</em></p>
<p>Published by elBullibooks following the <em>Picasso’s Kitchen</em> exhibition held at the Picasso Museum in Barcelona from May 25 to September 30, 2018.</p>
<p>&nbsp;</p>
<p>Book length: 210 pages</p>
<p>Introductory text: <em>Where the paths cross. An interview with Ferran Adrià:</em> Emmanuel Guigon, Jèssica Jacques</p>
<p>Book dimensions: 23&#215;33 cm</p>
<p>Weight: 1,805 g</p>
<p>ISBN: 978-8409017140</p>

<p>Picasso Edition. The Origins of Cooking Published by elBullibooks following the Picasso’s Kitchen exhibition held at the Picasso Museum in Barcelona from May 25 to September 30, 2018. &nbsp; Book length: 210 pages Introductory text: Where the paths cross. An interview with Ferran Adrià: Emmanuel Guigon, Jèssica Jacques Book dimensions: 23&#215;33 cm Weight: 1,805 g [&hellip;]</p>

<!-- This site is optimized with the Yoast SEO plugin v26.9 - https://yoast.com/product/yoast-seo-wordpress/ -->
<title>Edición Picasso; Cómo Empezó La Cocina - elBullistore</title>
<meta name="description" content="Publicado por Bullipedia con motivo de la exposición La cocina de Picasso en el Museo Picasso de Barcelona del 25/03/2015 al 20/09/2015" />
<meta name="robots" content="index, follow, max-snippet:-1, max-image-preview:large, max-video-preview:-1" />
<link rel="canonical" href="https://elbullifoundation.com/elbullistore/en/product/picasso-edition-the-origins-of-cooking/" />
<meta property="og:locale" content="es_ES" />
<meta property="og:type" content="article" />
<meta property="og:title" content="Edición Picasso; Cómo Empezó La Cocina - elBullistore" />
<meta property="og:description" content="Publicado por Bullipedia con motivo de la exposición La cocina de Picasso en el Museo Picasso de Barcelona del 25/03/2015 al 20/09/2015" />
<meta property="og:url" content="https://elbullifoundation.com/elbullistore/en/product/picasso-edition-the-origins-of-cooking/" />
<meta property="og:site_name" content="elBullistore" />
<meta property="article:modified_time" content="2024-10-03T11:45:24+00:00" />
<meta property="og:image" content="https://elbullifoundation.com/elbullistore/wp-content/uploads/2018/05/bullistore01-1.jpg" />
	<meta property="og:image:width" content="1280" />
	<meta property="og:image:height" content="995" />
	<meta property="og:image:type" content="image/jpeg" />
<meta name="twitter:card" content="summary_large_image" />
<meta name="twitter:label1" content="Tiempo de lectura" />
	<meta name="twitter:data1" content="1 minuto" />
<script type="application/ld+json" class="yoast-schema-graph">{"@context":"https://schema.org","@graph":[{"@type":"WebPage","@id":"https://elbullifoundation.com/elbullistore/en/product/picasso-edition-the-origins-of-cooking/","url":"https://elbullifoundation.com/elbullistore/en/product/picasso-edition-the-origins-of-cooking/","name":"Edición Picasso; Cómo Empezó La Cocina - elBullistore","isPartOf":{"@id":"https://elbullifoundation.com/elbullistore/#website"},"primaryImageOfPage":{"@id":"https://elbullifoundation.com/elbullistore/en/product/picasso-edition-the-origins-of-cooking/#primaryimage"},"image":{"@id":"https://elbullifoundation.com/elbullistore/en/product/picasso-edition-the-origins-of-cooking/#primaryimage"},"thumbnailUrl":"https://elbullifoundation.com/elbullistore/wp-content/uploads/2018/05/bullistore01-1.jpg","datePublished":"2018-05-25T10:43:18+00:00","dateModified":"2024-10-03T11:45:24+00:00","description":"Publicado por Bullipedia con motivo de la exposición La cocina de Picasso en el Museo Picasso de Barcelona del 25/03/2015 al 20/09/2015","breadcrumb":{"@id":"https://elbullifoundation.com/elbullistore/en/product/picasso-edition-the-origins-of-cooking/#breadcrumb"},"inLanguage":"es","potentialAction":[{"@type":"ReadAction","target":["https://elbullifoundation.com/elbullistore/en/product/picasso-edition-the-origins-of-cooking/"]}]},{"@type":"ImageObject","inLanguage":"es","@id":"https://elbullifoundation.com/elbullistore/en/product/picasso-edition-the-origins-of-cooking/#primaryimage","url":"https://elbullifoundation.com/elbullistore/wp-content/uploads/2018/05/bullistore01-1.jpg","contentUrl":"https://elbullifoundation.com/elbullistore/wp-content/uploads/2018/05/bullistore01-1.jpg","width":1280,"height":995},{"@type":"BreadcrumbList","@id":"https://elbullifoundation.com/elbullistore/en/product/picasso-edition-the-origins-of-cooking/#breadcrumb","itemListElement":[{"@type":"ListItem","position":1,"name":"Portada","item":"https://elbullifoundation.com/elbullistore/"},{"@type":"ListItem","position":2,"name":"Productos","item":"https://elbullifoundation.com/elbullistore/shop/"},{"@type":"ListItem","position":3,"name":"Edición Picasso; Cómo Empezó La Cocina"}]},{"@type":"WebSite","@id":"https://elbullifoundation.com/elbullistore/#website","url":"https://elbullifoundation.com/elbullistore/","name":"elBullistore","description":"","potentialAction":[{"@type":"SearchAction","target":{"@type":"EntryPoint","urlTemplate":"https://elbullifoundation.com/elbullistore/?s={search_term_string}"},"query-input":{"@type":"PropertyValueSpecification","valueRequired":true,"valueName":"search_term_string"}}],"inLanguage":"es"}]}</script>
<!-- / Yoast SEO plugin. -->

Edición Picasso; Cómo Empezó La Cocina - elBullistore

Publicado por Bullipedia con motivo de la exposición La cocina de Picasso en el Museo Picasso de Barcelona del 25/03/2015 al 20/09/2015
