{"id":5812,"date":"2019-09-02T17:51:36","date_gmt":"2019-09-02T15:51:36","guid":{"rendered":"https:\/\/elbullifoundation.com\/elbullistore\/producto\/paleolitico-y-neolitico-los-origenes-de-la-cocina\/"},"modified":"2024-09-04T15:07:25","modified_gmt":"2024-09-04T13:07:25","slug":"paleolitico-y-neolitico-los-origenes-de-la-cocina","status":"publish","type":"product","link":"https:\/\/elbullifoundation.com\/elbullistore\/ca\/product\/paleolitico-y-neolitico-los-origenes-de-la-cocina\/","title":{"rendered":"Paleol\u00edtico y Neol\u00edtico. Los or\u00edgenes de la cocina"},"content":{"rendered":"<p><strong><em>Paleol\u00edtic i Neol\u00edtic. Els or\u00edgens de la cuina<\/em><\/strong>, inaugura la col\u00b7lecci\u00f3 de llibres dedicats a la Hist\u00f2ria de la Restauraci\u00f3 Gastron\u00f2mica a Occident de Bullipedia. La cuina s&#8217;inventa en el Paleol\u00edtic, al mateix temps que es conforma la nostra esp\u00e8cie, l&#8217;Homo sapiens. Juntament amb l&#8217;an\u00e0lisi de la cuina, el menjar i la beguda dels primers per\u00edodes de la Hist\u00f2ria, analitzem a trav\u00e9s de la metodologia Sapiens impulsada per Ferran Adri\u00e0 i l&#8217;equip de elBullifoundation, com \u00e9s l&#8217;\u00e9sser hum\u00e0, com sorgeix i quines caracter\u00edstiques li converteixen en l&#8217;animal m\u00e9s creatiu del planeta.<\/p>\n<p>&nbsp;<\/p>\n<p>590 p\u00e0gines<\/p>\n<p>230 x 330 mm<\/p>\n<p>Tapa dura<\/p>\n<p>ISBN: 978-84-09-12632-3<\/p>\n","protected":false},"excerpt":{"rendered":"<p>Paleol\u00edtic i Neol\u00edtic. Els or\u00edgens de la cuina, inaugura la col\u00b7lecci\u00f3 de llibres dedicats a la Hist\u00f2ria de la Restauraci\u00f3 Gastron\u00f2mica a Occident de Bullipedia. La cuina s&#8217;inventa en el Paleol\u00edtic, al mateix temps que es conforma la nostra esp\u00e8cie, l&#8217;Homo sapiens. Juntament amb l&#8217;an\u00e0lisi de la cuina, el menjar i la beguda dels primers [&hellip;]<\/p>\n","protected":false},"featured_media":5138,"comment_status":"closed","ping_status":"closed","template":"","meta":{"_acf_changed":false},"product_brand":[],"product_cat":[59,2580,892],"product_tag":[338,339,182,340,186,341,342,188,343,344],"class_list":{"0":"post-5812","1":"product","2":"type-product","3":"status-publish","4":"has-post-thumbnail","6":"product_cat-bullipedia-ca","7":"product_cat-historia-ca","8":"product_cat-sin-categorizar-ca","9":"product_tag-978-84-09-12632-3-ca","10":"product_tag-book-ca","11":"product_tag-bullipedia-ca","12":"product_tag-el-bulli-ca","13":"product_tag-ferran-adria-ca","14":"product_tag-historia-ca","15":"product_tag-historia-de-la-restauracion-ca","16":"product_tag-libro-ca","17":"product_tag-origen-cocina-ca","18":"product_tag-paleolitico-y-neolitico-ca","19":"product_shipping_class-envio-4k-ca","21":"first","22":"instock","23":"taxable","24":"shipping-taxable","25":"purchasable","26":"product-type-variable","27":"has-default-attributes"},"acf":[],"yoast_head":"<!-- This site is optimized with the Yoast SEO plugin v26.9 - https:\/\/yoast.com\/product\/yoast-seo-wordpress\/ -->\n<title>Paleol\u00edtico y Neol\u00edtico. Los or\u00edgenes de la cocina - elBullistore<\/title>\n<meta name=\"description\" content=\"Paleol\u00edtico y Neol\u00edtico. Los or\u00edgenes de la cocina es el primer libro de historia de Bullipedia dirigido por Ferran Adri\u00e1 de elBullifoundation\" \/>\n<meta name=\"robots\" content=\"index, follow, max-snippet:-1, max-image-preview:large, max-video-preview:-1\" \/>\n<link rel=\"canonical\" href=\"https:\/\/elbullifoundation.com\/elbullistore\/ca\/product\/paleolitico-y-neolitico-los-origenes-de-la-cocina\/\" \/>\n<meta property=\"og:locale\" content=\"es_ES\" \/>\n<meta property=\"og:type\" content=\"article\" \/>\n<meta property=\"og:title\" content=\"Paleol\u00edtico y Neol\u00edtico. Los or\u00edgenes de la cocina - elBullistore\" \/>\n<meta property=\"og:description\" content=\"Paleol\u00edtico y Neol\u00edtico. Los or\u00edgenes de la cocina es el primer libro de historia de Bullipedia dirigido por Ferran Adri\u00e1 de elBullifoundation\" \/>\n<meta property=\"og:url\" content=\"https:\/\/elbullifoundation.com\/elbullistore\/ca\/product\/paleolitico-y-neolitico-los-origenes-de-la-cocina\/\" \/>\n<meta property=\"og:site_name\" content=\"elBullistore\" \/>\n<meta property=\"article:modified_time\" content=\"2024-09-04T13:07:25+00:00\" \/>\n<meta property=\"og:image\" content=\"https:\/\/elbullifoundation.com\/elbullistore\/wp-content\/uploads\/2019\/09\/01-portada_historia.png\" \/>\n\t<meta property=\"og:image:width\" content=\"1295\" \/>\n\t<meta property=\"og:image:height\" content=\"932\" \/>\n\t<meta property=\"og:image:type\" content=\"image\/png\" \/>\n<meta name=\"twitter:card\" content=\"summary_large_image\" \/>\n<meta name=\"twitter:label1\" content=\"Tiempo de lectura\" \/>\n\t<meta name=\"twitter:data1\" content=\"1 minuto\" \/>\n<script type=\"application\/ld+json\" class=\"yoast-schema-graph\">{\"@context\":\"https:\/\/schema.org\",\"@graph\":[{\"@type\":\"WebPage\",\"@id\":\"https:\/\/elbullifoundation.com\/elbullistore\/ca\/product\/paleolitico-y-neolitico-los-origenes-de-la-cocina\/\",\"url\":\"https:\/\/elbullifoundation.com\/elbullistore\/ca\/product\/paleolitico-y-neolitico-los-origenes-de-la-cocina\/\",\"name\":\"Paleol\u00edtico y Neol\u00edtico. Los or\u00edgenes de la cocina - elBullistore\",\"isPartOf\":{\"@id\":\"https:\/\/elbullifoundation.com\/elbullistore\/#website\"},\"primaryImageOfPage\":{\"@id\":\"https:\/\/elbullifoundation.com\/elbullistore\/ca\/product\/paleolitico-y-neolitico-los-origenes-de-la-cocina\/#primaryimage\"},\"image\":{\"@id\":\"https:\/\/elbullifoundation.com\/elbullistore\/ca\/product\/paleolitico-y-neolitico-los-origenes-de-la-cocina\/#primaryimage\"},\"thumbnailUrl\":\"https:\/\/elbullifoundation.com\/elbullistore\/wp-content\/uploads\/2019\/09\/01-portada_historia.png\",\"datePublished\":\"2019-09-02T15:51:36+00:00\",\"dateModified\":\"2024-09-04T13:07:25+00:00\",\"description\":\"Paleol\u00edtico y Neol\u00edtico. Los or\u00edgenes de la cocina es el primer libro de historia de Bullipedia dirigido por Ferran Adri\u00e1 de elBullifoundation\",\"breadcrumb\":{\"@id\":\"https:\/\/elbullifoundation.com\/elbullistore\/ca\/product\/paleolitico-y-neolitico-los-origenes-de-la-cocina\/#breadcrumb\"},\"inLanguage\":\"es\",\"potentialAction\":[{\"@type\":\"ReadAction\",\"target\":[\"https:\/\/elbullifoundation.com\/elbullistore\/ca\/product\/paleolitico-y-neolitico-los-origenes-de-la-cocina\/\"]}]},{\"@type\":\"ImageObject\",\"inLanguage\":\"es\",\"@id\":\"https:\/\/elbullifoundation.com\/elbullistore\/ca\/product\/paleolitico-y-neolitico-los-origenes-de-la-cocina\/#primaryimage\",\"url\":\"https:\/\/elbullifoundation.com\/elbullistore\/wp-content\/uploads\/2019\/09\/01-portada_historia.png\",\"contentUrl\":\"https:\/\/elbullifoundation.com\/elbullistore\/wp-content\/uploads\/2019\/09\/01-portada_historia.png\",\"width\":1295,\"height\":932,\"caption\":\"Paleol\u00edtico y Neol\u00edtico. Los or\u00edgenes de la cocina - Libro Historia Bullipedia\"},{\"@type\":\"BreadcrumbList\",\"@id\":\"https:\/\/elbullifoundation.com\/elbullistore\/ca\/product\/paleolitico-y-neolitico-los-origenes-de-la-cocina\/#breadcrumb\",\"itemListElement\":[{\"@type\":\"ListItem\",\"position\":1,\"name\":\"Portada\",\"item\":\"https:\/\/elbullifoundation.com\/elbullistore\/\"},{\"@type\":\"ListItem\",\"position\":2,\"name\":\"Productos\",\"item\":\"https:\/\/elbullifoundation.com\/elbullistore\/shop\/\"},{\"@type\":\"ListItem\",\"position\":3,\"name\":\"Paleol\u00edtico y Neol\u00edtico. Los or\u00edgenes de la cocina\"}]},{\"@type\":\"WebSite\",\"@id\":\"https:\/\/elbullifoundation.com\/elbullistore\/#website\",\"url\":\"https:\/\/elbullifoundation.com\/elbullistore\/\",\"name\":\"elBullistore\",\"description\":\"\",\"potentialAction\":[{\"@type\":\"SearchAction\",\"target\":{\"@type\":\"EntryPoint\",\"urlTemplate\":\"https:\/\/elbullifoundation.com\/elbullistore\/?s={search_term_string}\"},\"query-input\":{\"@type\":\"PropertyValueSpecification\",\"valueRequired\":true,\"valueName\":\"search_term_string\"}}],\"inLanguage\":\"es\"}]}<\/script>\n<!-- \/ Yoast SEO plugin. -->","yoast_head_json":{"title":"Paleol\u00edtico y Neol\u00edtico. Los or\u00edgenes de la cocina - elBullistore","description":"Paleol\u00edtico y Neol\u00edtico. Los or\u00edgenes de la cocina es el primer libro de historia de Bullipedia dirigido por Ferran Adri\u00e1 de elBullifoundation","robots":{"index":"index","follow":"follow","max-snippet":"max-snippet:-1","max-image-preview":"max-image-preview:large","max-video-preview":"max-video-preview:-1"},"canonical":"https:\/\/elbullifoundation.com\/elbullistore\/ca\/product\/paleolitico-y-neolitico-los-origenes-de-la-cocina\/","og_locale":"es_ES","og_type":"article","og_title":"Paleol\u00edtico y Neol\u00edtico. Los or\u00edgenes de la cocina - elBullistore","og_description":"Paleol\u00edtico y Neol\u00edtico. Los or\u00edgenes de la cocina es el primer libro de historia de Bullipedia dirigido por Ferran Adri\u00e1 de elBullifoundation","og_url":"https:\/\/elbullifoundation.com\/elbullistore\/ca\/product\/paleolitico-y-neolitico-los-origenes-de-la-cocina\/","og_site_name":"elBullistore","article_modified_time":"2024-09-04T13:07:25+00:00","og_image":[{"width":1295,"height":932,"url":"https:\/\/elbullifoundation.com\/elbullistore\/wp-content\/uploads\/2019\/09\/01-portada_historia.png","type":"image\/png"}],"twitter_card":"summary_large_image","twitter_misc":{"Tiempo de lectura":"1 minuto"},"schema":{"@context":"https:\/\/schema.org","@graph":[{"@type":"WebPage","@id":"https:\/\/elbullifoundation.com\/elbullistore\/ca\/product\/paleolitico-y-neolitico-los-origenes-de-la-cocina\/","url":"https:\/\/elbullifoundation.com\/elbullistore\/ca\/product\/paleolitico-y-neolitico-los-origenes-de-la-cocina\/","name":"Paleol\u00edtico y Neol\u00edtico. Los or\u00edgenes de la cocina - elBullistore","isPartOf":{"@id":"https:\/\/elbullifoundation.com\/elbullistore\/#website"},"primaryImageOfPage":{"@id":"https:\/\/elbullifoundation.com\/elbullistore\/ca\/product\/paleolitico-y-neolitico-los-origenes-de-la-cocina\/#primaryimage"},"image":{"@id":"https:\/\/elbullifoundation.com\/elbullistore\/ca\/product\/paleolitico-y-neolitico-los-origenes-de-la-cocina\/#primaryimage"},"thumbnailUrl":"https:\/\/elbullifoundation.com\/elbullistore\/wp-content\/uploads\/2019\/09\/01-portada_historia.png","datePublished":"2019-09-02T15:51:36+00:00","dateModified":"2024-09-04T13:07:25+00:00","description":"Paleol\u00edtico y Neol\u00edtico. Los or\u00edgenes de la cocina es el primer libro de historia de Bullipedia dirigido por Ferran Adri\u00e1 de elBullifoundation","breadcrumb":{"@id":"https:\/\/elbullifoundation.com\/elbullistore\/ca\/product\/paleolitico-y-neolitico-los-origenes-de-la-cocina\/#breadcrumb"},"inLanguage":"es","potentialAction":[{"@type":"ReadAction","target":["https:\/\/elbullifoundation.com\/elbullistore\/ca\/product\/paleolitico-y-neolitico-los-origenes-de-la-cocina\/"]}]},{"@type":"ImageObject","inLanguage":"es","@id":"https:\/\/elbullifoundation.com\/elbullistore\/ca\/product\/paleolitico-y-neolitico-los-origenes-de-la-cocina\/#primaryimage","url":"https:\/\/elbullifoundation.com\/elbullistore\/wp-content\/uploads\/2019\/09\/01-portada_historia.png","contentUrl":"https:\/\/elbullifoundation.com\/elbullistore\/wp-content\/uploads\/2019\/09\/01-portada_historia.png","width":1295,"height":932,"caption":"Paleol\u00edtico y Neol\u00edtico. Los or\u00edgenes de la cocina - Libro Historia Bullipedia"},{"@type":"BreadcrumbList","@id":"https:\/\/elbullifoundation.com\/elbullistore\/ca\/product\/paleolitico-y-neolitico-los-origenes-de-la-cocina\/#breadcrumb","itemListElement":[{"@type":"ListItem","position":1,"name":"Portada","item":"https:\/\/elbullifoundation.com\/elbullistore\/"},{"@type":"ListItem","position":2,"name":"Productos","item":"https:\/\/elbullifoundation.com\/elbullistore\/shop\/"},{"@type":"ListItem","position":3,"name":"Paleol\u00edtico y Neol\u00edtico. Los or\u00edgenes de la cocina"}]},{"@type":"WebSite","@id":"https:\/\/elbullifoundation.com\/elbullistore\/#website","url":"https:\/\/elbullifoundation.com\/elbullistore\/","name":"elBullistore","description":"","potentialAction":[{"@type":"SearchAction","target":{"@type":"EntryPoint","urlTemplate":"https:\/\/elbullifoundation.com\/elbullistore\/?s={search_term_string}"},"query-input":{"@type":"PropertyValueSpecification","valueRequired":true,"valueName":"search_term_string"}}],"inLanguage":"es"}]}},"lang":"ca","translations":{"ca":5812,"es":5136,"en":5814},"pll_sync_post":[],"_links":{"self":[{"href":"https:\/\/elbullifoundation.com\/elbullistore\/wp-json\/wp\/v2\/product\/5812","targetHints":{"allow":["GET"]}}],"collection":[{"href":"https:\/\/elbullifoundation.com\/elbullistore\/wp-json\/wp\/v2\/product"}],"about":[{"href":"https:\/\/elbullifoundation.com\/elbullistore\/wp-json\/wp\/v2\/types\/product"}],"replies":[{"embeddable":true,"href":"https:\/\/elbullifoundation.com\/elbullistore\/wp-json\/wp\/v2\/comments?post=5812"}],"wp:featuredmedia":[{"embeddable":true,"href":"https:\/\/elbullifoundation.com\/elbullistore\/wp-json\/wp\/v2\/media\/5138"}],"wp:attachment":[{"href":"https:\/\/elbullifoundation.com\/elbullistore\/wp-json\/wp\/v2\/media?parent=5812"}],"wp:term":[{"taxonomy":"product_brand","embeddable":true,"href":"https:\/\/elbullifoundation.com\/elbullistore\/wp-json\/wp\/v2\/product_brand?post=5812"},{"taxonomy":"product_cat","embeddable":true,"href":"https:\/\/elbullifoundation.com\/elbullistore\/wp-json\/wp\/v2\/product_cat?post=5812"},{"taxonomy":"product_tag","embeddable":true,"href":"https:\/\/elbullifoundation.com\/elbullistore\/wp-json\/wp\/v2\/product_tag?post=5812"}],"curies":[{"name":"wp","href":"https:\/\/api.w.org\/{rel}","templated":true}]}}

Paleolítico y Neolítico. Los orígenes de la cocina

<p><strong><em>Paleolític i Neolític. Els orígens de la cuina</em></strong>, inaugura la col·lecció de llibres dedicats a la Història de la Restauració Gastronòmica a Occident de Bullipedia. La cuina s&#8217;inventa en el Paleolític, al mateix temps que es conforma la nostra espècie, l&#8217;Homo sapiens. Juntament amb l&#8217;anàlisi de la cuina, el menjar i la beguda dels primers períodes de la Història, analitzem a través de la metodologia Sapiens impulsada per Ferran Adrià i l&#8217;equip de elBullifoundation, com és l&#8217;ésser humà, com sorgeix i quines característiques li converteixen en l&#8217;animal més creatiu del planeta.</p>
<p>&nbsp;</p>
<p>590 pàgines</p>
<p>230 x 330 mm</p>
<p>Tapa dura</p>
<p>ISBN: 978-84-09-12632-3</p>

<p>Paleolític i Neolític. Els orígens de la cuina, inaugura la col·lecció de llibres dedicats a la Història de la Restauració Gastronòmica a Occident de Bullipedia. La cuina s&#8217;inventa en el Paleolític, al mateix temps que es conforma la nostra espècie, l&#8217;Homo sapiens. Juntament amb l&#8217;anàlisi de la cuina, el menjar i la beguda dels primers [&hellip;]</p>

<!-- This site is optimized with the Yoast SEO plugin v26.9 - https://yoast.com/product/yoast-seo-wordpress/ -->
<title>Paleolítico y Neolítico. Los orígenes de la cocina - elBullistore</title>
<meta name="description" content="Paleolítico y Neolítico. Los orígenes de la cocina es el primer libro de historia de Bullipedia dirigido por Ferran Adriá de elBullifoundation" />
<meta name="robots" content="index, follow, max-snippet:-1, max-image-preview:large, max-video-preview:-1" />
<link rel="canonical" href="https://elbullifoundation.com/elbullistore/ca/product/paleolitico-y-neolitico-los-origenes-de-la-cocina/" />
<meta property="og:locale" content="es_ES" />
<meta property="og:type" content="article" />
<meta property="og:title" content="Paleolítico y Neolítico. Los orígenes de la cocina - elBullistore" />
<meta property="og:description" content="Paleolítico y Neolítico. Los orígenes de la cocina es el primer libro de historia de Bullipedia dirigido por Ferran Adriá de elBullifoundation" />
<meta property="og:url" content="https://elbullifoundation.com/elbullistore/ca/product/paleolitico-y-neolitico-los-origenes-de-la-cocina/" />
<meta property="og:site_name" content="elBullistore" />
<meta property="article:modified_time" content="2024-09-04T13:07:25+00:00" />
<meta property="og:image" content="https://elbullifoundation.com/elbullistore/wp-content/uploads/2019/09/01-portada_historia.png" />
	<meta property="og:image:width" content="1295" />
	<meta property="og:image:height" content="932" />
	<meta property="og:image:type" content="image/png" />
<meta name="twitter:card" content="summary_large_image" />
<meta name="twitter:label1" content="Tiempo de lectura" />
	<meta name="twitter:data1" content="1 minuto" />
<script type="application/ld+json" class="yoast-schema-graph">{"@context":"https://schema.org","@graph":[{"@type":"WebPage","@id":"https://elbullifoundation.com/elbullistore/ca/product/paleolitico-y-neolitico-los-origenes-de-la-cocina/","url":"https://elbullifoundation.com/elbullistore/ca/product/paleolitico-y-neolitico-los-origenes-de-la-cocina/","name":"Paleolítico y Neolítico. Los orígenes de la cocina - elBullistore","isPartOf":{"@id":"https://elbullifoundation.com/elbullistore/#website"},"primaryImageOfPage":{"@id":"https://elbullifoundation.com/elbullistore/ca/product/paleolitico-y-neolitico-los-origenes-de-la-cocina/#primaryimage"},"image":{"@id":"https://elbullifoundation.com/elbullistore/ca/product/paleolitico-y-neolitico-los-origenes-de-la-cocina/#primaryimage"},"thumbnailUrl":"https://elbullifoundation.com/elbullistore/wp-content/uploads/2019/09/01-portada_historia.png","datePublished":"2019-09-02T15:51:36+00:00","dateModified":"2024-09-04T13:07:25+00:00","description":"Paleolítico y Neolítico. Los orígenes de la cocina es el primer libro de historia de Bullipedia dirigido por Ferran Adriá de elBullifoundation","breadcrumb":{"@id":"https://elbullifoundation.com/elbullistore/ca/product/paleolitico-y-neolitico-los-origenes-de-la-cocina/#breadcrumb"},"inLanguage":"es","potentialAction":[{"@type":"ReadAction","target":["https://elbullifoundation.com/elbullistore/ca/product/paleolitico-y-neolitico-los-origenes-de-la-cocina/"]}]},{"@type":"ImageObject","inLanguage":"es","@id":"https://elbullifoundation.com/elbullistore/ca/product/paleolitico-y-neolitico-los-origenes-de-la-cocina/#primaryimage","url":"https://elbullifoundation.com/elbullistore/wp-content/uploads/2019/09/01-portada_historia.png","contentUrl":"https://elbullifoundation.com/elbullistore/wp-content/uploads/2019/09/01-portada_historia.png","width":1295,"height":932,"caption":"Paleolítico y Neolítico. Los orígenes de la cocina - Libro Historia Bullipedia"},{"@type":"BreadcrumbList","@id":"https://elbullifoundation.com/elbullistore/ca/product/paleolitico-y-neolitico-los-origenes-de-la-cocina/#breadcrumb","itemListElement":[{"@type":"ListItem","position":1,"name":"Portada","item":"https://elbullifoundation.com/elbullistore/"},{"@type":"ListItem","position":2,"name":"Productos","item":"https://elbullifoundation.com/elbullistore/shop/"},{"@type":"ListItem","position":3,"name":"Paleolítico y Neolítico. Los orígenes de la cocina"}]},{"@type":"WebSite","@id":"https://elbullifoundation.com/elbullistore/#website","url":"https://elbullifoundation.com/elbullistore/","name":"elBullistore","description":"","potentialAction":[{"@type":"SearchAction","target":{"@type":"EntryPoint","urlTemplate":"https://elbullifoundation.com/elbullistore/?s={search_term_string}"},"query-input":{"@type":"PropertyValueSpecification","valueRequired":true,"valueName":"search_term_string"}}],"inLanguage":"es"}]}</script>
<!-- / Yoast SEO plugin. -->

Paleolítico y Neolítico. Los orígenes de la cocina - elBullistore

Paleolítico y Neolítico. Los orígenes de la cocina es el primer libro de historia de Bullipedia dirigido por Ferran Adriá de elBullifoundation

Paleolítico y Neolítico. Los orígenes de la cocina - Libro Historia Bullipedia
