{"id":5814,"date":"2019-09-02T17:51:36","date_gmt":"2019-09-02T15:51:36","guid":{"rendered":"https:\/\/elbullifoundation.com\/elbullistore\/producto\/paleolitico-y-neolitico-los-origenes-de-la-cocina\/"},"modified":"2024-09-04T15:07:25","modified_gmt":"2024-09-04T13:07:25","slug":"paleolithic-and-neolithic-the-origins-of-cooking","status":"publish","type":"product","link":"https:\/\/elbullifoundation.com\/elbullistore\/en\/product\/paleolithic-and-neolithic-the-origins-of-cooking\/","title":{"rendered":"Paleolithic and Neolithic. The origins of cooking"},"content":{"rendered":"<p><strong><em>Paleolithic and Neolithic. The origins of cooking<\/em><\/strong>, is the first of the Bullipedia collection of books dedicated to the history of the gastronomic restaurant sector in the West. The art of cooking was invented during the Paleolithic period, at the same time that our species, <em>Homo sapiens<\/em>, evolved. Along with an analysis of the food, drink and cooking of these early periods of history, we employ the Sapiens methodology, created by Ferran Adri\u00e0 and the elBullifoundation team, to analyse the characteristics of the human race, how it evolves and why it is the most creative species on the planet.<\/p>\n<p>&nbsp;<\/p>\n<p>590 pages<\/p>\n<p>230 x 330 mm<\/p>\n<p>Hard Cover<\/p>\n<p>ISBN: 978-84-09-12632-3<\/p>\n","protected":false},"excerpt":{"rendered":"<p>Paleolithic and Neolithic. The origins of cooking, is the first of the Bullipedia collection of books dedicated to the history of the gastronomic restaurant sector in the West. The art of cooking was invented during the Paleolithic period, at the same time that our species, Homo sapiens, evolved. Along with an analysis of the food, [&hellip;]<\/p>\n","protected":false},"featured_media":5139,"comment_status":"closed","ping_status":"closed","template":"","meta":{"_acf_changed":false},"product_brand":[],"product_cat":[23,2552],"product_tag":[345,346,190,347,194,348,349,196,350,351],"class_list":{"0":"post-5814","1":"product","2":"type-product","3":"status-publish","4":"has-post-thumbnail","6":"product_cat-bullipedia-en","7":"product_cat-historia-en","8":"product_tag-978-84-09-12632-3-en","9":"product_tag-book-en","10":"product_tag-bullipedia-en","11":"product_tag-el-bulli-en","12":"product_tag-ferran-adria-en","13":"product_tag-historia-en","14":"product_tag-historia-de-la-restauracion-en","15":"product_tag-libro-en","16":"product_tag-origen-cocina-en","17":"product_tag-paleolitico-y-neolitico-en","18":"product_shipping_class-envio-4k-en","20":"first","21":"instock","22":"taxable","23":"shipping-taxable","24":"purchasable","25":"product-type-variable","26":"has-default-attributes"},"acf":[],"yoast_head":"<!-- This site is optimized with the Yoast SEO plugin v26.9 - https:\/\/yoast.com\/product\/yoast-seo-wordpress\/ -->\n<title>Paleolithic and Neolithic. The origins of cooking - elBullistore<\/title>\n<meta name=\"description\" content=\"Paleol\u00edtico y Neol\u00edtico. Los or\u00edgenes de la cocina es el primer libro de historia de Bullipedia dirigido por Ferran Adri\u00e1 de elBullifoundation\" \/>\n<meta name=\"robots\" content=\"index, follow, max-snippet:-1, max-image-preview:large, max-video-preview:-1\" \/>\n<link rel=\"canonical\" href=\"https:\/\/elbullifoundation.com\/elbullistore\/en\/product\/paleolithic-and-neolithic-the-origins-of-cooking\/\" \/>\n<meta property=\"og:locale\" content=\"es_ES\" \/>\n<meta property=\"og:type\" content=\"article\" \/>\n<meta property=\"og:title\" content=\"Paleolithic and Neolithic. The origins of cooking - elBullistore\" \/>\n<meta property=\"og:description\" content=\"Paleol\u00edtico y Neol\u00edtico. Los or\u00edgenes de la cocina es el primer libro de historia de Bullipedia dirigido por Ferran Adri\u00e1 de elBullifoundation\" \/>\n<meta property=\"og:url\" content=\"https:\/\/elbullifoundation.com\/elbullistore\/en\/product\/paleolithic-and-neolithic-the-origins-of-cooking\/\" \/>\n<meta property=\"og:site_name\" content=\"elBullistore\" \/>\n<meta property=\"article:modified_time\" content=\"2024-09-04T13:07:25+00:00\" \/>\n<meta property=\"og:image\" content=\"https:\/\/elbullifoundation.com\/elbullistore\/wp-content\/uploads\/2019\/09\/01-portada_historia.png\" \/>\n\t<meta property=\"og:image:width\" content=\"1295\" \/>\n\t<meta property=\"og:image:height\" content=\"932\" \/>\n\t<meta property=\"og:image:type\" content=\"image\/png\" \/>\n<meta name=\"twitter:card\" content=\"summary_large_image\" \/>\n<meta name=\"twitter:label1\" content=\"Tiempo de lectura\" \/>\n\t<meta name=\"twitter:data1\" content=\"1 minuto\" \/>\n<script type=\"application\/ld+json\" class=\"yoast-schema-graph\">{\"@context\":\"https:\/\/schema.org\",\"@graph\":[{\"@type\":\"WebPage\",\"@id\":\"https:\/\/elbullifoundation.com\/elbullistore\/en\/product\/paleolithic-and-neolithic-the-origins-of-cooking\/\",\"url\":\"https:\/\/elbullifoundation.com\/elbullistore\/en\/product\/paleolithic-and-neolithic-the-origins-of-cooking\/\",\"name\":\"Paleolithic and Neolithic. The origins of cooking - elBullistore\",\"isPartOf\":{\"@id\":\"https:\/\/elbullifoundation.com\/elbullistore\/#website\"},\"primaryImageOfPage\":{\"@id\":\"https:\/\/elbullifoundation.com\/elbullistore\/en\/product\/paleolithic-and-neolithic-the-origins-of-cooking\/#primaryimage\"},\"image\":{\"@id\":\"https:\/\/elbullifoundation.com\/elbullistore\/en\/product\/paleolithic-and-neolithic-the-origins-of-cooking\/#primaryimage\"},\"thumbnailUrl\":\"https:\/\/elbullifoundation.com\/elbullistore\/wp-content\/uploads\/2019\/09\/01-portada_historia.png\",\"datePublished\":\"2019-09-02T15:51:36+00:00\",\"dateModified\":\"2024-09-04T13:07:25+00:00\",\"description\":\"Paleol\u00edtico y Neol\u00edtico. Los or\u00edgenes de la cocina es el primer libro de historia de Bullipedia dirigido por Ferran Adri\u00e1 de elBullifoundation\",\"breadcrumb\":{\"@id\":\"https:\/\/elbullifoundation.com\/elbullistore\/en\/product\/paleolithic-and-neolithic-the-origins-of-cooking\/#breadcrumb\"},\"inLanguage\":\"es\",\"potentialAction\":[{\"@type\":\"ReadAction\",\"target\":[\"https:\/\/elbullifoundation.com\/elbullistore\/en\/product\/paleolithic-and-neolithic-the-origins-of-cooking\/\"]}]},{\"@type\":\"ImageObject\",\"inLanguage\":\"es\",\"@id\":\"https:\/\/elbullifoundation.com\/elbullistore\/en\/product\/paleolithic-and-neolithic-the-origins-of-cooking\/#primaryimage\",\"url\":\"https:\/\/elbullifoundation.com\/elbullistore\/wp-content\/uploads\/2019\/09\/01-portada_historia.png\",\"contentUrl\":\"https:\/\/elbullifoundation.com\/elbullistore\/wp-content\/uploads\/2019\/09\/01-portada_historia.png\",\"width\":1295,\"height\":932,\"caption\":\"Paleol\u00edtico y Neol\u00edtico. Los or\u00edgenes de la cocina - Libro Historia Bullipedia\"},{\"@type\":\"BreadcrumbList\",\"@id\":\"https:\/\/elbullifoundation.com\/elbullistore\/en\/product\/paleolithic-and-neolithic-the-origins-of-cooking\/#breadcrumb\",\"itemListElement\":[{\"@type\":\"ListItem\",\"position\":1,\"name\":\"Portada\",\"item\":\"https:\/\/elbullifoundation.com\/elbullistore\/\"},{\"@type\":\"ListItem\",\"position\":2,\"name\":\"Productos\",\"item\":\"https:\/\/elbullifoundation.com\/elbullistore\/shop\/\"},{\"@type\":\"ListItem\",\"position\":3,\"name\":\"Paleolithic and Neolithic. The origins of cooking\"}]},{\"@type\":\"WebSite\",\"@id\":\"https:\/\/elbullifoundation.com\/elbullistore\/#website\",\"url\":\"https:\/\/elbullifoundation.com\/elbullistore\/\",\"name\":\"elBullistore\",\"description\":\"\",\"potentialAction\":[{\"@type\":\"SearchAction\",\"target\":{\"@type\":\"EntryPoint\",\"urlTemplate\":\"https:\/\/elbullifoundation.com\/elbullistore\/?s={search_term_string}\"},\"query-input\":{\"@type\":\"PropertyValueSpecification\",\"valueRequired\":true,\"valueName\":\"search_term_string\"}}],\"inLanguage\":\"es\"}]}<\/script>\n<!-- \/ Yoast SEO plugin. -->","yoast_head_json":{"title":"Paleolithic and Neolithic. The origins of cooking - elBullistore","description":"Paleol\u00edtico y Neol\u00edtico. Los or\u00edgenes de la cocina es el primer libro de historia de Bullipedia dirigido por Ferran Adri\u00e1 de elBullifoundation","robots":{"index":"index","follow":"follow","max-snippet":"max-snippet:-1","max-image-preview":"max-image-preview:large","max-video-preview":"max-video-preview:-1"},"canonical":"https:\/\/elbullifoundation.com\/elbullistore\/en\/product\/paleolithic-and-neolithic-the-origins-of-cooking\/","og_locale":"es_ES","og_type":"article","og_title":"Paleolithic and Neolithic. The origins of cooking - elBullistore","og_description":"Paleol\u00edtico y Neol\u00edtico. Los or\u00edgenes de la cocina es el primer libro de historia de Bullipedia dirigido por Ferran Adri\u00e1 de elBullifoundation","og_url":"https:\/\/elbullifoundation.com\/elbullistore\/en\/product\/paleolithic-and-neolithic-the-origins-of-cooking\/","og_site_name":"elBullistore","article_modified_time":"2024-09-04T13:07:25+00:00","og_image":[{"width":1295,"height":932,"url":"https:\/\/elbullifoundation.com\/elbullistore\/wp-content\/uploads\/2019\/09\/01-portada_historia.png","type":"image\/png"}],"twitter_card":"summary_large_image","twitter_misc":{"Tiempo de lectura":"1 minuto"},"schema":{"@context":"https:\/\/schema.org","@graph":[{"@type":"WebPage","@id":"https:\/\/elbullifoundation.com\/elbullistore\/en\/product\/paleolithic-and-neolithic-the-origins-of-cooking\/","url":"https:\/\/elbullifoundation.com\/elbullistore\/en\/product\/paleolithic-and-neolithic-the-origins-of-cooking\/","name":"Paleolithic and Neolithic. The origins of cooking - elBullistore","isPartOf":{"@id":"https:\/\/elbullifoundation.com\/elbullistore\/#website"},"primaryImageOfPage":{"@id":"https:\/\/elbullifoundation.com\/elbullistore\/en\/product\/paleolithic-and-neolithic-the-origins-of-cooking\/#primaryimage"},"image":{"@id":"https:\/\/elbullifoundation.com\/elbullistore\/en\/product\/paleolithic-and-neolithic-the-origins-of-cooking\/#primaryimage"},"thumbnailUrl":"https:\/\/elbullifoundation.com\/elbullistore\/wp-content\/uploads\/2019\/09\/01-portada_historia.png","datePublished":"2019-09-02T15:51:36+00:00","dateModified":"2024-09-04T13:07:25+00:00","description":"Paleol\u00edtico y Neol\u00edtico. Los or\u00edgenes de la cocina es el primer libro de historia de Bullipedia dirigido por Ferran Adri\u00e1 de elBullifoundation","breadcrumb":{"@id":"https:\/\/elbullifoundation.com\/elbullistore\/en\/product\/paleolithic-and-neolithic-the-origins-of-cooking\/#breadcrumb"},"inLanguage":"es","potentialAction":[{"@type":"ReadAction","target":["https:\/\/elbullifoundation.com\/elbullistore\/en\/product\/paleolithic-and-neolithic-the-origins-of-cooking\/"]}]},{"@type":"ImageObject","inLanguage":"es","@id":"https:\/\/elbullifoundation.com\/elbullistore\/en\/product\/paleolithic-and-neolithic-the-origins-of-cooking\/#primaryimage","url":"https:\/\/elbullifoundation.com\/elbullistore\/wp-content\/uploads\/2019\/09\/01-portada_historia.png","contentUrl":"https:\/\/elbullifoundation.com\/elbullistore\/wp-content\/uploads\/2019\/09\/01-portada_historia.png","width":1295,"height":932,"caption":"Paleol\u00edtico y Neol\u00edtico. Los or\u00edgenes de la cocina - Libro Historia Bullipedia"},{"@type":"BreadcrumbList","@id":"https:\/\/elbullifoundation.com\/elbullistore\/en\/product\/paleolithic-and-neolithic-the-origins-of-cooking\/#breadcrumb","itemListElement":[{"@type":"ListItem","position":1,"name":"Portada","item":"https:\/\/elbullifoundation.com\/elbullistore\/"},{"@type":"ListItem","position":2,"name":"Productos","item":"https:\/\/elbullifoundation.com\/elbullistore\/shop\/"},{"@type":"ListItem","position":3,"name":"Paleolithic and Neolithic. The origins of cooking"}]},{"@type":"WebSite","@id":"https:\/\/elbullifoundation.com\/elbullistore\/#website","url":"https:\/\/elbullifoundation.com\/elbullistore\/","name":"elBullistore","description":"","potentialAction":[{"@type":"SearchAction","target":{"@type":"EntryPoint","urlTemplate":"https:\/\/elbullifoundation.com\/elbullistore\/?s={search_term_string}"},"query-input":{"@type":"PropertyValueSpecification","valueRequired":true,"valueName":"search_term_string"}}],"inLanguage":"es"}]}},"lang":"en","translations":{"en":5814,"es":5136,"ca":5812},"pll_sync_post":[],"_links":{"self":[{"href":"https:\/\/elbullifoundation.com\/elbullistore\/wp-json\/wp\/v2\/product\/5814","targetHints":{"allow":["GET"]}}],"collection":[{"href":"https:\/\/elbullifoundation.com\/elbullistore\/wp-json\/wp\/v2\/product"}],"about":[{"href":"https:\/\/elbullifoundation.com\/elbullistore\/wp-json\/wp\/v2\/types\/product"}],"replies":[{"embeddable":true,"href":"https:\/\/elbullifoundation.com\/elbullistore\/wp-json\/wp\/v2\/comments?post=5814"}],"wp:featuredmedia":[{"embeddable":true,"href":"https:\/\/elbullifoundation.com\/elbullistore\/wp-json\/wp\/v2\/media\/5139"}],"wp:attachment":[{"href":"https:\/\/elbullifoundation.com\/elbullistore\/wp-json\/wp\/v2\/media?parent=5814"}],"wp:term":[{"taxonomy":"product_brand","embeddable":true,"href":"https:\/\/elbullifoundation.com\/elbullistore\/wp-json\/wp\/v2\/product_brand?post=5814"},{"taxonomy":"product_cat","embeddable":true,"href":"https:\/\/elbullifoundation.com\/elbullistore\/wp-json\/wp\/v2\/product_cat?post=5814"},{"taxonomy":"product_tag","embeddable":true,"href":"https:\/\/elbullifoundation.com\/elbullistore\/wp-json\/wp\/v2\/product_tag?post=5814"}],"curies":[{"name":"wp","href":"https:\/\/api.w.org\/{rel}","templated":true}]}}

<p><strong><em>Paleolithic and Neolithic. The origins of cooking</em></strong>, is the first of the Bullipedia collection of books dedicated to the history of the gastronomic restaurant sector in the West. The art of cooking was invented during the Paleolithic period, at the same time that our species, <em>Homo sapiens</em>, evolved. Along with an analysis of the food, drink and cooking of these early periods of history, we employ the Sapiens methodology, created by Ferran Adrià and the elBullifoundation team, to analyse the characteristics of the human race, how it evolves and why it is the most creative species on the planet.</p>
<p>&nbsp;</p>
<p>590 pages</p>
<p>230 x 330 mm</p>
<p>Hard Cover</p>
<p>ISBN: 978-84-09-12632-3</p>

<!-- This site is optimized with the Yoast SEO plugin v26.9 - https://yoast.com/product/yoast-seo-wordpress/ -->
<title>Paleolithic and Neolithic. The origins of cooking - elBullistore</title>
<meta name="description" content="Paleolítico y Neolítico. Los orígenes de la cocina es el primer libro de historia de Bullipedia dirigido por Ferran Adriá de elBullifoundation" />
<meta name="robots" content="index, follow, max-snippet:-1, max-image-preview:large, max-video-preview:-1" />
<link rel="canonical" href="https://elbullifoundation.com/elbullistore/en/product/paleolithic-and-neolithic-the-origins-of-cooking/" />
<meta property="og:locale" content="es_ES" />
<meta property="og:type" content="article" />
<meta property="og:title" content="Paleolithic and Neolithic. The origins of cooking - elBullistore" />
<meta property="og:description" content="Paleolítico y Neolítico. Los orígenes de la cocina es el primer libro de historia de Bullipedia dirigido por Ferran Adriá de elBullifoundation" />
<meta property="og:url" content="https://elbullifoundation.com/elbullistore/en/product/paleolithic-and-neolithic-the-origins-of-cooking/" />
<meta property="og:site_name" content="elBullistore" />
<meta property="article:modified_time" content="2024-09-04T13:07:25+00:00" />
<meta property="og:image" content="https://elbullifoundation.com/elbullistore/wp-content/uploads/2019/09/01-portada_historia.png" />
	<meta property="og:image:width" content="1295" />
	<meta property="og:image:height" content="932" />
	<meta property="og:image:type" content="image/png" />
<meta name="twitter:card" content="summary_large_image" />
<meta name="twitter:label1" content="Tiempo de lectura" />
	<meta name="twitter:data1" content="1 minuto" />
<script type="application/ld+json" class="yoast-schema-graph">{"@context":"https://schema.org","@graph":[{"@type":"WebPage","@id":"https://elbullifoundation.com/elbullistore/en/product/paleolithic-and-neolithic-the-origins-of-cooking/","url":"https://elbullifoundation.com/elbullistore/en/product/paleolithic-and-neolithic-the-origins-of-cooking/","name":"Paleolithic and Neolithic. The origins of cooking - elBullistore","isPartOf":{"@id":"https://elbullifoundation.com/elbullistore/#website"},"primaryImageOfPage":{"@id":"https://elbullifoundation.com/elbullistore/en/product/paleolithic-and-neolithic-the-origins-of-cooking/#primaryimage"},"image":{"@id":"https://elbullifoundation.com/elbullistore/en/product/paleolithic-and-neolithic-the-origins-of-cooking/#primaryimage"},"thumbnailUrl":"https://elbullifoundation.com/elbullistore/wp-content/uploads/2019/09/01-portada_historia.png","datePublished":"2019-09-02T15:51:36+00:00","dateModified":"2024-09-04T13:07:25+00:00","description":"Paleolítico y Neolítico. Los orígenes de la cocina es el primer libro de historia de Bullipedia dirigido por Ferran Adriá de elBullifoundation","breadcrumb":{"@id":"https://elbullifoundation.com/elbullistore/en/product/paleolithic-and-neolithic-the-origins-of-cooking/#breadcrumb"},"inLanguage":"es","potentialAction":[{"@type":"ReadAction","target":["https://elbullifoundation.com/elbullistore/en/product/paleolithic-and-neolithic-the-origins-of-cooking/"]}]},{"@type":"ImageObject","inLanguage":"es","@id":"https://elbullifoundation.com/elbullistore/en/product/paleolithic-and-neolithic-the-origins-of-cooking/#primaryimage","url":"https://elbullifoundation.com/elbullistore/wp-content/uploads/2019/09/01-portada_historia.png","contentUrl":"https://elbullifoundation.com/elbullistore/wp-content/uploads/2019/09/01-portada_historia.png","width":1295,"height":932,"caption":"Paleolítico y Neolítico. Los orígenes de la cocina - Libro Historia Bullipedia"},{"@type":"BreadcrumbList","@id":"https://elbullifoundation.com/elbullistore/en/product/paleolithic-and-neolithic-the-origins-of-cooking/#breadcrumb","itemListElement":[{"@type":"ListItem","position":1,"name":"Portada","item":"https://elbullifoundation.com/elbullistore/"},{"@type":"ListItem","position":2,"name":"Productos","item":"https://elbullifoundation.com/elbullistore/shop/"},{"@type":"ListItem","position":3,"name":"Paleolithic and Neolithic. The origins of cooking"}]},{"@type":"WebSite","@id":"https://elbullifoundation.com/elbullistore/#website","url":"https://elbullifoundation.com/elbullistore/","name":"elBullistore","description":"","potentialAction":[{"@type":"SearchAction","target":{"@type":"EntryPoint","urlTemplate":"https://elbullifoundation.com/elbullistore/?s={search_term_string}"},"query-input":{"@type":"PropertyValueSpecification","valueRequired":true,"valueName":"search_term_string"}}],"inLanguage":"es"}]}</script>
<!-- / Yoast SEO plugin. -->

Paleolítico y Neolítico. Los orígenes de la cocina es el primer libro de historia de Bullipedia dirigido por Ferran Adriá de elBullifoundation

Paleolítico y Neolítico. Los orígenes de la cocina - Libro Historia Bullipedia
