{"id":6149,"date":"2020-01-14T13:24:45","date_gmt":"2020-01-14T12:24:45","guid":{"rendered":"https:\/\/elbullifoundation.com\/elbullistore\/?post_type=product&#038;p=6149"},"modified":"2025-02-11T16:25:51","modified_gmt":"2025-02-11T15:25:51","slug":"conectando-conocimiento-metodologia-sapiens","status":"publish","type":"product","link":"https:\/\/elbullifoundation.com\/elbullistore\/producto\/conectando-conocimiento-metodologia-sapiens\/","title":{"rendered":"Conectando conocimiento. Metodolog\u00eda Sapiens"},"content":{"rendered":"<p><em><strong>Conectando conocimiento. Metodolog\u00eda Sapiens<\/strong><\/em> explica la metodolog\u00eda creada por Ferran Adri\u00e0 y el equipo de elBullifoundation, con la que se desarrollan todos los proyectos de la fundaci\u00f3n. Sapiens es un conjunto de m\u00e9todos de investigaci\u00f3n que se puede aplicar a cualquier tema, que sirve para conectar conocimiento y de esta forma comprender. Sus finalidades, a modo de ejemplo son: gestionar informaci\u00f3n, aprender, ense\u00f1ar, comunicar, analizar el entorno o una organizaci\u00f3n, mejorar la gesti\u00f3n, crear e incluso innovar.<\/p>\n<p>&nbsp;<\/p>\n<p><span lang=\"ES\">568 p\u00e1ginas<\/span><\/p>\n<p><span lang=\"ES\">230 x 330 mm<\/span><\/p>\n<p><span lang=\"ES\">Tapa Dura<\/span><\/p>\n<p><span lang=\"ES\">ISBN: 978-84-09-27634-9<\/span><\/p>\n","protected":false},"excerpt":{"rendered":"<p>Conectando conocimiento. Metodolog\u00eda Sapiens explica la metodolog\u00eda creada por Ferran Adri\u00e0 y el equipo de elBullifoundation, con la que se desarrollan todos los proyectos de la fundaci\u00f3n. Sapiens es un conjunto de m\u00e9todos de investigaci\u00f3n que se puede aplicar a cualquier tema, que sirve para conectar conocimiento y de esta forma comprender. Sus finalidades, a [&hellip;]<\/p>\n","protected":false},"featured_media":8404,"comment_status":"closed","ping_status":"closed","template":"","meta":{"_acf_changed":false},"product_brand":[],"product_cat":[15,655],"product_tag":[],"class_list":{"0":"post-6149","1":"product","2":"type-product","3":"status-publish","4":"has-post-thumbnail","6":"product_cat-bullipedia","7":"product_cat-general","8":"product_shipping_class-envio-5k","10":"first","11":"instock","12":"taxable","13":"shipping-taxable","14":"purchasable","15":"product-type-variable"},"acf":[],"yoast_head":"<!-- This site is optimized with the Yoast SEO plugin v26.9 - https:\/\/yoast.com\/product\/yoast-seo-wordpress\/ -->\n<title>Conectando conocimiento. Metodolog\u00eda Sapiens - elBullistore<\/title>\n<meta name=\"robots\" content=\"index, follow, max-snippet:-1, max-image-preview:large, max-video-preview:-1\" \/>\n<link rel=\"canonical\" href=\"https:\/\/elbullifoundation.com\/elbullistore\/producto\/conectando-conocimiento-metodologia-sapiens\/\" \/>\n<meta property=\"og:locale\" content=\"es_ES\" \/>\n<meta property=\"og:type\" content=\"article\" \/>\n<meta property=\"og:title\" content=\"Conectando conocimiento. Metodolog\u00eda Sapiens - elBullistore\" \/>\n<meta property=\"og:description\" content=\"Conectando conocimiento. Metodolog\u00eda Sapiens explica la metodolog\u00eda creada por Ferran Adri\u00e0 y el equipo de elBullifoundation, con la que se desarrollan todos los proyectos de la fundaci\u00f3n. Sapiens es un conjunto de m\u00e9todos de investigaci\u00f3n que se puede aplicar a cualquier tema, que sirve para conectar conocimiento y de esta forma comprender. Sus finalidades, a [&hellip;]\" \/>\n<meta property=\"og:url\" content=\"https:\/\/elbullifoundation.com\/elbullistore\/producto\/conectando-conocimiento-metodologia-sapiens\/\" \/>\n<meta property=\"og:site_name\" content=\"elBullistore\" \/>\n<meta property=\"article:modified_time\" content=\"2025-02-11T15:25:51+00:00\" \/>\n<meta property=\"og:image\" content=\"https:\/\/elbullifoundation.com\/elbullistore\/wp-content\/uploads\/2020\/01\/sapiens.jpg\" \/>\n\t<meta property=\"og:image:width\" content=\"1000\" \/>\n\t<meta property=\"og:image:height\" content=\"720\" \/>\n\t<meta property=\"og:image:type\" content=\"image\/jpeg\" \/>\n<meta name=\"twitter:card\" content=\"summary_large_image\" \/>\n<meta name=\"twitter:label1\" content=\"Tiempo de lectura\" \/>\n\t<meta name=\"twitter:data1\" content=\"1 minuto\" \/>\n<script type=\"application\/ld+json\" class=\"yoast-schema-graph\">{\"@context\":\"https:\/\/schema.org\",\"@graph\":[{\"@type\":\"WebPage\",\"@id\":\"https:\/\/elbullifoundation.com\/elbullistore\/producto\/conectando-conocimiento-metodologia-sapiens\/\",\"url\":\"https:\/\/elbullifoundation.com\/elbullistore\/producto\/conectando-conocimiento-metodologia-sapiens\/\",\"name\":\"Conectando conocimiento. Metodolog\u00eda Sapiens - elBullistore\",\"isPartOf\":{\"@id\":\"https:\/\/elbullifoundation.com\/elbullistore\/#website\"},\"primaryImageOfPage\":{\"@id\":\"https:\/\/elbullifoundation.com\/elbullistore\/producto\/conectando-conocimiento-metodologia-sapiens\/#primaryimage\"},\"image\":{\"@id\":\"https:\/\/elbullifoundation.com\/elbullistore\/producto\/conectando-conocimiento-metodologia-sapiens\/#primaryimage\"},\"thumbnailUrl\":\"https:\/\/elbullifoundation.com\/elbullistore\/wp-content\/uploads\/2020\/01\/sapiens.jpg\",\"datePublished\":\"2020-01-14T12:24:45+00:00\",\"dateModified\":\"2025-02-11T15:25:51+00:00\",\"breadcrumb\":{\"@id\":\"https:\/\/elbullifoundation.com\/elbullistore\/producto\/conectando-conocimiento-metodologia-sapiens\/#breadcrumb\"},\"inLanguage\":\"es\",\"potentialAction\":[{\"@type\":\"ReadAction\",\"target\":[\"https:\/\/elbullifoundation.com\/elbullistore\/producto\/conectando-conocimiento-metodologia-sapiens\/\"]}]},{\"@type\":\"ImageObject\",\"inLanguage\":\"es\",\"@id\":\"https:\/\/elbullifoundation.com\/elbullistore\/producto\/conectando-conocimiento-metodologia-sapiens\/#primaryimage\",\"url\":\"https:\/\/elbullifoundation.com\/elbullistore\/wp-content\/uploads\/2020\/01\/sapiens.jpg\",\"contentUrl\":\"https:\/\/elbullifoundation.com\/elbullistore\/wp-content\/uploads\/2020\/01\/sapiens.jpg\",\"width\":1000,\"height\":720},{\"@type\":\"BreadcrumbList\",\"@id\":\"https:\/\/elbullifoundation.com\/elbullistore\/producto\/conectando-conocimiento-metodologia-sapiens\/#breadcrumb\",\"itemListElement\":[{\"@type\":\"ListItem\",\"position\":1,\"name\":\"Portada\",\"item\":\"https:\/\/elbullifoundation.com\/elbullistore\/\"},{\"@type\":\"ListItem\",\"position\":2,\"name\":\"Productos\",\"item\":\"https:\/\/elbullifoundation.com\/elbullistore\/shop\/\"},{\"@type\":\"ListItem\",\"position\":3,\"name\":\"Conectando conocimiento. Metodolog\u00eda Sapiens\"}]},{\"@type\":\"WebSite\",\"@id\":\"https:\/\/elbullifoundation.com\/elbullistore\/#website\",\"url\":\"https:\/\/elbullifoundation.com\/elbullistore\/\",\"name\":\"elBullistore\",\"description\":\"\",\"potentialAction\":[{\"@type\":\"SearchAction\",\"target\":{\"@type\":\"EntryPoint\",\"urlTemplate\":\"https:\/\/elbullifoundation.com\/elbullistore\/?s={search_term_string}\"},\"query-input\":{\"@type\":\"PropertyValueSpecification\",\"valueRequired\":true,\"valueName\":\"search_term_string\"}}],\"inLanguage\":\"es\"}]}<\/script>\n<!-- \/ Yoast SEO plugin. -->","yoast_head_json":{"title":"Conectando conocimiento. Metodolog\u00eda Sapiens - elBullistore","robots":{"index":"index","follow":"follow","max-snippet":"max-snippet:-1","max-image-preview":"max-image-preview:large","max-video-preview":"max-video-preview:-1"},"canonical":"https:\/\/elbullifoundation.com\/elbullistore\/producto\/conectando-conocimiento-metodologia-sapiens\/","og_locale":"es_ES","og_type":"article","og_title":"Conectando conocimiento. Metodolog\u00eda Sapiens - elBullistore","og_description":"Conectando conocimiento. Metodolog\u00eda Sapiens explica la metodolog\u00eda creada por Ferran Adri\u00e0 y el equipo de elBullifoundation, con la que se desarrollan todos los proyectos de la fundaci\u00f3n. Sapiens es un conjunto de m\u00e9todos de investigaci\u00f3n que se puede aplicar a cualquier tema, que sirve para conectar conocimiento y de esta forma comprender. Sus finalidades, a [&hellip;]","og_url":"https:\/\/elbullifoundation.com\/elbullistore\/producto\/conectando-conocimiento-metodologia-sapiens\/","og_site_name":"elBullistore","article_modified_time":"2025-02-11T15:25:51+00:00","og_image":[{"width":1000,"height":720,"url":"https:\/\/elbullifoundation.com\/elbullistore\/wp-content\/uploads\/2020\/01\/sapiens.jpg","type":"image\/jpeg"}],"twitter_card":"summary_large_image","twitter_misc":{"Tiempo de lectura":"1 minuto"},"schema":{"@context":"https:\/\/schema.org","@graph":[{"@type":"WebPage","@id":"https:\/\/elbullifoundation.com\/elbullistore\/producto\/conectando-conocimiento-metodologia-sapiens\/","url":"https:\/\/elbullifoundation.com\/elbullistore\/producto\/conectando-conocimiento-metodologia-sapiens\/","name":"Conectando conocimiento. Metodolog\u00eda Sapiens - elBullistore","isPartOf":{"@id":"https:\/\/elbullifoundation.com\/elbullistore\/#website"},"primaryImageOfPage":{"@id":"https:\/\/elbullifoundation.com\/elbullistore\/producto\/conectando-conocimiento-metodologia-sapiens\/#primaryimage"},"image":{"@id":"https:\/\/elbullifoundation.com\/elbullistore\/producto\/conectando-conocimiento-metodologia-sapiens\/#primaryimage"},"thumbnailUrl":"https:\/\/elbullifoundation.com\/elbullistore\/wp-content\/uploads\/2020\/01\/sapiens.jpg","datePublished":"2020-01-14T12:24:45+00:00","dateModified":"2025-02-11T15:25:51+00:00","breadcrumb":{"@id":"https:\/\/elbullifoundation.com\/elbullistore\/producto\/conectando-conocimiento-metodologia-sapiens\/#breadcrumb"},"inLanguage":"es","potentialAction":[{"@type":"ReadAction","target":["https:\/\/elbullifoundation.com\/elbullistore\/producto\/conectando-conocimiento-metodologia-sapiens\/"]}]},{"@type":"ImageObject","inLanguage":"es","@id":"https:\/\/elbullifoundation.com\/elbullistore\/producto\/conectando-conocimiento-metodologia-sapiens\/#primaryimage","url":"https:\/\/elbullifoundation.com\/elbullistore\/wp-content\/uploads\/2020\/01\/sapiens.jpg","contentUrl":"https:\/\/elbullifoundation.com\/elbullistore\/wp-content\/uploads\/2020\/01\/sapiens.jpg","width":1000,"height":720},{"@type":"BreadcrumbList","@id":"https:\/\/elbullifoundation.com\/elbullistore\/producto\/conectando-conocimiento-metodologia-sapiens\/#breadcrumb","itemListElement":[{"@type":"ListItem","position":1,"name":"Portada","item":"https:\/\/elbullifoundation.com\/elbullistore\/"},{"@type":"ListItem","position":2,"name":"Productos","item":"https:\/\/elbullifoundation.com\/elbullistore\/shop\/"},{"@type":"ListItem","position":3,"name":"Conectando conocimiento. Metodolog\u00eda Sapiens"}]},{"@type":"WebSite","@id":"https:\/\/elbullifoundation.com\/elbullistore\/#website","url":"https:\/\/elbullifoundation.com\/elbullistore\/","name":"elBullistore","description":"","potentialAction":[{"@type":"SearchAction","target":{"@type":"EntryPoint","urlTemplate":"https:\/\/elbullifoundation.com\/elbullistore\/?s={search_term_string}"},"query-input":{"@type":"PropertyValueSpecification","valueRequired":true,"valueName":"search_term_string"}}],"inLanguage":"es"}]}},"lang":"es","translations":{"es":6149,"en":9751,"ca":15889},"pll_sync_post":[],"_links":{"self":[{"href":"https:\/\/elbullifoundation.com\/elbullistore\/wp-json\/wp\/v2\/product\/6149","targetHints":{"allow":["GET"]}}],"collection":[{"href":"https:\/\/elbullifoundation.com\/elbullistore\/wp-json\/wp\/v2\/product"}],"about":[{"href":"https:\/\/elbullifoundation.com\/elbullistore\/wp-json\/wp\/v2\/types\/product"}],"replies":[{"embeddable":true,"href":"https:\/\/elbullifoundation.com\/elbullistore\/wp-json\/wp\/v2\/comments?post=6149"}],"wp:featuredmedia":[{"embeddable":true,"href":"https:\/\/elbullifoundation.com\/elbullistore\/wp-json\/wp\/v2\/media\/8404"}],"wp:attachment":[{"href":"https:\/\/elbullifoundation.com\/elbullistore\/wp-json\/wp\/v2\/media?parent=6149"}],"wp:term":[{"taxonomy":"product_brand","embeddable":true,"href":"https:\/\/elbullifoundation.com\/elbullistore\/wp-json\/wp\/v2\/product_brand?post=6149"},{"taxonomy":"product_cat","embeddable":true,"href":"https:\/\/elbullifoundation.com\/elbullistore\/wp-json\/wp\/v2\/product_cat?post=6149"},{"taxonomy":"product_tag","embeddable":true,"href":"https:\/\/elbullifoundation.com\/elbullistore\/wp-json\/wp\/v2\/product_tag?post=6149"}],"curies":[{"name":"wp","href":"https:\/\/api.w.org\/{rel}","templated":true}]}}