{"id":6178,"date":"2020-01-14T14:04:39","date_gmt":"2020-01-14T13:04:39","guid":{"rendered":"https:\/\/elbullifoundation.com\/elbullistore\/?post_type=product&#038;p=6178"},"modified":"2023-11-10T10:52:57","modified_gmt":"2023-11-10T09:52:57","slug":"fisiologia-del-gusto","status":"publish","type":"product","link":"https:\/\/elbullifoundation.com\/elbullistore\/producto\/fisiologia-del-gusto\/","title":{"rendered":"Fisiolog\u00eda del gusto del siglo XXI. Luis y Alexis Racionero"},"content":{"rendered":"<p><em>Fisiolog\u00eda del gusto<\/em> de Jean-Anthelme Brillat-Savarin es una de las obras m\u00e1s ic\u00f3nicas sobre el arte del comer, beber y de la gastronom\u00eda en general.<\/p>\n<p>Este proyecto a modo de homenaje, en forma de r\u00e9plica contempor\u00e1nea, nace de las conversaciones entre Ferran Adri\u00e0 y Luis Racionero.<\/p>\n<p>Alexis Racionero finaliza esta reinterpretaci\u00f3n p\u00f3stuma de Luis Racionero, su padre. La obra refleja el momento de cambio hist\u00f3rico de la restauraci\u00f3n, un espacio y tiempo a caballo entre la Francia consagrada y el despertar de la nueva cocina espa\u00f1ola.<\/p>\n<p>&nbsp;<\/p>\n<p>392 p\u00e1ginas<\/p>\n<p>125 x 205 mm<\/p>\n<p>Tapa Dura<\/p>\n<p>ISBN:\u00a0978-84-09-27633-2<\/p>\n","protected":false},"excerpt":{"rendered":"<p>Fisiolog\u00eda del gusto de Jean-Anthelme Brillat-Savarin es una de las obras m\u00e1s ic\u00f3nicas sobre el arte del comer, beber y de la gastronom\u00eda en general. Este proyecto a modo de homenaje, en forma de r\u00e9plica contempor\u00e1nea, nace de las conversaciones entre Ferran Adri\u00e0 y Luis Racionero. Alexis Racionero finaliza esta reinterpretaci\u00f3n p\u00f3stuma de Luis Racionero, [&hellip;]<\/p>\n","protected":false},"featured_media":8858,"comment_status":"closed","ping_status":"closed","template":"","meta":{"_acf_changed":false},"product_brand":[],"product_cat":[34],"product_tag":[],"class_list":{"0":"post-6178","1":"product","2":"type-product","3":"status-publish","4":"has-post-thumbnail","6":"product_cat-otros","8":"first","9":"instock","10":"taxable","11":"shipping-taxable","12":"purchasable","13":"product-type-variable"},"acf":[],"yoast_head":"<!-- This site is optimized with the Yoast SEO plugin v26.9 - https:\/\/yoast.com\/product\/yoast-seo-wordpress\/ -->\n<title>Fisiolog\u00eda del gusto del siglo XXI. Luis y Alexis Racionero - elBullistore<\/title>\n<meta name=\"robots\" content=\"index, follow, max-snippet:-1, max-image-preview:large, max-video-preview:-1\" \/>\n<link rel=\"canonical\" href=\"https:\/\/elbullifoundation.com\/elbullistore\/producto\/fisiologia-del-gusto\/\" \/>\n<meta property=\"og:locale\" content=\"es_ES\" \/>\n<meta property=\"og:type\" content=\"article\" \/>\n<meta property=\"og:title\" content=\"Fisiolog\u00eda del gusto del siglo XXI. Luis y Alexis Racionero - elBullistore\" \/>\n<meta property=\"og:description\" content=\"Fisiolog\u00eda del gusto de Jean-Anthelme Brillat-Savarin es una de las obras m\u00e1s ic\u00f3nicas sobre el arte del comer, beber y de la gastronom\u00eda en general. Este proyecto a modo de homenaje, en forma de r\u00e9plica contempor\u00e1nea, nace de las conversaciones entre Ferran Adri\u00e0 y Luis Racionero. Alexis Racionero finaliza esta reinterpretaci\u00f3n p\u00f3stuma de Luis Racionero, [&hellip;]\" \/>\n<meta property=\"og:url\" content=\"https:\/\/elbullifoundation.com\/elbullistore\/producto\/fisiologia-del-gusto\/\" \/>\n<meta property=\"og:site_name\" content=\"elBullistore\" \/>\n<meta property=\"article:modified_time\" content=\"2023-11-10T09:52:57+00:00\" \/>\n<meta property=\"og:image\" content=\"https:\/\/elbullifoundation.com\/elbullistore\/wp-content\/uploads\/2020\/01\/fisiologia_2-scaled.jpg\" \/>\n\t<meta property=\"og:image:width\" content=\"2560\" \/>\n\t<meta property=\"og:image:height\" content=\"1843\" \/>\n\t<meta property=\"og:image:type\" content=\"image\/jpeg\" \/>\n<meta name=\"twitter:card\" content=\"summary_large_image\" \/>\n<meta name=\"twitter:label1\" content=\"Tiempo de lectura\" \/>\n\t<meta name=\"twitter:data1\" content=\"1 minuto\" \/>\n<script type=\"application\/ld+json\" class=\"yoast-schema-graph\">{\"@context\":\"https:\/\/schema.org\",\"@graph\":[{\"@type\":\"WebPage\",\"@id\":\"https:\/\/elbullifoundation.com\/elbullistore\/producto\/fisiologia-del-gusto\/\",\"url\":\"https:\/\/elbullifoundation.com\/elbullistore\/producto\/fisiologia-del-gusto\/\",\"name\":\"Fisiolog\u00eda del gusto del siglo XXI. Luis y Alexis Racionero - elBullistore\",\"isPartOf\":{\"@id\":\"https:\/\/elbullifoundation.com\/elbullistore\/#website\"},\"primaryImageOfPage\":{\"@id\":\"https:\/\/elbullifoundation.com\/elbullistore\/producto\/fisiologia-del-gusto\/#primaryimage\"},\"image\":{\"@id\":\"https:\/\/elbullifoundation.com\/elbullistore\/producto\/fisiologia-del-gusto\/#primaryimage\"},\"thumbnailUrl\":\"https:\/\/elbullifoundation.com\/elbullistore\/wp-content\/uploads\/2020\/01\/fisiologia_2-scaled.jpg\",\"datePublished\":\"2020-01-14T13:04:39+00:00\",\"dateModified\":\"2023-11-10T09:52:57+00:00\",\"breadcrumb\":{\"@id\":\"https:\/\/elbullifoundation.com\/elbullistore\/producto\/fisiologia-del-gusto\/#breadcrumb\"},\"inLanguage\":\"es\",\"potentialAction\":[{\"@type\":\"ReadAction\",\"target\":[\"https:\/\/elbullifoundation.com\/elbullistore\/producto\/fisiologia-del-gusto\/\"]}]},{\"@type\":\"ImageObject\",\"inLanguage\":\"es\",\"@id\":\"https:\/\/elbullifoundation.com\/elbullistore\/producto\/fisiologia-del-gusto\/#primaryimage\",\"url\":\"https:\/\/elbullifoundation.com\/elbullistore\/wp-content\/uploads\/2020\/01\/fisiologia_2-scaled.jpg\",\"contentUrl\":\"https:\/\/elbullifoundation.com\/elbullistore\/wp-content\/uploads\/2020\/01\/fisiologia_2-scaled.jpg\",\"width\":2560,\"height\":1843},{\"@type\":\"BreadcrumbList\",\"@id\":\"https:\/\/elbullifoundation.com\/elbullistore\/producto\/fisiologia-del-gusto\/#breadcrumb\",\"itemListElement\":[{\"@type\":\"ListItem\",\"position\":1,\"name\":\"Portada\",\"item\":\"https:\/\/elbullifoundation.com\/elbullistore\/\"},{\"@type\":\"ListItem\",\"position\":2,\"name\":\"Productos\",\"item\":\"https:\/\/elbullifoundation.com\/elbullistore\/shop\/\"},{\"@type\":\"ListItem\",\"position\":3,\"name\":\"Fisiolog\u00eda del gusto del siglo XXI. Luis y Alexis Racionero\"}]},{\"@type\":\"WebSite\",\"@id\":\"https:\/\/elbullifoundation.com\/elbullistore\/#website\",\"url\":\"https:\/\/elbullifoundation.com\/elbullistore\/\",\"name\":\"elBullistore\",\"description\":\"\",\"potentialAction\":[{\"@type\":\"SearchAction\",\"target\":{\"@type\":\"EntryPoint\",\"urlTemplate\":\"https:\/\/elbullifoundation.com\/elbullistore\/?s={search_term_string}\"},\"query-input\":{\"@type\":\"PropertyValueSpecification\",\"valueRequired\":true,\"valueName\":\"search_term_string\"}}],\"inLanguage\":\"es\"}]}<\/script>\n<!-- \/ Yoast SEO plugin. -->","yoast_head_json":{"title":"Fisiolog\u00eda del gusto del siglo XXI. Luis y Alexis Racionero - elBullistore","robots":{"index":"index","follow":"follow","max-snippet":"max-snippet:-1","max-image-preview":"max-image-preview:large","max-video-preview":"max-video-preview:-1"},"canonical":"https:\/\/elbullifoundation.com\/elbullistore\/producto\/fisiologia-del-gusto\/","og_locale":"es_ES","og_type":"article","og_title":"Fisiolog\u00eda del gusto del siglo XXI. Luis y Alexis Racionero - elBullistore","og_description":"Fisiolog\u00eda del gusto de Jean-Anthelme Brillat-Savarin es una de las obras m\u00e1s ic\u00f3nicas sobre el arte del comer, beber y de la gastronom\u00eda en general. Este proyecto a modo de homenaje, en forma de r\u00e9plica contempor\u00e1nea, nace de las conversaciones entre Ferran Adri\u00e0 y Luis Racionero. Alexis Racionero finaliza esta reinterpretaci\u00f3n p\u00f3stuma de Luis Racionero, [&hellip;]","og_url":"https:\/\/elbullifoundation.com\/elbullistore\/producto\/fisiologia-del-gusto\/","og_site_name":"elBullistore","article_modified_time":"2023-11-10T09:52:57+00:00","og_image":[{"width":2560,"height":1843,"url":"https:\/\/elbullifoundation.com\/elbullistore\/wp-content\/uploads\/2020\/01\/fisiologia_2-scaled.jpg","type":"image\/jpeg"}],"twitter_card":"summary_large_image","twitter_misc":{"Tiempo de lectura":"1 minuto"},"schema":{"@context":"https:\/\/schema.org","@graph":[{"@type":"WebPage","@id":"https:\/\/elbullifoundation.com\/elbullistore\/producto\/fisiologia-del-gusto\/","url":"https:\/\/elbullifoundation.com\/elbullistore\/producto\/fisiologia-del-gusto\/","name":"Fisiolog\u00eda del gusto del siglo XXI. Luis y Alexis Racionero - elBullistore","isPartOf":{"@id":"https:\/\/elbullifoundation.com\/elbullistore\/#website"},"primaryImageOfPage":{"@id":"https:\/\/elbullifoundation.com\/elbullistore\/producto\/fisiologia-del-gusto\/#primaryimage"},"image":{"@id":"https:\/\/elbullifoundation.com\/elbullistore\/producto\/fisiologia-del-gusto\/#primaryimage"},"thumbnailUrl":"https:\/\/elbullifoundation.com\/elbullistore\/wp-content\/uploads\/2020\/01\/fisiologia_2-scaled.jpg","datePublished":"2020-01-14T13:04:39+00:00","dateModified":"2023-11-10T09:52:57+00:00","breadcrumb":{"@id":"https:\/\/elbullifoundation.com\/elbullistore\/producto\/fisiologia-del-gusto\/#breadcrumb"},"inLanguage":"es","potentialAction":[{"@type":"ReadAction","target":["https:\/\/elbullifoundation.com\/elbullistore\/producto\/fisiologia-del-gusto\/"]}]},{"@type":"ImageObject","inLanguage":"es","@id":"https:\/\/elbullifoundation.com\/elbullistore\/producto\/fisiologia-del-gusto\/#primaryimage","url":"https:\/\/elbullifoundation.com\/elbullistore\/wp-content\/uploads\/2020\/01\/fisiologia_2-scaled.jpg","contentUrl":"https:\/\/elbullifoundation.com\/elbullistore\/wp-content\/uploads\/2020\/01\/fisiologia_2-scaled.jpg","width":2560,"height":1843},{"@type":"BreadcrumbList","@id":"https:\/\/elbullifoundation.com\/elbullistore\/producto\/fisiologia-del-gusto\/#breadcrumb","itemListElement":[{"@type":"ListItem","position":1,"name":"Portada","item":"https:\/\/elbullifoundation.com\/elbullistore\/"},{"@type":"ListItem","position":2,"name":"Productos","item":"https:\/\/elbullifoundation.com\/elbullistore\/shop\/"},{"@type":"ListItem","position":3,"name":"Fisiolog\u00eda del gusto del siglo XXI. Luis y Alexis Racionero"}]},{"@type":"WebSite","@id":"https:\/\/elbullifoundation.com\/elbullistore\/#website","url":"https:\/\/elbullifoundation.com\/elbullistore\/","name":"elBullistore","description":"","potentialAction":[{"@type":"SearchAction","target":{"@type":"EntryPoint","urlTemplate":"https:\/\/elbullifoundation.com\/elbullistore\/?s={search_term_string}"},"query-input":{"@type":"PropertyValueSpecification","valueRequired":true,"valueName":"search_term_string"}}],"inLanguage":"es"}]}},"lang":"es","translations":{"es":6178,"en":9754,"ca":15883},"pll_sync_post":[],"_links":{"self":[{"href":"https:\/\/elbullifoundation.com\/elbullistore\/wp-json\/wp\/v2\/product\/6178","targetHints":{"allow":["GET"]}}],"collection":[{"href":"https:\/\/elbullifoundation.com\/elbullistore\/wp-json\/wp\/v2\/product"}],"about":[{"href":"https:\/\/elbullifoundation.com\/elbullistore\/wp-json\/wp\/v2\/types\/product"}],"replies":[{"embeddable":true,"href":"https:\/\/elbullifoundation.com\/elbullistore\/wp-json\/wp\/v2\/comments?post=6178"}],"wp:featuredmedia":[{"embeddable":true,"href":"https:\/\/elbullifoundation.com\/elbullistore\/wp-json\/wp\/v2\/media\/8858"}],"wp:attachment":[{"href":"https:\/\/elbullifoundation.com\/elbullistore\/wp-json\/wp\/v2\/media?parent=6178"}],"wp:term":[{"taxonomy":"product_brand","embeddable":true,"href":"https:\/\/elbullifoundation.com\/elbullistore\/wp-json\/wp\/v2\/product_brand?post=6178"},{"taxonomy":"product_cat","embeddable":true,"href":"https:\/\/elbullifoundation.com\/elbullistore\/wp-json\/wp\/v2\/product_cat?post=6178"},{"taxonomy":"product_tag","embeddable":true,"href":"https:\/\/elbullifoundation.com\/elbullistore\/wp-json\/wp\/v2\/product_tag?post=6178"}],"curies":[{"name":"wp","href":"https:\/\/api.w.org\/{rel}","templated":true}]}}