{"id":6422,"date":"2020-02-26T16:32:03","date_gmt":"2020-02-26T15:32:03","guid":{"rendered":"https:\/\/elbullifoundation.com\/elbullistore\/?post_type=product&#038;p=6422"},"modified":"2026-04-07T16:42:38","modified_gmt":"2026-04-07T14:42:38","slug":"la-comida-la-familia-ferran-adria-elbulli","status":"publish","type":"product","link":"https:\/\/elbullifoundation.com\/elbullistore\/producto\/la-comida-la-familia-ferran-adria-elbulli\/","title":{"rendered":"La comida de la familia"},"content":{"rendered":"<p>elBulli es ya para siempre un referente gastron\u00f3mico ineludible. La inventiva, sofisticaci\u00f3n, imaginaci\u00f3n y t\u00e9cnica de Ferran Adri\u00e0 y su equipo han revolucionado la manera de entender la restauraci\u00f3n.<\/p>\n<p>Pero \u00bfQu\u00e9 com\u00eda diariamente la familia de elBulli?<\/p>\n<p>\u00bfTe has preguntado alguna vez qu\u00e9 comen los grandes chefs?<\/p>\n<p>\u00bfC\u00f3mo es posible cocinar a diario para una brigada de 75 personas?<\/p>\n<p>\u00bfQuieres organizarte en casa como en un restaurante para tener el men\u00fa a punto en el momento de comer?<\/p>\n<p>En el libro La comida de la familia, Ferran Adri\u00e0 ha reunido 31 men\u00fas equilibrados y sabrosos, con ingredientes frescos y elaboraci\u00f3n cuidad\u00edsima pero f\u00e1cil, para que tu familia, o la de un profesional, pueda aprovechar la experiencia del d\u00eda a d\u00eda en la cocina del que fue el mejor restaurante del mundo.<\/p>\n<p>Comer bien y variado es una necesidad que aporta calidad de vida, pero tambi\u00e9n es un placer. Gracias a este libro podr\u00e1 planificar diferentes men\u00fas para cada d\u00eda de la semana.<\/p>\n<p>&nbsp;<\/p>\n<p>ISBN: 9788491870449<\/p>\n<p>Primera edici\u00f3n: 2011<\/p>\n<p>Editorial: RBA libros<\/p>\n<p>P\u00e1ginas: 384<\/p>\n<p>Encuadernaci\u00f3n: Tapa blanda<\/p>\n<p>Tama\u00f1o: 24x18cm<\/p>\n<p>Autor: Ferran Adri\u00e0\u00a0 \/ elBulli<\/p>\n","protected":false},"excerpt":{"rendered":"<p>elBulli es ya para siempre un referente gastron\u00f3mico ineludible. La inventiva, sofisticaci\u00f3n, imaginaci\u00f3n y t\u00e9cnica de Ferran Adri\u00e0 y su equipo han revolucionado la manera de entender la restauraci\u00f3n. Pero \u00bfQu\u00e9 com\u00eda diariamente la familia de elBulli? \u00bfTe has preguntado alguna vez qu\u00e9 comen los grandes chefs? \u00bfC\u00f3mo es posible cocinar a diario para una [&hellip;]<\/p>\n","protected":false},"featured_media":10272,"comment_status":"closed","ping_status":"closed","template":"","meta":{"_acf_changed":false},"product_brand":[],"product_cat":[34],"product_tag":[],"class_list":{"0":"post-6422","1":"product","2":"type-product","3":"status-publish","4":"has-post-thumbnail","6":"product_cat-otros","7":"product_shipping_class-envio-2k","9":"first","10":"instock","11":"taxable","12":"shipping-taxable","13":"purchasable","14":"product-type-variable"},"acf":[],"yoast_head":"<!-- This site is optimized with the Yoast SEO plugin v26.9 - https:\/\/yoast.com\/product\/yoast-seo-wordpress\/ -->\n<title>La comida de la familia - Ferran Adri\u00e0 - elBulli<\/title>\n<meta name=\"description\" content=\"\u00bfQu\u00e9 com\u00eda diariamente la familia de elBulli? Ferran Adri\u00e0 ha reunido 31 men\u00fas equilibrados y sabrosos en el libro La comida de la familia\" \/>\n<meta name=\"robots\" content=\"index, follow, max-snippet:-1, max-image-preview:large, max-video-preview:-1\" \/>\n<link rel=\"canonical\" href=\"https:\/\/elbullifoundation.com\/elbullistore\/producto\/la-comida-la-familia-ferran-adria-elbulli\/\" \/>\n<meta property=\"og:locale\" content=\"es_ES\" \/>\n<meta property=\"og:type\" content=\"article\" \/>\n<meta property=\"og:title\" content=\"La comida de la familia - Ferran Adri\u00e0 - elBulli\" \/>\n<meta property=\"og:description\" content=\"\u00bfQu\u00e9 com\u00eda diariamente la familia de elBulli? Ferran Adri\u00e0 ha reunido 31 men\u00fas equilibrados y sabrosos en el libro La comida de la familia\" \/>\n<meta property=\"og:url\" content=\"https:\/\/elbullifoundation.com\/elbullistore\/producto\/la-comida-la-familia-ferran-adria-elbulli\/\" \/>\n<meta property=\"og:site_name\" content=\"elBullistore\" \/>\n<meta property=\"article:modified_time\" content=\"2026-04-07T14:42:38+00:00\" \/>\n<meta property=\"og:image\" content=\"https:\/\/elbullifoundation.com\/elbullistore\/wp-content\/uploads\/2020\/02\/la_comida_de_familia_ferran_adria2.png\" \/>\n\t<meta property=\"og:image:width\" content=\"1300\" \/>\n\t<meta property=\"og:image:height\" content=\"936\" \/>\n\t<meta property=\"og:image:type\" content=\"image\/png\" \/>\n<meta name=\"twitter:card\" content=\"summary_large_image\" \/>\n<meta name=\"twitter:label1\" content=\"Tiempo de lectura\" \/>\n\t<meta name=\"twitter:data1\" content=\"1 minuto\" \/>\n<script type=\"application\/ld+json\" class=\"yoast-schema-graph\">{\"@context\":\"https:\/\/schema.org\",\"@graph\":[{\"@type\":\"WebPage\",\"@id\":\"https:\/\/elbullifoundation.com\/elbullistore\/producto\/la-comida-la-familia-ferran-adria-elbulli\/\",\"url\":\"https:\/\/elbullifoundation.com\/elbullistore\/producto\/la-comida-la-familia-ferran-adria-elbulli\/\",\"name\":\"La comida de la familia - Ferran Adri\u00e0 - elBulli\",\"isPartOf\":{\"@id\":\"https:\/\/elbullifoundation.com\/elbullistore\/#website\"},\"primaryImageOfPage\":{\"@id\":\"https:\/\/elbullifoundation.com\/elbullistore\/producto\/la-comida-la-familia-ferran-adria-elbulli\/#primaryimage\"},\"image\":{\"@id\":\"https:\/\/elbullifoundation.com\/elbullistore\/producto\/la-comida-la-familia-ferran-adria-elbulli\/#primaryimage\"},\"thumbnailUrl\":\"https:\/\/elbullifoundation.com\/elbullistore\/wp-content\/uploads\/2020\/02\/la_comida_de_familia_ferran_adria2.png\",\"datePublished\":\"2020-02-26T15:32:03+00:00\",\"dateModified\":\"2026-04-07T14:42:38+00:00\",\"description\":\"\u00bfQu\u00e9 com\u00eda diariamente la familia de elBulli? Ferran Adri\u00e0 ha reunido 31 men\u00fas equilibrados y sabrosos en el libro La comida de la familia\",\"breadcrumb\":{\"@id\":\"https:\/\/elbullifoundation.com\/elbullistore\/producto\/la-comida-la-familia-ferran-adria-elbulli\/#breadcrumb\"},\"inLanguage\":\"es\",\"potentialAction\":[{\"@type\":\"ReadAction\",\"target\":[\"https:\/\/elbullifoundation.com\/elbullistore\/producto\/la-comida-la-familia-ferran-adria-elbulli\/\"]}]},{\"@type\":\"ImageObject\",\"inLanguage\":\"es\",\"@id\":\"https:\/\/elbullifoundation.com\/elbullistore\/producto\/la-comida-la-familia-ferran-adria-elbulli\/#primaryimage\",\"url\":\"https:\/\/elbullifoundation.com\/elbullistore\/wp-content\/uploads\/2020\/02\/la_comida_de_familia_ferran_adria2.png\",\"contentUrl\":\"https:\/\/elbullifoundation.com\/elbullistore\/wp-content\/uploads\/2020\/02\/la_comida_de_familia_ferran_adria2.png\",\"width\":1300,\"height\":936},{\"@type\":\"BreadcrumbList\",\"@id\":\"https:\/\/elbullifoundation.com\/elbullistore\/producto\/la-comida-la-familia-ferran-adria-elbulli\/#breadcrumb\",\"itemListElement\":[{\"@type\":\"ListItem\",\"position\":1,\"name\":\"Portada\",\"item\":\"https:\/\/elbullifoundation.com\/elbullistore\/\"},{\"@type\":\"ListItem\",\"position\":2,\"name\":\"Productos\",\"item\":\"https:\/\/elbullifoundation.com\/elbullistore\/shop\/\"},{\"@type\":\"ListItem\",\"position\":3,\"name\":\"La comida de la familia\"}]},{\"@type\":\"WebSite\",\"@id\":\"https:\/\/elbullifoundation.com\/elbullistore\/#website\",\"url\":\"https:\/\/elbullifoundation.com\/elbullistore\/\",\"name\":\"elBullistore\",\"description\":\"\",\"potentialAction\":[{\"@type\":\"SearchAction\",\"target\":{\"@type\":\"EntryPoint\",\"urlTemplate\":\"https:\/\/elbullifoundation.com\/elbullistore\/?s={search_term_string}\"},\"query-input\":{\"@type\":\"PropertyValueSpecification\",\"valueRequired\":true,\"valueName\":\"search_term_string\"}}],\"inLanguage\":\"es\"}]}<\/script>\n<!-- \/ Yoast SEO plugin. -->","yoast_head_json":{"title":"La comida de la familia - Ferran Adri\u00e0 - elBulli","description":"\u00bfQu\u00e9 com\u00eda diariamente la familia de elBulli? Ferran Adri\u00e0 ha reunido 31 men\u00fas equilibrados y sabrosos en el libro La comida de la familia","robots":{"index":"index","follow":"follow","max-snippet":"max-snippet:-1","max-image-preview":"max-image-preview:large","max-video-preview":"max-video-preview:-1"},"canonical":"https:\/\/elbullifoundation.com\/elbullistore\/producto\/la-comida-la-familia-ferran-adria-elbulli\/","og_locale":"es_ES","og_type":"article","og_title":"La comida de la familia - Ferran Adri\u00e0 - elBulli","og_description":"\u00bfQu\u00e9 com\u00eda diariamente la familia de elBulli? Ferran Adri\u00e0 ha reunido 31 men\u00fas equilibrados y sabrosos en el libro La comida de la familia","og_url":"https:\/\/elbullifoundation.com\/elbullistore\/producto\/la-comida-la-familia-ferran-adria-elbulli\/","og_site_name":"elBullistore","article_modified_time":"2026-04-07T14:42:38+00:00","og_image":[{"width":1300,"height":936,"url":"https:\/\/elbullifoundation.com\/elbullistore\/wp-content\/uploads\/2020\/02\/la_comida_de_familia_ferran_adria2.png","type":"image\/png"}],"twitter_card":"summary_large_image","twitter_misc":{"Tiempo de lectura":"1 minuto"},"schema":{"@context":"https:\/\/schema.org","@graph":[{"@type":"WebPage","@id":"https:\/\/elbullifoundation.com\/elbullistore\/producto\/la-comida-la-familia-ferran-adria-elbulli\/","url":"https:\/\/elbullifoundation.com\/elbullistore\/producto\/la-comida-la-familia-ferran-adria-elbulli\/","name":"La comida de la familia - Ferran Adri\u00e0 - elBulli","isPartOf":{"@id":"https:\/\/elbullifoundation.com\/elbullistore\/#website"},"primaryImageOfPage":{"@id":"https:\/\/elbullifoundation.com\/elbullistore\/producto\/la-comida-la-familia-ferran-adria-elbulli\/#primaryimage"},"image":{"@id":"https:\/\/elbullifoundation.com\/elbullistore\/producto\/la-comida-la-familia-ferran-adria-elbulli\/#primaryimage"},"thumbnailUrl":"https:\/\/elbullifoundation.com\/elbullistore\/wp-content\/uploads\/2020\/02\/la_comida_de_familia_ferran_adria2.png","datePublished":"2020-02-26T15:32:03+00:00","dateModified":"2026-04-07T14:42:38+00:00","description":"\u00bfQu\u00e9 com\u00eda diariamente la familia de elBulli? Ferran Adri\u00e0 ha reunido 31 men\u00fas equilibrados y sabrosos en el libro La comida de la familia","breadcrumb":{"@id":"https:\/\/elbullifoundation.com\/elbullistore\/producto\/la-comida-la-familia-ferran-adria-elbulli\/#breadcrumb"},"inLanguage":"es","potentialAction":[{"@type":"ReadAction","target":["https:\/\/elbullifoundation.com\/elbullistore\/producto\/la-comida-la-familia-ferran-adria-elbulli\/"]}]},{"@type":"ImageObject","inLanguage":"es","@id":"https:\/\/elbullifoundation.com\/elbullistore\/producto\/la-comida-la-familia-ferran-adria-elbulli\/#primaryimage","url":"https:\/\/elbullifoundation.com\/elbullistore\/wp-content\/uploads\/2020\/02\/la_comida_de_familia_ferran_adria2.png","contentUrl":"https:\/\/elbullifoundation.com\/elbullistore\/wp-content\/uploads\/2020\/02\/la_comida_de_familia_ferran_adria2.png","width":1300,"height":936},{"@type":"BreadcrumbList","@id":"https:\/\/elbullifoundation.com\/elbullistore\/producto\/la-comida-la-familia-ferran-adria-elbulli\/#breadcrumb","itemListElement":[{"@type":"ListItem","position":1,"name":"Portada","item":"https:\/\/elbullifoundation.com\/elbullistore\/"},{"@type":"ListItem","position":2,"name":"Productos","item":"https:\/\/elbullifoundation.com\/elbullistore\/shop\/"},{"@type":"ListItem","position":3,"name":"La comida de la familia"}]},{"@type":"WebSite","@id":"https:\/\/elbullifoundation.com\/elbullistore\/#website","url":"https:\/\/elbullifoundation.com\/elbullistore\/","name":"elBullistore","description":"","potentialAction":[{"@type":"SearchAction","target":{"@type":"EntryPoint","urlTemplate":"https:\/\/elbullifoundation.com\/elbullistore\/?s={search_term_string}"},"query-input":{"@type":"PropertyValueSpecification","valueRequired":true,"valueName":"search_term_string"}}],"inLanguage":"es"}]}},"lang":"es","translations":{"es":6422,"ca":6444,"en":6446},"pll_sync_post":[],"_links":{"self":[{"href":"https:\/\/elbullifoundation.com\/elbullistore\/wp-json\/wp\/v2\/product\/6422","targetHints":{"allow":["GET"]}}],"collection":[{"href":"https:\/\/elbullifoundation.com\/elbullistore\/wp-json\/wp\/v2\/product"}],"about":[{"href":"https:\/\/elbullifoundation.com\/elbullistore\/wp-json\/wp\/v2\/types\/product"}],"replies":[{"embeddable":true,"href":"https:\/\/elbullifoundation.com\/elbullistore\/wp-json\/wp\/v2\/comments?post=6422"}],"wp:featuredmedia":[{"embeddable":true,"href":"https:\/\/elbullifoundation.com\/elbullistore\/wp-json\/wp\/v2\/media\/10272"}],"wp:attachment":[{"href":"https:\/\/elbullifoundation.com\/elbullistore\/wp-json\/wp\/v2\/media?parent=6422"}],"wp:term":[{"taxonomy":"product_brand","embeddable":true,"href":"https:\/\/elbullifoundation.com\/elbullistore\/wp-json\/wp\/v2\/product_brand?post=6422"},{"taxonomy":"product_cat","embeddable":true,"href":"https:\/\/elbullifoundation.com\/elbullistore\/wp-json\/wp\/v2\/product_cat?post=6422"},{"taxonomy":"product_tag","embeddable":true,"href":"https:\/\/elbullifoundation.com\/elbullistore\/wp-json\/wp\/v2\/product_tag?post=6422"}],"curies":[{"name":"wp","href":"https:\/\/api.w.org\/{rel}","templated":true}]}}

<p>elBulli es ya para siempre un referente gastronómico ineludible. La inventiva, sofisticación, imaginación y técnica de Ferran Adrià y su equipo han revolucionado la manera de entender la restauración.</p>
<p>Pero ¿Qué comía diariamente la familia de elBulli?</p>
<p>¿Te has preguntado alguna vez qué comen los grandes chefs?</p>
<p>¿Cómo es posible cocinar a diario para una brigada de 75 personas?</p>
<p>¿Quieres organizarte en casa como en un restaurante para tener el menú a punto en el momento de comer?</p>
<p>En el libro La comida de la familia, Ferran Adrià ha reunido 31 menús equilibrados y sabrosos, con ingredientes frescos y elaboración cuidadísima pero fácil, para que tu familia, o la de un profesional, pueda aprovechar la experiencia del día a día en la cocina del que fue el mejor restaurante del mundo.</p>
<p>Comer bien y variado es una necesidad que aporta calidad de vida, pero también es un placer. Gracias a este libro podrá planificar diferentes menús para cada día de la semana.</p>
<p>&nbsp;</p>
<p>ISBN: 9788491870449</p>
<p>Primera edición: 2011</p>
<p>Editorial: RBA libros</p>
<p>Páginas: 384</p>
<p>Encuadernación: Tapa blanda</p>
<p>Tamaño: 24x18cm</p>
<p>Autor: Ferran Adrià  / elBulli</p>

<p>elBulli es ya para siempre un referente gastronómico ineludible. La inventiva, sofisticación, imaginación y técnica de Ferran Adrià y su equipo han revolucionado la manera de entender la restauración. Pero ¿Qué comía diariamente la familia de elBulli? ¿Te has preguntado alguna vez qué comen los grandes chefs? ¿Cómo es posible cocinar a diario para una [&hellip;]</p>

<!-- This site is optimized with the Yoast SEO plugin v26.9 - https://yoast.com/product/yoast-seo-wordpress/ -->
<title>La comida de la familia - Ferran Adrià - elBulli</title>
<meta name="description" content="¿Qué comía diariamente la familia de elBulli? Ferran Adrià ha reunido 31 menús equilibrados y sabrosos en el libro La comida de la familia" />
<meta name="robots" content="index, follow, max-snippet:-1, max-image-preview:large, max-video-preview:-1" />
<link rel="canonical" href="https://elbullifoundation.com/elbullistore/producto/la-comida-la-familia-ferran-adria-elbulli/" />
<meta property="og:locale" content="es_ES" />
<meta property="og:type" content="article" />
<meta property="og:title" content="La comida de la familia - Ferran Adrià - elBulli" />
<meta property="og:description" content="¿Qué comía diariamente la familia de elBulli? Ferran Adrià ha reunido 31 menús equilibrados y sabrosos en el libro La comida de la familia" />
<meta property="og:url" content="https://elbullifoundation.com/elbullistore/producto/la-comida-la-familia-ferran-adria-elbulli/" />
<meta property="og:site_name" content="elBullistore" />
<meta property="article:modified_time" content="2026-04-07T14:42:38+00:00" />
<meta property="og:image" content="https://elbullifoundation.com/elbullistore/wp-content/uploads/2020/02/la_comida_de_familia_ferran_adria2.png" />
	<meta property="og:image:width" content="1300" />
	<meta property="og:image:height" content="936" />
	<meta property="og:image:type" content="image/png" />
<meta name="twitter:card" content="summary_large_image" />
<meta name="twitter:label1" content="Tiempo de lectura" />
	<meta name="twitter:data1" content="1 minuto" />
<script type="application/ld+json" class="yoast-schema-graph">{"@context":"https://schema.org","@graph":[{"@type":"WebPage","@id":"https://elbullifoundation.com/elbullistore/producto/la-comida-la-familia-ferran-adria-elbulli/","url":"https://elbullifoundation.com/elbullistore/producto/la-comida-la-familia-ferran-adria-elbulli/","name":"La comida de la familia - Ferran Adrià - elBulli","isPartOf":{"@id":"https://elbullifoundation.com/elbullistore/#website"},"primaryImageOfPage":{"@id":"https://elbullifoundation.com/elbullistore/producto/la-comida-la-familia-ferran-adria-elbulli/#primaryimage"},"image":{"@id":"https://elbullifoundation.com/elbullistore/producto/la-comida-la-familia-ferran-adria-elbulli/#primaryimage"},"thumbnailUrl":"https://elbullifoundation.com/elbullistore/wp-content/uploads/2020/02/la_comida_de_familia_ferran_adria2.png","datePublished":"2020-02-26T15:32:03+00:00","dateModified":"2026-04-07T14:42:38+00:00","description":"¿Qué comía diariamente la familia de elBulli? Ferran Adrià ha reunido 31 menús equilibrados y sabrosos en el libro La comida de la familia","breadcrumb":{"@id":"https://elbullifoundation.com/elbullistore/producto/la-comida-la-familia-ferran-adria-elbulli/#breadcrumb"},"inLanguage":"es","potentialAction":[{"@type":"ReadAction","target":["https://elbullifoundation.com/elbullistore/producto/la-comida-la-familia-ferran-adria-elbulli/"]}]},{"@type":"ImageObject","inLanguage":"es","@id":"https://elbullifoundation.com/elbullistore/producto/la-comida-la-familia-ferran-adria-elbulli/#primaryimage","url":"https://elbullifoundation.com/elbullistore/wp-content/uploads/2020/02/la_comida_de_familia_ferran_adria2.png","contentUrl":"https://elbullifoundation.com/elbullistore/wp-content/uploads/2020/02/la_comida_de_familia_ferran_adria2.png","width":1300,"height":936},{"@type":"BreadcrumbList","@id":"https://elbullifoundation.com/elbullistore/producto/la-comida-la-familia-ferran-adria-elbulli/#breadcrumb","itemListElement":[{"@type":"ListItem","position":1,"name":"Portada","item":"https://elbullifoundation.com/elbullistore/"},{"@type":"ListItem","position":2,"name":"Productos","item":"https://elbullifoundation.com/elbullistore/shop/"},{"@type":"ListItem","position":3,"name":"La comida de la familia"}]},{"@type":"WebSite","@id":"https://elbullifoundation.com/elbullistore/#website","url":"https://elbullifoundation.com/elbullistore/","name":"elBullistore","description":"","potentialAction":[{"@type":"SearchAction","target":{"@type":"EntryPoint","urlTemplate":"https://elbullifoundation.com/elbullistore/?s={search_term_string}"},"query-input":{"@type":"PropertyValueSpecification","valueRequired":true,"valueName":"search_term_string"}}],"inLanguage":"es"}]}</script>
<!-- / Yoast SEO plugin. -->

La comida de la familia - Ferran Adrià - elBulli

¿Qué comía diariamente la familia de elBulli? Ferran Adrià ha reunido 31 menús equilibrados y sabrosos en el libro La comida de la familia
