{"id":6466,"date":"2020-02-26T16:08:46","date_gmt":"2020-02-26T15:08:46","guid":{"rendered":"https:\/\/elbullifoundation.com\/elbullistore\/producto\/celebrar-milenio-arzak-adria\/"},"modified":"2026-03-04T16:27:05","modified_gmt":"2026-03-04T15:27:05","slug":"celebrate-the-millennium-with-arzak-adria","status":"publish","type":"product","link":"https:\/\/elbullifoundation.com\/elbullistore\/en\/product\/celebrate-the-millennium-with-arzak-adria\/","title":{"rendered":"Celebrar el milenio con Arzak &#038; Adri\u00e0"},"content":{"rendered":"<p><em><strong>Celebrate the Millennium with Arzak &amp; Adri\u00e0<\/strong><\/em><\/p>\n<p>In celebration of the turn of the millennium, Juan Mari Arzak and Ferran Adri\u00e0, renowned chefs and old friends, have decided to join forces in an intriguing collaboration to commemorate this momentous event in a book.<\/p>\n<p>&nbsp;<\/p>\n<p>Rather than competing to offer individual menus, the two masters of the kitchen, Arzak and Adri\u00e0, have collaborated to jointly prepare a series of special menus for the occasion, contributing alternating dishes.<\/p>\n<p>&nbsp;<\/p>\n<p>The book also includes a tempting description of the very best Christmas products on offer and a handy introduction to the world of wine, turning this celebration of a milestone event into a feast for the senses.<\/p>\n<p>&nbsp;<\/p>\n<p>ISBN: 9788483072462<\/p>\n<p>First Edition: 1999<\/p>\n<p>Publisher: Ediciones Pen\u00ednsula<\/p>\n<p>173 pages<\/p>\n<p>Format: Hardback<\/p>\n<p>Book size: 30&#215;22 cm<\/p>\n<p>Author: Ferran Adri\u00e0 \/ Juan Mari Arzak<\/p>\n","protected":false},"excerpt":{"rendered":"<p>Celebrate the Millennium with Arzak &amp; Adri\u00e0 In celebration of the turn of the millennium, Juan Mari Arzak and Ferran Adri\u00e0, renowned chefs and old friends, have decided to join forces in an intriguing collaboration to commemorate this momentous event in a book. &nbsp; Rather than competing to offer individual menus, the two masters of [&hellip;]<\/p>\n","protected":false},"featured_media":6440,"comment_status":"closed","ping_status":"closed","template":"","meta":{"_acf_changed":false},"product_brand":[],"product_cat":[35],"product_tag":[],"class_list":{"0":"post-6466","1":"product","2":"type-product","3":"status-publish","4":"has-post-thumbnail","6":"product_cat-otros-en","7":"product_shipping_class-envio-2k-en","9":"first","10":"instock","11":"taxable","12":"shipping-taxable","13":"purchasable","14":"product-type-variable"},"acf":[],"yoast_head":"<!-- This site is optimized with the Yoast SEO plugin v26.9 - https:\/\/yoast.com\/product\/yoast-seo-wordpress\/ -->\n<title>Celebrar el milenio con Arzak &amp; Adri\u00e0 - elBullistore<\/title>\n<meta name=\"description\" content=\"La celebraci\u00f3n del cambio de milenio nos trae una colaboraci\u00f3n nada frecuento en el mundo de la gastronom\u00eda con Juan Mari Arzak y Ferran Adri\u00e0.\" \/>\n<meta name=\"robots\" content=\"index, follow, max-snippet:-1, max-image-preview:large, max-video-preview:-1\" \/>\n<link rel=\"canonical\" href=\"https:\/\/elbullifoundation.com\/elbullistore\/en\/product\/celebrate-the-millennium-with-arzak-adria\/\" \/>\n<meta property=\"og:locale\" content=\"es_ES\" \/>\n<meta property=\"og:type\" content=\"article\" \/>\n<meta property=\"og:title\" content=\"Celebrar el milenio con Arzak &amp; Adri\u00e0 - elBullistore\" \/>\n<meta property=\"og:description\" content=\"La celebraci\u00f3n del cambio de milenio nos trae una colaboraci\u00f3n nada frecuento en el mundo de la gastronom\u00eda con Juan Mari Arzak y Ferran Adri\u00e0.\" \/>\n<meta property=\"og:url\" content=\"https:\/\/elbullifoundation.com\/elbullistore\/en\/product\/celebrate-the-millennium-with-arzak-adria\/\" \/>\n<meta property=\"og:site_name\" content=\"elBullistore\" \/>\n<meta property=\"article:modified_time\" content=\"2026-03-04T15:27:05+00:00\" \/>\n<meta property=\"og:image\" content=\"https:\/\/elbullifoundation.com\/elbullistore\/wp-content\/uploads\/2020\/02\/celebrar-el-milenio-con-arzak-adria.png\" \/>\n\t<meta property=\"og:image:width\" content=\"1800\" \/>\n\t<meta property=\"og:image:height\" content=\"1296\" \/>\n\t<meta property=\"og:image:type\" content=\"image\/png\" \/>\n<meta name=\"twitter:card\" content=\"summary_large_image\" \/>\n<meta name=\"twitter:label1\" content=\"Tiempo de lectura\" \/>\n\t<meta name=\"twitter:data1\" content=\"1 minuto\" \/>\n<script type=\"application\/ld+json\" class=\"yoast-schema-graph\">{\"@context\":\"https:\/\/schema.org\",\"@graph\":[{\"@type\":\"WebPage\",\"@id\":\"https:\/\/elbullifoundation.com\/elbullistore\/en\/product\/celebrate-the-millennium-with-arzak-adria\/\",\"url\":\"https:\/\/elbullifoundation.com\/elbullistore\/en\/product\/celebrate-the-millennium-with-arzak-adria\/\",\"name\":\"Celebrar el milenio con Arzak & Adri\u00e0 - elBullistore\",\"isPartOf\":{\"@id\":\"https:\/\/elbullifoundation.com\/elbullistore\/#website\"},\"primaryImageOfPage\":{\"@id\":\"https:\/\/elbullifoundation.com\/elbullistore\/en\/product\/celebrate-the-millennium-with-arzak-adria\/#primaryimage\"},\"image\":{\"@id\":\"https:\/\/elbullifoundation.com\/elbullistore\/en\/product\/celebrate-the-millennium-with-arzak-adria\/#primaryimage\"},\"thumbnailUrl\":\"https:\/\/elbullifoundation.com\/elbullistore\/wp-content\/uploads\/2020\/02\/celebrar-el-milenio-con-arzak-adria.png\",\"datePublished\":\"2020-02-26T15:08:46+00:00\",\"dateModified\":\"2026-03-04T15:27:05+00:00\",\"description\":\"La celebraci\u00f3n del cambio de milenio nos trae una colaboraci\u00f3n nada frecuento en el mundo de la gastronom\u00eda con Juan Mari Arzak y Ferran Adri\u00e0.\",\"breadcrumb\":{\"@id\":\"https:\/\/elbullifoundation.com\/elbullistore\/en\/product\/celebrate-the-millennium-with-arzak-adria\/#breadcrumb\"},\"inLanguage\":\"es\",\"potentialAction\":[{\"@type\":\"ReadAction\",\"target\":[\"https:\/\/elbullifoundation.com\/elbullistore\/en\/product\/celebrate-the-millennium-with-arzak-adria\/\"]}]},{\"@type\":\"ImageObject\",\"inLanguage\":\"es\",\"@id\":\"https:\/\/elbullifoundation.com\/elbullistore\/en\/product\/celebrate-the-millennium-with-arzak-adria\/#primaryimage\",\"url\":\"https:\/\/elbullifoundation.com\/elbullistore\/wp-content\/uploads\/2020\/02\/celebrar-el-milenio-con-arzak-adria.png\",\"contentUrl\":\"https:\/\/elbullifoundation.com\/elbullistore\/wp-content\/uploads\/2020\/02\/celebrar-el-milenio-con-arzak-adria.png\",\"width\":1800,\"height\":1296,\"caption\":\"Celebrar el milenio con Arzak Adri\u00e0 - elBulli\"},{\"@type\":\"BreadcrumbList\",\"@id\":\"https:\/\/elbullifoundation.com\/elbullistore\/en\/product\/celebrate-the-millennium-with-arzak-adria\/#breadcrumb\",\"itemListElement\":[{\"@type\":\"ListItem\",\"position\":1,\"name\":\"Portada\",\"item\":\"https:\/\/elbullifoundation.com\/elbullistore\/\"},{\"@type\":\"ListItem\",\"position\":2,\"name\":\"Productos\",\"item\":\"https:\/\/elbullifoundation.com\/elbullistore\/shop\/\"},{\"@type\":\"ListItem\",\"position\":3,\"name\":\"Celebrar el milenio con Arzak &#038; Adri\u00e0\"}]},{\"@type\":\"WebSite\",\"@id\":\"https:\/\/elbullifoundation.com\/elbullistore\/#website\",\"url\":\"https:\/\/elbullifoundation.com\/elbullistore\/\",\"name\":\"elBullistore\",\"description\":\"\",\"potentialAction\":[{\"@type\":\"SearchAction\",\"target\":{\"@type\":\"EntryPoint\",\"urlTemplate\":\"https:\/\/elbullifoundation.com\/elbullistore\/?s={search_term_string}\"},\"query-input\":{\"@type\":\"PropertyValueSpecification\",\"valueRequired\":true,\"valueName\":\"search_term_string\"}}],\"inLanguage\":\"es\"}]}<\/script>\n<!-- \/ Yoast SEO plugin. -->","yoast_head_json":{"title":"Celebrar el milenio con Arzak & Adri\u00e0 - elBullistore","description":"La celebraci\u00f3n del cambio de milenio nos trae una colaboraci\u00f3n nada frecuento en el mundo de la gastronom\u00eda con Juan Mari Arzak y Ferran Adri\u00e0.","robots":{"index":"index","follow":"follow","max-snippet":"max-snippet:-1","max-image-preview":"max-image-preview:large","max-video-preview":"max-video-preview:-1"},"canonical":"https:\/\/elbullifoundation.com\/elbullistore\/en\/product\/celebrate-the-millennium-with-arzak-adria\/","og_locale":"es_ES","og_type":"article","og_title":"Celebrar el milenio con Arzak & Adri\u00e0 - elBullistore","og_description":"La celebraci\u00f3n del cambio de milenio nos trae una colaboraci\u00f3n nada frecuento en el mundo de la gastronom\u00eda con Juan Mari Arzak y Ferran Adri\u00e0.","og_url":"https:\/\/elbullifoundation.com\/elbullistore\/en\/product\/celebrate-the-millennium-with-arzak-adria\/","og_site_name":"elBullistore","article_modified_time":"2026-03-04T15:27:05+00:00","og_image":[{"width":1800,"height":1296,"url":"https:\/\/elbullifoundation.com\/elbullistore\/wp-content\/uploads\/2020\/02\/celebrar-el-milenio-con-arzak-adria.png","type":"image\/png"}],"twitter_card":"summary_large_image","twitter_misc":{"Tiempo de lectura":"1 minuto"},"schema":{"@context":"https:\/\/schema.org","@graph":[{"@type":"WebPage","@id":"https:\/\/elbullifoundation.com\/elbullistore\/en\/product\/celebrate-the-millennium-with-arzak-adria\/","url":"https:\/\/elbullifoundation.com\/elbullistore\/en\/product\/celebrate-the-millennium-with-arzak-adria\/","name":"Celebrar el milenio con Arzak & Adri\u00e0 - elBullistore","isPartOf":{"@id":"https:\/\/elbullifoundation.com\/elbullistore\/#website"},"primaryImageOfPage":{"@id":"https:\/\/elbullifoundation.com\/elbullistore\/en\/product\/celebrate-the-millennium-with-arzak-adria\/#primaryimage"},"image":{"@id":"https:\/\/elbullifoundation.com\/elbullistore\/en\/product\/celebrate-the-millennium-with-arzak-adria\/#primaryimage"},"thumbnailUrl":"https:\/\/elbullifoundation.com\/elbullistore\/wp-content\/uploads\/2020\/02\/celebrar-el-milenio-con-arzak-adria.png","datePublished":"2020-02-26T15:08:46+00:00","dateModified":"2026-03-04T15:27:05+00:00","description":"La celebraci\u00f3n del cambio de milenio nos trae una colaboraci\u00f3n nada frecuento en el mundo de la gastronom\u00eda con Juan Mari Arzak y Ferran Adri\u00e0.","breadcrumb":{"@id":"https:\/\/elbullifoundation.com\/elbullistore\/en\/product\/celebrate-the-millennium-with-arzak-adria\/#breadcrumb"},"inLanguage":"es","potentialAction":[{"@type":"ReadAction","target":["https:\/\/elbullifoundation.com\/elbullistore\/en\/product\/celebrate-the-millennium-with-arzak-adria\/"]}]},{"@type":"ImageObject","inLanguage":"es","@id":"https:\/\/elbullifoundation.com\/elbullistore\/en\/product\/celebrate-the-millennium-with-arzak-adria\/#primaryimage","url":"https:\/\/elbullifoundation.com\/elbullistore\/wp-content\/uploads\/2020\/02\/celebrar-el-milenio-con-arzak-adria.png","contentUrl":"https:\/\/elbullifoundation.com\/elbullistore\/wp-content\/uploads\/2020\/02\/celebrar-el-milenio-con-arzak-adria.png","width":1800,"height":1296,"caption":"Celebrar el milenio con Arzak Adri\u00e0 - elBulli"},{"@type":"BreadcrumbList","@id":"https:\/\/elbullifoundation.com\/elbullistore\/en\/product\/celebrate-the-millennium-with-arzak-adria\/#breadcrumb","itemListElement":[{"@type":"ListItem","position":1,"name":"Portada","item":"https:\/\/elbullifoundation.com\/elbullistore\/"},{"@type":"ListItem","position":2,"name":"Productos","item":"https:\/\/elbullifoundation.com\/elbullistore\/shop\/"},{"@type":"ListItem","position":3,"name":"Celebrar el milenio con Arzak &#038; Adri\u00e0"}]},{"@type":"WebSite","@id":"https:\/\/elbullifoundation.com\/elbullistore\/#website","url":"https:\/\/elbullifoundation.com\/elbullistore\/","name":"elBullistore","description":"","potentialAction":[{"@type":"SearchAction","target":{"@type":"EntryPoint","urlTemplate":"https:\/\/elbullifoundation.com\/elbullistore\/?s={search_term_string}"},"query-input":{"@type":"PropertyValueSpecification","valueRequired":true,"valueName":"search_term_string"}}],"inLanguage":"es"}]}},"lang":"en","translations":{"en":6466,"es":6417,"ca":6464},"pll_sync_post":[],"_links":{"self":[{"href":"https:\/\/elbullifoundation.com\/elbullistore\/wp-json\/wp\/v2\/product\/6466","targetHints":{"allow":["GET"]}}],"collection":[{"href":"https:\/\/elbullifoundation.com\/elbullistore\/wp-json\/wp\/v2\/product"}],"about":[{"href":"https:\/\/elbullifoundation.com\/elbullistore\/wp-json\/wp\/v2\/types\/product"}],"replies":[{"embeddable":true,"href":"https:\/\/elbullifoundation.com\/elbullistore\/wp-json\/wp\/v2\/comments?post=6466"}],"wp:featuredmedia":[{"embeddable":true,"href":"https:\/\/elbullifoundation.com\/elbullistore\/wp-json\/wp\/v2\/media\/6440"}],"wp:attachment":[{"href":"https:\/\/elbullifoundation.com\/elbullistore\/wp-json\/wp\/v2\/media?parent=6466"}],"wp:term":[{"taxonomy":"product_brand","embeddable":true,"href":"https:\/\/elbullifoundation.com\/elbullistore\/wp-json\/wp\/v2\/product_brand?post=6466"},{"taxonomy":"product_cat","embeddable":true,"href":"https:\/\/elbullifoundation.com\/elbullistore\/wp-json\/wp\/v2\/product_cat?post=6466"},{"taxonomy":"product_tag","embeddable":true,"href":"https:\/\/elbullifoundation.com\/elbullistore\/wp-json\/wp\/v2\/product_tag?post=6466"}],"curies":[{"name":"wp","href":"https:\/\/api.w.org\/{rel}","templated":true}]}}

Celebrar el milenio con Arzak &#038; Adrià

<p><em><strong>Celebrate the Millennium with Arzak &amp; Adrià</strong></em></p>
<p>In celebration of the turn of the millennium, Juan Mari Arzak and Ferran Adrià, renowned chefs and old friends, have decided to join forces in an intriguing collaboration to commemorate this momentous event in a book.</p>
<p>&nbsp;</p>
<p>Rather than competing to offer individual menus, the two masters of the kitchen, Arzak and Adrià, have collaborated to jointly prepare a series of special menus for the occasion, contributing alternating dishes.</p>
<p>&nbsp;</p>
<p>The book also includes a tempting description of the very best Christmas products on offer and a handy introduction to the world of wine, turning this celebration of a milestone event into a feast for the senses.</p>
<p>&nbsp;</p>
<p>ISBN: 9788483072462</p>
<p>First Edition: 1999</p>
<p>Publisher: Ediciones Península</p>
<p>173 pages</p>
<p>Format: Hardback</p>
<p>Book size: 30&#215;22 cm</p>
<p>Author: Ferran Adrià / Juan Mari Arzak</p>

<p>Celebrate the Millennium with Arzak &amp; Adrià In celebration of the turn of the millennium, Juan Mari Arzak and Ferran Adrià, renowned chefs and old friends, have decided to join forces in an intriguing collaboration to commemorate this momentous event in a book. &nbsp; Rather than competing to offer individual menus, the two masters of [&hellip;]</p>

<!-- This site is optimized with the Yoast SEO plugin v26.9 - https://yoast.com/product/yoast-seo-wordpress/ -->
<title>Celebrar el milenio con Arzak &amp; Adrià - elBullistore</title>
<meta name="description" content="La celebración del cambio de milenio nos trae una colaboración nada frecuento en el mundo de la gastronomía con Juan Mari Arzak y Ferran Adrià." />
<meta name="robots" content="index, follow, max-snippet:-1, max-image-preview:large, max-video-preview:-1" />
<link rel="canonical" href="https://elbullifoundation.com/elbullistore/en/product/celebrate-the-millennium-with-arzak-adria/" />
<meta property="og:locale" content="es_ES" />
<meta property="og:type" content="article" />
<meta property="og:title" content="Celebrar el milenio con Arzak &amp; Adrià - elBullistore" />
<meta property="og:description" content="La celebración del cambio de milenio nos trae una colaboración nada frecuento en el mundo de la gastronomía con Juan Mari Arzak y Ferran Adrià." />
<meta property="og:url" content="https://elbullifoundation.com/elbullistore/en/product/celebrate-the-millennium-with-arzak-adria/" />
<meta property="og:site_name" content="elBullistore" />
<meta property="article:modified_time" content="2026-03-04T15:27:05+00:00" />
<meta property="og:image" content="https://elbullifoundation.com/elbullistore/wp-content/uploads/2020/02/celebrar-el-milenio-con-arzak-adria.png" />
	<meta property="og:image:width" content="1800" />
	<meta property="og:image:height" content="1296" />
	<meta property="og:image:type" content="image/png" />
<meta name="twitter:card" content="summary_large_image" />
<meta name="twitter:label1" content="Tiempo de lectura" />
	<meta name="twitter:data1" content="1 minuto" />
<script type="application/ld+json" class="yoast-schema-graph">{"@context":"https://schema.org","@graph":[{"@type":"WebPage","@id":"https://elbullifoundation.com/elbullistore/en/product/celebrate-the-millennium-with-arzak-adria/","url":"https://elbullifoundation.com/elbullistore/en/product/celebrate-the-millennium-with-arzak-adria/","name":"Celebrar el milenio con Arzak & Adrià - elBullistore","isPartOf":{"@id":"https://elbullifoundation.com/elbullistore/#website"},"primaryImageOfPage":{"@id":"https://elbullifoundation.com/elbullistore/en/product/celebrate-the-millennium-with-arzak-adria/#primaryimage"},"image":{"@id":"https://elbullifoundation.com/elbullistore/en/product/celebrate-the-millennium-with-arzak-adria/#primaryimage"},"thumbnailUrl":"https://elbullifoundation.com/elbullistore/wp-content/uploads/2020/02/celebrar-el-milenio-con-arzak-adria.png","datePublished":"2020-02-26T15:08:46+00:00","dateModified":"2026-03-04T15:27:05+00:00","description":"La celebración del cambio de milenio nos trae una colaboración nada frecuento en el mundo de la gastronomía con Juan Mari Arzak y Ferran Adrià.","breadcrumb":{"@id":"https://elbullifoundation.com/elbullistore/en/product/celebrate-the-millennium-with-arzak-adria/#breadcrumb"},"inLanguage":"es","potentialAction":[{"@type":"ReadAction","target":["https://elbullifoundation.com/elbullistore/en/product/celebrate-the-millennium-with-arzak-adria/"]}]},{"@type":"ImageObject","inLanguage":"es","@id":"https://elbullifoundation.com/elbullistore/en/product/celebrate-the-millennium-with-arzak-adria/#primaryimage","url":"https://elbullifoundation.com/elbullistore/wp-content/uploads/2020/02/celebrar-el-milenio-con-arzak-adria.png","contentUrl":"https://elbullifoundation.com/elbullistore/wp-content/uploads/2020/02/celebrar-el-milenio-con-arzak-adria.png","width":1800,"height":1296,"caption":"Celebrar el milenio con Arzak Adrià - elBulli"},{"@type":"BreadcrumbList","@id":"https://elbullifoundation.com/elbullistore/en/product/celebrate-the-millennium-with-arzak-adria/#breadcrumb","itemListElement":[{"@type":"ListItem","position":1,"name":"Portada","item":"https://elbullifoundation.com/elbullistore/"},{"@type":"ListItem","position":2,"name":"Productos","item":"https://elbullifoundation.com/elbullistore/shop/"},{"@type":"ListItem","position":3,"name":"Celebrar el milenio con Arzak &#038; Adrià"}]},{"@type":"WebSite","@id":"https://elbullifoundation.com/elbullistore/#website","url":"https://elbullifoundation.com/elbullistore/","name":"elBullistore","description":"","potentialAction":[{"@type":"SearchAction","target":{"@type":"EntryPoint","urlTemplate":"https://elbullifoundation.com/elbullistore/?s={search_term_string}"},"query-input":{"@type":"PropertyValueSpecification","valueRequired":true,"valueName":"search_term_string"}}],"inLanguage":"es"}]}</script>
<!-- / Yoast SEO plugin. -->

Celebrar el milenio con Arzak & Adrià - elBullistore

La celebración del cambio de milenio nos trae una colaboración nada frecuento en el mundo de la gastronomía con Juan Mari Arzak y Ferran Adrià.

Celebrar el milenio con Arzak Adrià - elBulli
