{"id":84,"date":"2017-08-21T15:48:13","date_gmt":"2017-08-21T15:48:13","guid":{"rendered":"https:\/\/elbullifoundation.com\/elbullistore\/?post_type=product&#038;p=84"},"modified":"2023-11-10T10:32:48","modified_gmt":"2023-11-10T09:32:48","slug":"catalogo-general-elbulli-1983-1993","status":"publish","type":"product","link":"https:\/\/elbullifoundation.com\/elbullistore\/producto\/catalogo-general-elbulli-1983-1993\/","title":{"rendered":"Cat\u00e1logo General elBulli 1983-1993"},"content":{"rendered":"<p><em>elBulli1983-1993<\/em>. El volumen que recoge los primeros a\u00f1os de trabajo\u00a0conjunto de Juli Soler, Ferran Adri\u00e0 y Albert Adri\u00e0, en un per\u00edodo en el que, despu\u00e9s de una b\u00fasqueda de un estilo propio de cocina, se asent\u00f3 el estilo del \u00absabor del Mediterr\u00e1neo\u00bb, y se apuntaron las primeras trazas de un estilo m\u00e1s contempor\u00e1neo que eclosion\u00f3 a partir de 1994.<\/p>\n<p class=\"p1\">\u00a0Cat\u00e1logo con 226 platos. La historia de elBulli hasta 1983. An\u00e1lisis evolutivo de 1983 a 1993.<\/p>\n<p>&nbsp;<\/p>\n<p>P\u00e1ginas: 608 p\u00e1ginas. 26 p\u00e1ginas en las que se ofrece el \u00cdndice general del an\u00e1lisis evolutivo\u00a0 y del cat\u00e1logo de toda la trilog\u00eda elBulli1983-2002. El desplegable contiene el CD-Rom 1983-1993 con todas las recetas de este per\u00edodo<\/p>\n<p class=\"p1\">Formato: 31,5 x 24 cm.<\/p>\n<p class=\"p1\">Peso: 5,360 kg.<\/p>\n<p class=\"p2\">Cr\u00e9ditos:\u00a0Fotografia: Francesc Guillamet. Textos: Josep Maria Pinto. Dise\u00f1o gr\u00e1fico: Marta M\u00e9ndez Blaya.<\/p>\n<p>&nbsp;<\/p>\n","protected":false},"excerpt":{"rendered":"<p>elBulli1983-1993. El volumen que recoge los primeros a\u00f1os de trabajo\u00a0conjunto de Juli Soler, Ferran Adri\u00e0 y Albert Adri\u00e0, en un per\u00edodo en el que, despu\u00e9s de una b\u00fasqueda de un estilo propio de cocina, se asent\u00f3 el estilo del \u00absabor del Mediterr\u00e1neo\u00bb, y se apuntaron las primeras trazas de un estilo m\u00e1s contempor\u00e1neo que eclosion\u00f3 [&hellip;]<\/p>\n","protected":false},"featured_media":4481,"comment_status":"open","ping_status":"closed","template":"","meta":{"_acf_changed":false},"product_brand":[],"product_cat":[32],"product_tag":[],"class_list":{"0":"post-84","1":"product","2":"type-product","3":"status-publish","4":"has-post-thumbnail","6":"product_cat-catalogos","7":"product_shipping_class-envio-6k","9":"first","10":"instock","11":"taxable","12":"shipping-taxable","13":"purchasable","14":"product-type-variable"},"acf":[],"yoast_head":"<!-- This site is optimized with the Yoast SEO plugin v26.9 - https:\/\/yoast.com\/product\/yoast-seo-wordpress\/ -->\n<title>Cat\u00e1logo General elBulli 1983-1993 - elBullistore<\/title>\n<meta name=\"description\" content=\"elBulli 1983-1993. El volumen que recoge los primeros a\u00f1os de trabajo\u00a0conjunto de Juli Soler, Ferran Adri\u00e0 y Albert Adri\u00e0.\" \/>\n<meta name=\"robots\" content=\"index, follow, max-snippet:-1, max-image-preview:large, max-video-preview:-1\" \/>\n<link rel=\"canonical\" href=\"https:\/\/elbullifoundation.com\/elbullistore\/producto\/catalogo-general-elbulli-1983-1993\/\" \/>\n<meta property=\"og:locale\" content=\"es_ES\" \/>\n<meta property=\"og:type\" content=\"article\" \/>\n<meta property=\"og:title\" content=\"Cat\u00e1logo General elBulli 1983-1993 - elBullistore\" \/>\n<meta property=\"og:description\" content=\"elBulli 1983-1993. El volumen que recoge los primeros a\u00f1os de trabajo\u00a0conjunto de Juli Soler, Ferran Adri\u00e0 y Albert Adri\u00e0.\" \/>\n<meta property=\"og:url\" content=\"https:\/\/elbullifoundation.com\/elbullistore\/producto\/catalogo-general-elbulli-1983-1993\/\" \/>\n<meta property=\"og:site_name\" content=\"elBullistore\" \/>\n<meta property=\"article:modified_time\" content=\"2023-11-10T09:32:48+00:00\" \/>\n<meta property=\"og:image\" content=\"https:\/\/elbullifoundation.com\/elbullistore\/wp-content\/uploads\/2017\/08\/catalogo_general_elbulli_1983_1993.jpg\" \/>\n\t<meta property=\"og:image:width\" content=\"800\" \/>\n\t<meta property=\"og:image:height\" content=\"739\" \/>\n\t<meta property=\"og:image:type\" content=\"image\/jpeg\" \/>\n<meta name=\"twitter:card\" content=\"summary_large_image\" \/>\n<meta name=\"twitter:label1\" content=\"Tiempo de lectura\" \/>\n\t<meta name=\"twitter:data1\" content=\"1 minuto\" \/>\n<script type=\"application\/ld+json\" class=\"yoast-schema-graph\">{\"@context\":\"https:\/\/schema.org\",\"@graph\":[{\"@type\":\"WebPage\",\"@id\":\"https:\/\/elbullifoundation.com\/elbullistore\/producto\/catalogo-general-elbulli-1983-1993\/\",\"url\":\"https:\/\/elbullifoundation.com\/elbullistore\/producto\/catalogo-general-elbulli-1983-1993\/\",\"name\":\"Cat\u00e1logo General elBulli 1983-1993 - elBullistore\",\"isPartOf\":{\"@id\":\"https:\/\/elbullifoundation.com\/elbullistore\/#website\"},\"primaryImageOfPage\":{\"@id\":\"https:\/\/elbullifoundation.com\/elbullistore\/producto\/catalogo-general-elbulli-1983-1993\/#primaryimage\"},\"image\":{\"@id\":\"https:\/\/elbullifoundation.com\/elbullistore\/producto\/catalogo-general-elbulli-1983-1993\/#primaryimage\"},\"thumbnailUrl\":\"https:\/\/elbullifoundation.com\/elbullistore\/wp-content\/uploads\/2017\/08\/catalogo_general_elbulli_1983_1993.jpg\",\"datePublished\":\"2017-08-21T15:48:13+00:00\",\"dateModified\":\"2023-11-10T09:32:48+00:00\",\"description\":\"elBulli 1983-1993. El volumen que recoge los primeros a\u00f1os de trabajo\u00a0conjunto de Juli Soler, Ferran Adri\u00e0 y Albert Adri\u00e0.\",\"breadcrumb\":{\"@id\":\"https:\/\/elbullifoundation.com\/elbullistore\/producto\/catalogo-general-elbulli-1983-1993\/#breadcrumb\"},\"inLanguage\":\"es\",\"potentialAction\":[{\"@type\":\"ReadAction\",\"target\":[\"https:\/\/elbullifoundation.com\/elbullistore\/producto\/catalogo-general-elbulli-1983-1993\/\"]}]},{\"@type\":\"ImageObject\",\"inLanguage\":\"es\",\"@id\":\"https:\/\/elbullifoundation.com\/elbullistore\/producto\/catalogo-general-elbulli-1983-1993\/#primaryimage\",\"url\":\"https:\/\/elbullifoundation.com\/elbullistore\/wp-content\/uploads\/2017\/08\/catalogo_general_elbulli_1983_1993.jpg\",\"contentUrl\":\"https:\/\/elbullifoundation.com\/elbullistore\/wp-content\/uploads\/2017\/08\/catalogo_general_elbulli_1983_1993.jpg\",\"width\":800,\"height\":739},{\"@type\":\"BreadcrumbList\",\"@id\":\"https:\/\/elbullifoundation.com\/elbullistore\/producto\/catalogo-general-elbulli-1983-1993\/#breadcrumb\",\"itemListElement\":[{\"@type\":\"ListItem\",\"position\":1,\"name\":\"Portada\",\"item\":\"https:\/\/elbullifoundation.com\/elbullistore\/\"},{\"@type\":\"ListItem\",\"position\":2,\"name\":\"Productos\",\"item\":\"https:\/\/elbullifoundation.com\/elbullistore\/shop\/\"},{\"@type\":\"ListItem\",\"position\":3,\"name\":\"Cat\u00e1logo General elBulli 1983-1993\"}]},{\"@type\":\"WebSite\",\"@id\":\"https:\/\/elbullifoundation.com\/elbullistore\/#website\",\"url\":\"https:\/\/elbullifoundation.com\/elbullistore\/\",\"name\":\"elBullistore\",\"description\":\"\",\"potentialAction\":[{\"@type\":\"SearchAction\",\"target\":{\"@type\":\"EntryPoint\",\"urlTemplate\":\"https:\/\/elbullifoundation.com\/elbullistore\/?s={search_term_string}\"},\"query-input\":{\"@type\":\"PropertyValueSpecification\",\"valueRequired\":true,\"valueName\":\"search_term_string\"}}],\"inLanguage\":\"es\"}]}<\/script>\n<!-- \/ Yoast SEO plugin. -->","yoast_head_json":{"title":"Cat\u00e1logo General elBulli 1983-1993 - elBullistore","description":"elBulli 1983-1993. El volumen que recoge los primeros a\u00f1os de trabajo\u00a0conjunto de Juli Soler, Ferran Adri\u00e0 y Albert Adri\u00e0.","robots":{"index":"index","follow":"follow","max-snippet":"max-snippet:-1","max-image-preview":"max-image-preview:large","max-video-preview":"max-video-preview:-1"},"canonical":"https:\/\/elbullifoundation.com\/elbullistore\/producto\/catalogo-general-elbulli-1983-1993\/","og_locale":"es_ES","og_type":"article","og_title":"Cat\u00e1logo General elBulli 1983-1993 - elBullistore","og_description":"elBulli 1983-1993. El volumen que recoge los primeros a\u00f1os de trabajo\u00a0conjunto de Juli Soler, Ferran Adri\u00e0 y Albert Adri\u00e0.","og_url":"https:\/\/elbullifoundation.com\/elbullistore\/producto\/catalogo-general-elbulli-1983-1993\/","og_site_name":"elBullistore","article_modified_time":"2023-11-10T09:32:48+00:00","og_image":[{"width":800,"height":739,"url":"https:\/\/elbullifoundation.com\/elbullistore\/wp-content\/uploads\/2017\/08\/catalogo_general_elbulli_1983_1993.jpg","type":"image\/jpeg"}],"twitter_card":"summary_large_image","twitter_misc":{"Tiempo de lectura":"1 minuto"},"schema":{"@context":"https:\/\/schema.org","@graph":[{"@type":"WebPage","@id":"https:\/\/elbullifoundation.com\/elbullistore\/producto\/catalogo-general-elbulli-1983-1993\/","url":"https:\/\/elbullifoundation.com\/elbullistore\/producto\/catalogo-general-elbulli-1983-1993\/","name":"Cat\u00e1logo General elBulli 1983-1993 - elBullistore","isPartOf":{"@id":"https:\/\/elbullifoundation.com\/elbullistore\/#website"},"primaryImageOfPage":{"@id":"https:\/\/elbullifoundation.com\/elbullistore\/producto\/catalogo-general-elbulli-1983-1993\/#primaryimage"},"image":{"@id":"https:\/\/elbullifoundation.com\/elbullistore\/producto\/catalogo-general-elbulli-1983-1993\/#primaryimage"},"thumbnailUrl":"https:\/\/elbullifoundation.com\/elbullistore\/wp-content\/uploads\/2017\/08\/catalogo_general_elbulli_1983_1993.jpg","datePublished":"2017-08-21T15:48:13+00:00","dateModified":"2023-11-10T09:32:48+00:00","description":"elBulli 1983-1993. El volumen que recoge los primeros a\u00f1os de trabajo\u00a0conjunto de Juli Soler, Ferran Adri\u00e0 y Albert Adri\u00e0.","breadcrumb":{"@id":"https:\/\/elbullifoundation.com\/elbullistore\/producto\/catalogo-general-elbulli-1983-1993\/#breadcrumb"},"inLanguage":"es","potentialAction":[{"@type":"ReadAction","target":["https:\/\/elbullifoundation.com\/elbullistore\/producto\/catalogo-general-elbulli-1983-1993\/"]}]},{"@type":"ImageObject","inLanguage":"es","@id":"https:\/\/elbullifoundation.com\/elbullistore\/producto\/catalogo-general-elbulli-1983-1993\/#primaryimage","url":"https:\/\/elbullifoundation.com\/elbullistore\/wp-content\/uploads\/2017\/08\/catalogo_general_elbulli_1983_1993.jpg","contentUrl":"https:\/\/elbullifoundation.com\/elbullistore\/wp-content\/uploads\/2017\/08\/catalogo_general_elbulli_1983_1993.jpg","width":800,"height":739},{"@type":"BreadcrumbList","@id":"https:\/\/elbullifoundation.com\/elbullistore\/producto\/catalogo-general-elbulli-1983-1993\/#breadcrumb","itemListElement":[{"@type":"ListItem","position":1,"name":"Portada","item":"https:\/\/elbullifoundation.com\/elbullistore\/"},{"@type":"ListItem","position":2,"name":"Productos","item":"https:\/\/elbullifoundation.com\/elbullistore\/shop\/"},{"@type":"ListItem","position":3,"name":"Cat\u00e1logo General elBulli 1983-1993"}]},{"@type":"WebSite","@id":"https:\/\/elbullifoundation.com\/elbullistore\/#website","url":"https:\/\/elbullifoundation.com\/elbullistore\/","name":"elBullistore","description":"","potentialAction":[{"@type":"SearchAction","target":{"@type":"EntryPoint","urlTemplate":"https:\/\/elbullifoundation.com\/elbullistore\/?s={search_term_string}"},"query-input":{"@type":"PropertyValueSpecification","valueRequired":true,"valueName":"search_term_string"}}],"inLanguage":"es"}]}},"lang":"es","translations":{"es":84,"en":242,"ca":1094},"pll_sync_post":[],"_links":{"self":[{"href":"https:\/\/elbullifoundation.com\/elbullistore\/wp-json\/wp\/v2\/product\/84","targetHints":{"allow":["GET"]}}],"collection":[{"href":"https:\/\/elbullifoundation.com\/elbullistore\/wp-json\/wp\/v2\/product"}],"about":[{"href":"https:\/\/elbullifoundation.com\/elbullistore\/wp-json\/wp\/v2\/types\/product"}],"replies":[{"embeddable":true,"href":"https:\/\/elbullifoundation.com\/elbullistore\/wp-json\/wp\/v2\/comments?post=84"}],"wp:featuredmedia":[{"embeddable":true,"href":"https:\/\/elbullifoundation.com\/elbullistore\/wp-json\/wp\/v2\/media\/4481"}],"wp:attachment":[{"href":"https:\/\/elbullifoundation.com\/elbullistore\/wp-json\/wp\/v2\/media?parent=84"}],"wp:term":[{"taxonomy":"product_brand","embeddable":true,"href":"https:\/\/elbullifoundation.com\/elbullistore\/wp-json\/wp\/v2\/product_brand?post=84"},{"taxonomy":"product_cat","embeddable":true,"href":"https:\/\/elbullifoundation.com\/elbullistore\/wp-json\/wp\/v2\/product_cat?post=84"},{"taxonomy":"product_tag","embeddable":true,"href":"https:\/\/elbullifoundation.com\/elbullistore\/wp-json\/wp\/v2\/product_tag?post=84"}],"curies":[{"name":"wp","href":"https:\/\/api.w.org\/{rel}","templated":true}]}}