{"id":8833,"date":"2020-10-02T18:03:51","date_gmt":"2020-10-02T16:03:51","guid":{"rendered":"https:\/\/elbullifoundation.com\/elbullistore\/?post_type=product&#038;p=8833"},"modified":"2026-04-26T00:24:20","modified_gmt":"2026-04-25T22:24:20","slug":"sapiens-del-chocolate","status":"publish","type":"product","link":"https:\/\/elbullifoundation.com\/elbullistore\/producto\/sapiens-del-chocolate\/","title":{"rendered":"Sapiens del cacao y el chocolate. De la planta del cacao al chocolate"},"content":{"rendered":"<p>El <strong><em>Sapiens del cacao y el chocolate<\/em> <\/strong>es un proyecto en el que, a trav\u00e9s de la metodolog\u00eda Sapiens creada por Ferran Adri\u00e0 y elBullifoundation, se pretende llegar a comprender el chocolate. Pero, para ello, es necesario conocer tambi\u00e9n el cacao. Aunque el libro se engloba dentro de los monogr\u00e1ficos de la Bullipedia, es un tanto peculiar, ya que est\u00e1 dedicado a un producto no elaborado y, a su vez, a uno elaborado o elaboraci\u00f3n.<\/p>\n<p>&nbsp;<\/p>\n<p>664 p\u00e1ginas<\/p>\n<p>230 x 330 mm<\/p>\n<p>Tapa Dura<\/p>\n<p>ISBN: 978-84-09-32139-1<\/p>\n","protected":false},"excerpt":{"rendered":"<p>El Sapiens del cacao y el chocolate es un proyecto en el que, a trav\u00e9s de la metodolog\u00eda Sapiens creada por Ferran Adri\u00e0 y elBullifoundation, se pretende llegar a comprender el chocolate. Pero, para ello, es necesario conocer tambi\u00e9n el cacao. Aunque el libro se engloba dentro de los monogr\u00e1ficos de la Bullipedia, es un [&hellip;]<\/p>\n","protected":false},"featured_media":11229,"comment_status":"closed","ping_status":"closed","template":"","meta":{"_acf_changed":false},"product_brand":[],"product_cat":[15,655],"product_tag":[],"class_list":{"0":"post-8833","1":"product","2":"type-product","3":"status-publish","4":"has-post-thumbnail","6":"product_cat-bullipedia","7":"product_cat-general","8":"product_shipping_class-envio-5k","10":"first","11":"instock","12":"taxable","13":"shipping-taxable","14":"purchasable","15":"product-type-variable","16":"has-default-attributes"},"acf":[],"yoast_head":"<!-- This site is optimized with the Yoast SEO plugin v26.9 - https:\/\/yoast.com\/product\/yoast-seo-wordpress\/ -->\n<title>Sapiens del cacao y el chocolate. De la planta del cacao al chocolate - elBullistore<\/title>\n<meta name=\"robots\" content=\"index, follow, max-snippet:-1, max-image-preview:large, max-video-preview:-1\" \/>\n<link rel=\"canonical\" href=\"https:\/\/elbullifoundation.com\/elbullistore\/producto\/sapiens-del-chocolate\/\" \/>\n<meta property=\"og:locale\" content=\"es_ES\" \/>\n<meta property=\"og:type\" content=\"article\" \/>\n<meta property=\"og:title\" content=\"Sapiens del cacao y el chocolate. De la planta del cacao al chocolate - elBullistore\" \/>\n<meta property=\"og:description\" content=\"El Sapiens del cacao y el chocolate es un proyecto en el que, a trav\u00e9s de la metodolog\u00eda Sapiens creada por Ferran Adri\u00e0 y elBullifoundation, se pretende llegar a comprender el chocolate. Pero, para ello, es necesario conocer tambi\u00e9n el cacao. Aunque el libro se engloba dentro de los monogr\u00e1ficos de la Bullipedia, es un [&hellip;]\" \/>\n<meta property=\"og:url\" content=\"https:\/\/elbullifoundation.com\/elbullistore\/producto\/sapiens-del-chocolate\/\" \/>\n<meta property=\"og:site_name\" content=\"elBullistore\" \/>\n<meta property=\"article:modified_time\" content=\"2026-04-25T22:24:20+00:00\" \/>\n<meta property=\"og:image\" content=\"https:\/\/elbullifoundation.com\/elbullistore\/wp-content\/uploads\/2020\/10\/portada.png\" \/>\n\t<meta property=\"og:image:width\" content=\"1400\" \/>\n\t<meta property=\"og:image:height\" content=\"1008\" \/>\n\t<meta property=\"og:image:type\" content=\"image\/png\" \/>\n<meta name=\"twitter:card\" content=\"summary_large_image\" \/>\n<meta name=\"twitter:label1\" content=\"Tiempo de lectura\" \/>\n\t<meta name=\"twitter:data1\" content=\"1 minuto\" \/>\n<script type=\"application\/ld+json\" class=\"yoast-schema-graph\">{\"@context\":\"https:\/\/schema.org\",\"@graph\":[{\"@type\":\"WebPage\",\"@id\":\"https:\/\/elbullifoundation.com\/elbullistore\/producto\/sapiens-del-chocolate\/\",\"url\":\"https:\/\/elbullifoundation.com\/elbullistore\/producto\/sapiens-del-chocolate\/\",\"name\":\"Sapiens del cacao y el chocolate. De la planta del cacao al chocolate - elBullistore\",\"isPartOf\":{\"@id\":\"https:\/\/elbullifoundation.com\/elbullistore\/#website\"},\"primaryImageOfPage\":{\"@id\":\"https:\/\/elbullifoundation.com\/elbullistore\/producto\/sapiens-del-chocolate\/#primaryimage\"},\"image\":{\"@id\":\"https:\/\/elbullifoundation.com\/elbullistore\/producto\/sapiens-del-chocolate\/#primaryimage\"},\"thumbnailUrl\":\"https:\/\/elbullifoundation.com\/elbullistore\/wp-content\/uploads\/2020\/10\/portada.png\",\"datePublished\":\"2020-10-02T16:03:51+00:00\",\"dateModified\":\"2026-04-25T22:24:20+00:00\",\"breadcrumb\":{\"@id\":\"https:\/\/elbullifoundation.com\/elbullistore\/producto\/sapiens-del-chocolate\/#breadcrumb\"},\"inLanguage\":\"es\",\"potentialAction\":[{\"@type\":\"ReadAction\",\"target\":[\"https:\/\/elbullifoundation.com\/elbullistore\/producto\/sapiens-del-chocolate\/\"]}]},{\"@type\":\"ImageObject\",\"inLanguage\":\"es\",\"@id\":\"https:\/\/elbullifoundation.com\/elbullistore\/producto\/sapiens-del-chocolate\/#primaryimage\",\"url\":\"https:\/\/elbullifoundation.com\/elbullistore\/wp-content\/uploads\/2020\/10\/portada.png\",\"contentUrl\":\"https:\/\/elbullifoundation.com\/elbullistore\/wp-content\/uploads\/2020\/10\/portada.png\",\"width\":1400,\"height\":1008},{\"@type\":\"BreadcrumbList\",\"@id\":\"https:\/\/elbullifoundation.com\/elbullistore\/producto\/sapiens-del-chocolate\/#breadcrumb\",\"itemListElement\":[{\"@type\":\"ListItem\",\"position\":1,\"name\":\"Portada\",\"item\":\"https:\/\/elbullifoundation.com\/elbullistore\/\"},{\"@type\":\"ListItem\",\"position\":2,\"name\":\"Productos\",\"item\":\"https:\/\/elbullifoundation.com\/elbullistore\/shop\/\"},{\"@type\":\"ListItem\",\"position\":3,\"name\":\"Sapiens del cacao y el chocolate. De la planta del cacao al chocolate\"}]},{\"@type\":\"WebSite\",\"@id\":\"https:\/\/elbullifoundation.com\/elbullistore\/#website\",\"url\":\"https:\/\/elbullifoundation.com\/elbullistore\/\",\"name\":\"elBullistore\",\"description\":\"\",\"potentialAction\":[{\"@type\":\"SearchAction\",\"target\":{\"@type\":\"EntryPoint\",\"urlTemplate\":\"https:\/\/elbullifoundation.com\/elbullistore\/?s={search_term_string}\"},\"query-input\":{\"@type\":\"PropertyValueSpecification\",\"valueRequired\":true,\"valueName\":\"search_term_string\"}}],\"inLanguage\":\"es\"}]}<\/script>\n<!-- \/ Yoast SEO plugin. -->","yoast_head_json":{"title":"Sapiens del cacao y el chocolate. De la planta del cacao al chocolate - elBullistore","robots":{"index":"index","follow":"follow","max-snippet":"max-snippet:-1","max-image-preview":"max-image-preview:large","max-video-preview":"max-video-preview:-1"},"canonical":"https:\/\/elbullifoundation.com\/elbullistore\/producto\/sapiens-del-chocolate\/","og_locale":"es_ES","og_type":"article","og_title":"Sapiens del cacao y el chocolate. De la planta del cacao al chocolate - elBullistore","og_description":"El Sapiens del cacao y el chocolate es un proyecto en el que, a trav\u00e9s de la metodolog\u00eda Sapiens creada por Ferran Adri\u00e0 y elBullifoundation, se pretende llegar a comprender el chocolate. Pero, para ello, es necesario conocer tambi\u00e9n el cacao. Aunque el libro se engloba dentro de los monogr\u00e1ficos de la Bullipedia, es un [&hellip;]","og_url":"https:\/\/elbullifoundation.com\/elbullistore\/producto\/sapiens-del-chocolate\/","og_site_name":"elBullistore","article_modified_time":"2026-04-25T22:24:20+00:00","og_image":[{"width":1400,"height":1008,"url":"https:\/\/elbullifoundation.com\/elbullistore\/wp-content\/uploads\/2020\/10\/portada.png","type":"image\/png"}],"twitter_card":"summary_large_image","twitter_misc":{"Tiempo de lectura":"1 minuto"},"schema":{"@context":"https:\/\/schema.org","@graph":[{"@type":"WebPage","@id":"https:\/\/elbullifoundation.com\/elbullistore\/producto\/sapiens-del-chocolate\/","url":"https:\/\/elbullifoundation.com\/elbullistore\/producto\/sapiens-del-chocolate\/","name":"Sapiens del cacao y el chocolate. De la planta del cacao al chocolate - elBullistore","isPartOf":{"@id":"https:\/\/elbullifoundation.com\/elbullistore\/#website"},"primaryImageOfPage":{"@id":"https:\/\/elbullifoundation.com\/elbullistore\/producto\/sapiens-del-chocolate\/#primaryimage"},"image":{"@id":"https:\/\/elbullifoundation.com\/elbullistore\/producto\/sapiens-del-chocolate\/#primaryimage"},"thumbnailUrl":"https:\/\/elbullifoundation.com\/elbullistore\/wp-content\/uploads\/2020\/10\/portada.png","datePublished":"2020-10-02T16:03:51+00:00","dateModified":"2026-04-25T22:24:20+00:00","breadcrumb":{"@id":"https:\/\/elbullifoundation.com\/elbullistore\/producto\/sapiens-del-chocolate\/#breadcrumb"},"inLanguage":"es","potentialAction":[{"@type":"ReadAction","target":["https:\/\/elbullifoundation.com\/elbullistore\/producto\/sapiens-del-chocolate\/"]}]},{"@type":"ImageObject","inLanguage":"es","@id":"https:\/\/elbullifoundation.com\/elbullistore\/producto\/sapiens-del-chocolate\/#primaryimage","url":"https:\/\/elbullifoundation.com\/elbullistore\/wp-content\/uploads\/2020\/10\/portada.png","contentUrl":"https:\/\/elbullifoundation.com\/elbullistore\/wp-content\/uploads\/2020\/10\/portada.png","width":1400,"height":1008},{"@type":"BreadcrumbList","@id":"https:\/\/elbullifoundation.com\/elbullistore\/producto\/sapiens-del-chocolate\/#breadcrumb","itemListElement":[{"@type":"ListItem","position":1,"name":"Portada","item":"https:\/\/elbullifoundation.com\/elbullistore\/"},{"@type":"ListItem","position":2,"name":"Productos","item":"https:\/\/elbullifoundation.com\/elbullistore\/shop\/"},{"@type":"ListItem","position":3,"name":"Sapiens del cacao y el chocolate. De la planta del cacao al chocolate"}]},{"@type":"WebSite","@id":"https:\/\/elbullifoundation.com\/elbullistore\/#website","url":"https:\/\/elbullifoundation.com\/elbullistore\/","name":"elBullistore","description":"","potentialAction":[{"@type":"SearchAction","target":{"@type":"EntryPoint","urlTemplate":"https:\/\/elbullifoundation.com\/elbullistore\/?s={search_term_string}"},"query-input":{"@type":"PropertyValueSpecification","valueRequired":true,"valueName":"search_term_string"}}],"inLanguage":"es"}]}},"lang":"es","translations":{"es":8833,"en":9757,"ca":15879},"pll_sync_post":[],"_links":{"self":[{"href":"https:\/\/elbullifoundation.com\/elbullistore\/wp-json\/wp\/v2\/product\/8833","targetHints":{"allow":["GET"]}}],"collection":[{"href":"https:\/\/elbullifoundation.com\/elbullistore\/wp-json\/wp\/v2\/product"}],"about":[{"href":"https:\/\/elbullifoundation.com\/elbullistore\/wp-json\/wp\/v2\/types\/product"}],"replies":[{"embeddable":true,"href":"https:\/\/elbullifoundation.com\/elbullistore\/wp-json\/wp\/v2\/comments?post=8833"}],"wp:featuredmedia":[{"embeddable":true,"href":"https:\/\/elbullifoundation.com\/elbullistore\/wp-json\/wp\/v2\/media\/11229"}],"wp:attachment":[{"href":"https:\/\/elbullifoundation.com\/elbullistore\/wp-json\/wp\/v2\/media?parent=8833"}],"wp:term":[{"taxonomy":"product_brand","embeddable":true,"href":"https:\/\/elbullifoundation.com\/elbullistore\/wp-json\/wp\/v2\/product_brand?post=8833"},{"taxonomy":"product_cat","embeddable":true,"href":"https:\/\/elbullifoundation.com\/elbullistore\/wp-json\/wp\/v2\/product_cat?post=8833"},{"taxonomy":"product_tag","embeddable":true,"href":"https:\/\/elbullifoundation.com\/elbullistore\/wp-json\/wp\/v2\/product_tag?post=8833"}],"curies":[{"name":"wp","href":"https:\/\/api.w.org\/{rel}","templated":true}]}}