{"id":8937,"date":"2020-10-02T18:44:33","date_gmt":"2020-10-02T16:44:33","guid":{"rendered":"https:\/\/elbullifoundation.com\/elbullistore\/?post_type=product&#038;p=8937"},"modified":"2026-02-09T08:34:49","modified_gmt":"2026-02-09T07:34:49","slug":"vinos-se-cata-vino-volumen-vi","status":"publish","type":"product","link":"https:\/\/elbullifoundation.com\/elbullistore\/producto\/vinos-se-cata-vino-volumen-vi\/","title":{"rendered":"Vinos. El an\u00e1lisis sensorial del vino (Volumen VI)"},"content":{"rendered":"<p>El volumen VI del <strong>Sapiens del Vino<\/strong> quiere profundizar y replantear los conocimientos del an\u00e1lisis organol\u00e9ptico del vino. Una obra que se centra en el funcionamiento de nuestros sentidos a trav\u00e9s de la audici\u00f3n, el sistema motor, la visi\u00f3n, la olfacci\u00f3n, el gusto y el complejo sistema somatosensorial, para ense\u00f1arnos c\u00f3mo utilizarlos en la cata t\u00e9cnica del vino.<\/p>\n<p>Este volumen conecta con el volumen V, sumando los dos vol\u00famenes, se emplean alrededor de 1.000 p\u00e1ginas para desarrollar el contenido necesario para comprender la degustaci\u00f3n t\u00e9cnica del vino.<\/p>\n<p>&nbsp;<\/p>\n<p>614 p\u00e1ginas<\/p>\n<p>230 x 330<\/p>\n<p>Tapa dura<\/p>\n<p>ISBN: 978-84-09-43269-1<\/p>\n","protected":false},"excerpt":{"rendered":"<p>El volumen VI del Sapiens del Vino quiere profundizar y replantear los conocimientos del an\u00e1lisis organol\u00e9ptico del vino. Una obra que se centra en el funcionamiento de nuestros sentidos a trav\u00e9s de la audici\u00f3n, el sistema motor, la visi\u00f3n, la olfacci\u00f3n, el gusto y el complejo sistema somatosensorial, para ense\u00f1arnos c\u00f3mo utilizarlos en la cata [&hellip;]<\/p>\n","protected":false},"featured_media":14016,"comment_status":"closed","ping_status":"closed","template":"","meta":{"_acf_changed":false},"product_brand":[],"product_cat":[401],"product_tag":[],"class_list":{"0":"post-8937","1":"product","2":"type-product","3":"status-publish","4":"has-post-thumbnail","6":"product_cat-vinos","8":"first","9":"instock","10":"taxable","11":"shipping-taxable","12":"purchasable","13":"product-type-variable","14":"has-default-attributes"},"acf":[],"yoast_head":"<!-- This site is optimized with the Yoast SEO plugin v26.9 - https:\/\/yoast.com\/product\/yoast-seo-wordpress\/ -->\n<title>Vinos. El an\u00e1lisis sensorial del vino (Volumen VI) - elBullistore<\/title>\n<meta name=\"robots\" content=\"index, follow, max-snippet:-1, max-image-preview:large, max-video-preview:-1\" \/>\n<link rel=\"canonical\" href=\"https:\/\/elbullifoundation.com\/elbullistore\/producto\/vinos-se-cata-vino-volumen-vi\/\" \/>\n<meta property=\"og:locale\" content=\"es_ES\" \/>\n<meta property=\"og:type\" content=\"article\" \/>\n<meta property=\"og:title\" content=\"Vinos. El an\u00e1lisis sensorial del vino (Volumen VI)\" \/>\n<meta property=\"og:description\" content=\"El volumen VI del Sapiens del Vino quiere profundizar y replantear los conocimientos del an\u00e1lisis organol\u00e9ptico del vino. Una obra que se centra en el funcionamiento de nuestros sentidos a trav\u00e9s de la audici\u00f3n, el sistema motor, la visi\u00f3n, la olfacci\u00f3n, el gusto y el complejo sistema somatosensorial, para ense\u00f1arnos c\u00f3mo utilizarlos en la cata t\u00e9cnica del vino.\" \/>\n<meta property=\"og:url\" content=\"https:\/\/elbullifoundation.com\/elbullistore\/producto\/vinos-se-cata-vino-volumen-vi\/\" \/>\n<meta property=\"og:site_name\" content=\"elBullistore\" \/>\n<meta property=\"article:modified_time\" content=\"2026-02-09T07:34:49+00:00\" \/>\n<meta property=\"og:image\" content=\"https:\/\/elbullifoundation.com\/elbullistore\/wp-content\/uploads\/2020\/10\/render.jpg\" \/>\n<meta name=\"twitter:card\" content=\"summary_large_image\" \/>\n<meta name=\"twitter:title\" content=\"Vinos. El an\u00e1lisis sensorial del vino (Volumen VI)\" \/>\n<meta name=\"twitter:description\" content=\"El volumen VI del Sapiens del Vino quiere profundizar y replantear los conocimientos del an\u00e1lisis organol\u00e9ptico del vino. Una obra que se centra en el funcionamiento de nuestros sentidos a trav\u00e9s de la audici\u00f3n, el sistema motor, la visi\u00f3n, la olfacci\u00f3n, el gusto y el complejo sistema somatosensorial, para ense\u00f1arnos c\u00f3mo utilizarlos en la cata t\u00e9cnica del vino.\" \/>\n<meta name=\"twitter:image\" content=\"https:\/\/elbullifoundation.com\/elbullistore\/wp-content\/uploads\/2020\/10\/render.jpg\" \/>\n<meta name=\"twitter:label1\" content=\"Tiempo de lectura\" \/>\n\t<meta name=\"twitter:data1\" content=\"1 minuto\" \/>\n<script type=\"application\/ld+json\" class=\"yoast-schema-graph\">{\"@context\":\"https:\/\/schema.org\",\"@graph\":[{\"@type\":\"WebPage\",\"@id\":\"https:\/\/elbullifoundation.com\/elbullistore\/producto\/vinos-se-cata-vino-volumen-vi\/\",\"url\":\"https:\/\/elbullifoundation.com\/elbullistore\/producto\/vinos-se-cata-vino-volumen-vi\/\",\"name\":\"Vinos. El an\u00e1lisis sensorial del vino (Volumen VI) - elBullistore\",\"isPartOf\":{\"@id\":\"https:\/\/elbullifoundation.com\/elbullistore\/#website\"},\"primaryImageOfPage\":{\"@id\":\"https:\/\/elbullifoundation.com\/elbullistore\/producto\/vinos-se-cata-vino-volumen-vi\/#primaryimage\"},\"image\":{\"@id\":\"https:\/\/elbullifoundation.com\/elbullistore\/producto\/vinos-se-cata-vino-volumen-vi\/#primaryimage\"},\"thumbnailUrl\":\"https:\/\/elbullifoundation.com\/elbullistore\/wp-content\/uploads\/2020\/10\/01-portada_v6_mockup-1.jpg\",\"datePublished\":\"2020-10-02T16:44:33+00:00\",\"dateModified\":\"2026-02-09T07:34:49+00:00\",\"breadcrumb\":{\"@id\":\"https:\/\/elbullifoundation.com\/elbullistore\/producto\/vinos-se-cata-vino-volumen-vi\/#breadcrumb\"},\"inLanguage\":\"es\",\"potentialAction\":[{\"@type\":\"ReadAction\",\"target\":[\"https:\/\/elbullifoundation.com\/elbullistore\/producto\/vinos-se-cata-vino-volumen-vi\/\"]}]},{\"@type\":\"ImageObject\",\"inLanguage\":\"es\",\"@id\":\"https:\/\/elbullifoundation.com\/elbullistore\/producto\/vinos-se-cata-vino-volumen-vi\/#primaryimage\",\"url\":\"https:\/\/elbullifoundation.com\/elbullistore\/wp-content\/uploads\/2020\/10\/01-portada_v6_mockup-1.jpg\",\"contentUrl\":\"https:\/\/elbullifoundation.com\/elbullistore\/wp-content\/uploads\/2020\/10\/01-portada_v6_mockup-1.jpg\",\"width\":1200,\"height\":864},{\"@type\":\"BreadcrumbList\",\"@id\":\"https:\/\/elbullifoundation.com\/elbullistore\/producto\/vinos-se-cata-vino-volumen-vi\/#breadcrumb\",\"itemListElement\":[{\"@type\":\"ListItem\",\"position\":1,\"name\":\"Portada\",\"item\":\"https:\/\/elbullifoundation.com\/elbullistore\/\"},{\"@type\":\"ListItem\",\"position\":2,\"name\":\"Productos\",\"item\":\"https:\/\/elbullifoundation.com\/elbullistore\/shop\/\"},{\"@type\":\"ListItem\",\"position\":3,\"name\":\"Vinos. El an\u00e1lisis sensorial del vino (Volumen VI)\"}]},{\"@type\":\"WebSite\",\"@id\":\"https:\/\/elbullifoundation.com\/elbullistore\/#website\",\"url\":\"https:\/\/elbullifoundation.com\/elbullistore\/\",\"name\":\"elBullistore\",\"description\":\"\",\"potentialAction\":[{\"@type\":\"SearchAction\",\"target\":{\"@type\":\"EntryPoint\",\"urlTemplate\":\"https:\/\/elbullifoundation.com\/elbullistore\/?s={search_term_string}\"},\"query-input\":{\"@type\":\"PropertyValueSpecification\",\"valueRequired\":true,\"valueName\":\"search_term_string\"}}],\"inLanguage\":\"es\"}]}<\/script>\n<!-- \/ Yoast SEO plugin. -->","yoast_head_json":{"title":"Vinos. El an\u00e1lisis sensorial del vino (Volumen VI) - elBullistore","robots":{"index":"index","follow":"follow","max-snippet":"max-snippet:-1","max-image-preview":"max-image-preview:large","max-video-preview":"max-video-preview:-1"},"canonical":"https:\/\/elbullifoundation.com\/elbullistore\/producto\/vinos-se-cata-vino-volumen-vi\/","og_locale":"es_ES","og_type":"article","og_title":"Vinos. El an\u00e1lisis sensorial del vino (Volumen VI)","og_description":"El volumen VI del Sapiens del Vino quiere profundizar y replantear los conocimientos del an\u00e1lisis organol\u00e9ptico del vino. Una obra que se centra en el funcionamiento de nuestros sentidos a trav\u00e9s de la audici\u00f3n, el sistema motor, la visi\u00f3n, la olfacci\u00f3n, el gusto y el complejo sistema somatosensorial, para ense\u00f1arnos c\u00f3mo utilizarlos en la cata t\u00e9cnica del vino.","og_url":"https:\/\/elbullifoundation.com\/elbullistore\/producto\/vinos-se-cata-vino-volumen-vi\/","og_site_name":"elBullistore","article_modified_time":"2026-02-09T07:34:49+00:00","og_image":[{"url":"https:\/\/elbullifoundation.com\/elbullistore\/wp-content\/uploads\/2020\/10\/render.jpg","type":"","width":"","height":""}],"twitter_card":"summary_large_image","twitter_title":"Vinos. El an\u00e1lisis sensorial del vino (Volumen VI)","twitter_description":"El volumen VI del Sapiens del Vino quiere profundizar y replantear los conocimientos del an\u00e1lisis organol\u00e9ptico del vino. Una obra que se centra en el funcionamiento de nuestros sentidos a trav\u00e9s de la audici\u00f3n, el sistema motor, la visi\u00f3n, la olfacci\u00f3n, el gusto y el complejo sistema somatosensorial, para ense\u00f1arnos c\u00f3mo utilizarlos en la cata t\u00e9cnica del vino.","twitter_image":"https:\/\/elbullifoundation.com\/elbullistore\/wp-content\/uploads\/2020\/10\/render.jpg","twitter_misc":{"Tiempo de lectura":"1 minuto"},"schema":{"@context":"https:\/\/schema.org","@graph":[{"@type":"WebPage","@id":"https:\/\/elbullifoundation.com\/elbullistore\/producto\/vinos-se-cata-vino-volumen-vi\/","url":"https:\/\/elbullifoundation.com\/elbullistore\/producto\/vinos-se-cata-vino-volumen-vi\/","name":"Vinos. El an\u00e1lisis sensorial del vino (Volumen VI) - elBullistore","isPartOf":{"@id":"https:\/\/elbullifoundation.com\/elbullistore\/#website"},"primaryImageOfPage":{"@id":"https:\/\/elbullifoundation.com\/elbullistore\/producto\/vinos-se-cata-vino-volumen-vi\/#primaryimage"},"image":{"@id":"https:\/\/elbullifoundation.com\/elbullistore\/producto\/vinos-se-cata-vino-volumen-vi\/#primaryimage"},"thumbnailUrl":"https:\/\/elbullifoundation.com\/elbullistore\/wp-content\/uploads\/2020\/10\/01-portada_v6_mockup-1.jpg","datePublished":"2020-10-02T16:44:33+00:00","dateModified":"2026-02-09T07:34:49+00:00","breadcrumb":{"@id":"https:\/\/elbullifoundation.com\/elbullistore\/producto\/vinos-se-cata-vino-volumen-vi\/#breadcrumb"},"inLanguage":"es","potentialAction":[{"@type":"ReadAction","target":["https:\/\/elbullifoundation.com\/elbullistore\/producto\/vinos-se-cata-vino-volumen-vi\/"]}]},{"@type":"ImageObject","inLanguage":"es","@id":"https:\/\/elbullifoundation.com\/elbullistore\/producto\/vinos-se-cata-vino-volumen-vi\/#primaryimage","url":"https:\/\/elbullifoundation.com\/elbullistore\/wp-content\/uploads\/2020\/10\/01-portada_v6_mockup-1.jpg","contentUrl":"https:\/\/elbullifoundation.com\/elbullistore\/wp-content\/uploads\/2020\/10\/01-portada_v6_mockup-1.jpg","width":1200,"height":864},{"@type":"BreadcrumbList","@id":"https:\/\/elbullifoundation.com\/elbullistore\/producto\/vinos-se-cata-vino-volumen-vi\/#breadcrumb","itemListElement":[{"@type":"ListItem","position":1,"name":"Portada","item":"https:\/\/elbullifoundation.com\/elbullistore\/"},{"@type":"ListItem","position":2,"name":"Productos","item":"https:\/\/elbullifoundation.com\/elbullistore\/shop\/"},{"@type":"ListItem","position":3,"name":"Vinos. El an\u00e1lisis sensorial del vino (Volumen VI)"}]},{"@type":"WebSite","@id":"https:\/\/elbullifoundation.com\/elbullistore\/#website","url":"https:\/\/elbullifoundation.com\/elbullistore\/","name":"elBullistore","description":"","potentialAction":[{"@type":"SearchAction","target":{"@type":"EntryPoint","urlTemplate":"https:\/\/elbullifoundation.com\/elbullistore\/?s={search_term_string}"},"query-input":{"@type":"PropertyValueSpecification","valueRequired":true,"valueName":"search_term_string"}}],"inLanguage":"es"}]}},"lang":"es","translations":{"es":8937,"en":9756,"ca":15877},"pll_sync_post":[],"_links":{"self":[{"href":"https:\/\/elbullifoundation.com\/elbullistore\/wp-json\/wp\/v2\/product\/8937","targetHints":{"allow":["GET"]}}],"collection":[{"href":"https:\/\/elbullifoundation.com\/elbullistore\/wp-json\/wp\/v2\/product"}],"about":[{"href":"https:\/\/elbullifoundation.com\/elbullistore\/wp-json\/wp\/v2\/types\/product"}],"replies":[{"embeddable":true,"href":"https:\/\/elbullifoundation.com\/elbullistore\/wp-json\/wp\/v2\/comments?post=8937"}],"wp:featuredmedia":[{"embeddable":true,"href":"https:\/\/elbullifoundation.com\/elbullistore\/wp-json\/wp\/v2\/media\/14016"}],"wp:attachment":[{"href":"https:\/\/elbullifoundation.com\/elbullistore\/wp-json\/wp\/v2\/media?parent=8937"}],"wp:term":[{"taxonomy":"product_brand","embeddable":true,"href":"https:\/\/elbullifoundation.com\/elbullistore\/wp-json\/wp\/v2\/product_brand?post=8937"},{"taxonomy":"product_cat","embeddable":true,"href":"https:\/\/elbullifoundation.com\/elbullistore\/wp-json\/wp\/v2\/product_cat?post=8937"},{"taxonomy":"product_tag","embeddable":true,"href":"https:\/\/elbullifoundation.com\/elbullistore\/wp-json\/wp\/v2\/product_tag?post=8937"}],"curies":[{"name":"wp","href":"https:\/\/api.w.org\/{rel}","templated":true}]}}

Vinos. El análisis sensorial del vino (Volumen VI)

<p>El volumen VI del <strong>Sapiens del Vino</strong> quiere profundizar y replantear los conocimientos del análisis organoléptico del vino. Una obra que se centra en el funcionamiento de nuestros sentidos a través de la audición, el sistema motor, la visión, la olfacción, el gusto y el complejo sistema somatosensorial, para enseñarnos cómo utilizarlos en la cata técnica del vino.</p>
<p>Este volumen conecta con el volumen V, sumando los dos volúmenes, se emplean alrededor de 1.000 páginas para desarrollar el contenido necesario para comprender la degustación técnica del vino.</p>
<p>&nbsp;</p>
<p>614 páginas</p>
<p>230 x 330</p>
<p>Tapa dura</p>
<p>ISBN: 978-84-09-43269-1</p>

<p>El volumen VI del Sapiens del Vino quiere profundizar y replantear los conocimientos del análisis organoléptico del vino. Una obra que se centra en el funcionamiento de nuestros sentidos a través de la audición, el sistema motor, la visión, la olfacción, el gusto y el complejo sistema somatosensorial, para enseñarnos cómo utilizarlos en la cata [&hellip;]</p>

<!-- This site is optimized with the Yoast SEO plugin v26.9 - https://yoast.com/product/yoast-seo-wordpress/ -->
<title>Vinos. El análisis sensorial del vino (Volumen VI) - elBullistore</title>
<meta name="robots" content="index, follow, max-snippet:-1, max-image-preview:large, max-video-preview:-1" />
<link rel="canonical" href="https://elbullifoundation.com/elbullistore/producto/vinos-se-cata-vino-volumen-vi/" />
<meta property="og:locale" content="es_ES" />
<meta property="og:type" content="article" />
<meta property="og:title" content="Vinos. El análisis sensorial del vino (Volumen VI)" />
<meta property="og:description" content="El volumen VI del Sapiens del Vino quiere profundizar y replantear los conocimientos del análisis organoléptico del vino. Una obra que se centra en el funcionamiento de nuestros sentidos a través de la audición, el sistema motor, la visión, la olfacción, el gusto y el complejo sistema somatosensorial, para enseñarnos cómo utilizarlos en la cata técnica del vino." />
<meta property="og:url" content="https://elbullifoundation.com/elbullistore/producto/vinos-se-cata-vino-volumen-vi/" />
<meta property="og:site_name" content="elBullistore" />
<meta property="article:modified_time" content="2026-02-09T07:34:49+00:00" />
<meta property="og:image" content="https://elbullifoundation.com/elbullistore/wp-content/uploads/2020/10/render.jpg" />
<meta name="twitter:card" content="summary_large_image" />
<meta name="twitter:title" content="Vinos. El análisis sensorial del vino (Volumen VI)" />
<meta name="twitter:description" content="El volumen VI del Sapiens del Vino quiere profundizar y replantear los conocimientos del análisis organoléptico del vino. Una obra que se centra en el funcionamiento de nuestros sentidos a través de la audición, el sistema motor, la visión, la olfacción, el gusto y el complejo sistema somatosensorial, para enseñarnos cómo utilizarlos en la cata técnica del vino." />
<meta name="twitter:image" content="https://elbullifoundation.com/elbullistore/wp-content/uploads/2020/10/render.jpg" />
<meta name="twitter:label1" content="Tiempo de lectura" />
	<meta name="twitter:data1" content="1 minuto" />
<script type="application/ld+json" class="yoast-schema-graph">{"@context":"https://schema.org","@graph":[{"@type":"WebPage","@id":"https://elbullifoundation.com/elbullistore/producto/vinos-se-cata-vino-volumen-vi/","url":"https://elbullifoundation.com/elbullistore/producto/vinos-se-cata-vino-volumen-vi/","name":"Vinos. El análisis sensorial del vino (Volumen VI) - elBullistore","isPartOf":{"@id":"https://elbullifoundation.com/elbullistore/#website"},"primaryImageOfPage":{"@id":"https://elbullifoundation.com/elbullistore/producto/vinos-se-cata-vino-volumen-vi/#primaryimage"},"image":{"@id":"https://elbullifoundation.com/elbullistore/producto/vinos-se-cata-vino-volumen-vi/#primaryimage"},"thumbnailUrl":"https://elbullifoundation.com/elbullistore/wp-content/uploads/2020/10/01-portada_v6_mockup-1.jpg","datePublished":"2020-10-02T16:44:33+00:00","dateModified":"2026-02-09T07:34:49+00:00","breadcrumb":{"@id":"https://elbullifoundation.com/elbullistore/producto/vinos-se-cata-vino-volumen-vi/#breadcrumb"},"inLanguage":"es","potentialAction":[{"@type":"ReadAction","target":["https://elbullifoundation.com/elbullistore/producto/vinos-se-cata-vino-volumen-vi/"]}]},{"@type":"ImageObject","inLanguage":"es","@id":"https://elbullifoundation.com/elbullistore/producto/vinos-se-cata-vino-volumen-vi/#primaryimage","url":"https://elbullifoundation.com/elbullistore/wp-content/uploads/2020/10/01-portada_v6_mockup-1.jpg","contentUrl":"https://elbullifoundation.com/elbullistore/wp-content/uploads/2020/10/01-portada_v6_mockup-1.jpg","width":1200,"height":864},{"@type":"BreadcrumbList","@id":"https://elbullifoundation.com/elbullistore/producto/vinos-se-cata-vino-volumen-vi/#breadcrumb","itemListElement":[{"@type":"ListItem","position":1,"name":"Portada","item":"https://elbullifoundation.com/elbullistore/"},{"@type":"ListItem","position":2,"name":"Productos","item":"https://elbullifoundation.com/elbullistore/shop/"},{"@type":"ListItem","position":3,"name":"Vinos. El análisis sensorial del vino (Volumen VI)"}]},{"@type":"WebSite","@id":"https://elbullifoundation.com/elbullistore/#website","url":"https://elbullifoundation.com/elbullistore/","name":"elBullistore","description":"","potentialAction":[{"@type":"SearchAction","target":{"@type":"EntryPoint","urlTemplate":"https://elbullifoundation.com/elbullistore/?s={search_term_string}"},"query-input":{"@type":"PropertyValueSpecification","valueRequired":true,"valueName":"search_term_string"}}],"inLanguage":"es"}]}</script>
<!-- / Yoast SEO plugin. -->

Vinos. El análisis sensorial del vino (Volumen VI) - elBullistore

El volumen VI del Sapiens del Vino quiere profundizar y replantear los conocimientos del análisis organoléptico del vino. Una obra que se centra en el funcionamiento de nuestros sentidos a través de la audición, el sistema motor, la visión, la olfacción, el gusto y el complejo sistema somatosensorial, para enseñarnos cómo utilizarlos en la cata técnica del vino.
