{"id":920,"date":"2017-08-22T08:32:52","date_gmt":"2017-08-22T08:32:52","guid":{"rendered":"https:\/\/elbullifoundation.com\/elbullistore\/producto\/comida-para-pensar-pensar-sobre-el-comer\/"},"modified":"2023-11-10T10:39:48","modified_gmt":"2023-11-10T09:39:48","slug":"menjar-per-pensar","status":"publish","type":"product","link":"https:\/\/elbullifoundation.com\/elbullistore\/ca\/product\/menjar-per-pensar\/","title":{"rendered":"Menjar per a pensar, pensar sobre el menjar"},"content":{"rendered":"<p>Una reflexi\u00f3 sobre la participaci\u00f3 de Ferran Adri\u00e0 en la Documenta 12, a c\u00e0rrec de Vicente Todol\u00ed, director de la Tate Modern de Londres, i del pintor Richard Hamilton, pare del pop-art. Menjar per a pensar recull els testimonis, els debats, textos i taules rodones entre artistes, xefs, cr\u00edtics d&#8217;art i galeristes, personalitats del m\u00f3n de l&#8217;art i de la cuina, uns debats en els quals s&#8217;intenten delimitar o potser esborrar les fronteres entre la cuina i l&#8217;art. El present llibre recull els detalls de la intervenci\u00f3 de Ferran Adri\u00e0 en la Documenta 12 i de les seq\u00fceles que la immersi\u00f3 del cuiner en el m\u00f3n de l&#8217;art continua suscitant. A m\u00e9s d&#8217;aquests continguts, el llibre tamb\u00e9 inclou de forma ordenada i amena la concentraci\u00f3 m\u00e9s elevada i seleccionada de textos te\u00f2rics relacionats amb la filosofia de elBulli, guardonat amb 3 estrelles Michelin i reconegut per la revista Restaurant cinc vegades com el millor restaurant del m\u00f3n.<\/p>\n<p>&nbsp;<\/p>\n<p>P\u00e0gines: 343<\/p>\n<p>Grand\u00e0ria: 25\u00d718 cm<\/p>\n<p>Pes: 1,380 gr.<\/p>\n","protected":false},"excerpt":{"rendered":"<p>Una reflexi\u00f3 sobre la participaci\u00f3 de Ferran Adri\u00e0 en la Documenta 12, a c\u00e0rrec de Vicente Todol\u00ed, director de la Tate Modern de Londres, i del pintor Richard Hamilton, pare del pop-art. Menjar per a pensar recull els testimonis, els debats, textos i taules rodones entre artistes, xefs, cr\u00edtics d&#8217;art i galeristes, personalitats del m\u00f3n [&hellip;]<\/p>\n","protected":false},"featured_media":1512,"comment_status":"open","ping_status":"closed","template":"","meta":{"_acf_changed":false},"product_brand":[],"product_cat":[75],"product_tag":[],"class_list":{"0":"post-920","1":"product","2":"type-product","3":"status-publish","4":"has-post-thumbnail","6":"product_cat-otros-ca","7":"product_shipping_class-envio-2k-ca","9":"first","10":"instock","11":"taxable","12":"shipping-taxable","13":"purchasable","14":"product-type-variable"},"acf":[],"yoast_head":"<!-- This site is optimized with the Yoast SEO plugin v26.9 - https:\/\/yoast.com\/product\/yoast-seo-wordpress\/ -->\n<title>Menjar per a pensar, pensar sobre el menjar - elBullistore<\/title>\n<meta name=\"description\" content=\"Una reflexi\u00f3n acerca la participaci\u00f3n de Ferran Adri\u00e0 en la Documenta 12, a cargo de Vicente Todol\u00ed, director de la Tate Modern de Londres.\" \/>\n<meta name=\"robots\" content=\"index, follow, max-snippet:-1, max-image-preview:large, max-video-preview:-1\" \/>\n<link rel=\"canonical\" href=\"https:\/\/elbullifoundation.com\/elbullistore\/ca\/product\/menjar-per-pensar\/\" \/>\n<meta property=\"og:locale\" content=\"es_ES\" \/>\n<meta property=\"og:type\" content=\"article\" \/>\n<meta property=\"og:title\" content=\"Menjar per a pensar, pensar sobre el menjar - elBullistore\" \/>\n<meta property=\"og:description\" content=\"Una reflexi\u00f3n acerca la participaci\u00f3n de Ferran Adri\u00e0 en la Documenta 12, a cargo de Vicente Todol\u00ed, director de la Tate Modern de Londres.\" \/>\n<meta property=\"og:url\" content=\"https:\/\/elbullifoundation.com\/elbullistore\/ca\/product\/menjar-per-pensar\/\" \/>\n<meta property=\"og:site_name\" content=\"elBullistore\" \/>\n<meta property=\"article:modified_time\" content=\"2023-11-10T09:39:48+00:00\" \/>\n<meta property=\"og:image\" content=\"https:\/\/elbullifoundation.com\/elbullistore\/wp-content\/uploads\/2017\/08\/comida-para-pensar.jpg\" \/>\n\t<meta property=\"og:image:width\" content=\"900\" \/>\n\t<meta property=\"og:image:height\" content=\"641\" \/>\n\t<meta property=\"og:image:type\" content=\"image\/jpeg\" \/>\n<meta name=\"twitter:card\" content=\"summary_large_image\" \/>\n<meta name=\"twitter:label1\" content=\"Tiempo de lectura\" \/>\n\t<meta name=\"twitter:data1\" content=\"1 minuto\" \/>\n<script type=\"application\/ld+json\" class=\"yoast-schema-graph\">{\"@context\":\"https:\/\/schema.org\",\"@graph\":[{\"@type\":\"WebPage\",\"@id\":\"https:\/\/elbullifoundation.com\/elbullistore\/ca\/product\/menjar-per-pensar\/\",\"url\":\"https:\/\/elbullifoundation.com\/elbullistore\/ca\/product\/menjar-per-pensar\/\",\"name\":\"Menjar per a pensar, pensar sobre el menjar - elBullistore\",\"isPartOf\":{\"@id\":\"https:\/\/elbullifoundation.com\/elbullistore\/#website\"},\"primaryImageOfPage\":{\"@id\":\"https:\/\/elbullifoundation.com\/elbullistore\/ca\/product\/menjar-per-pensar\/#primaryimage\"},\"image\":{\"@id\":\"https:\/\/elbullifoundation.com\/elbullistore\/ca\/product\/menjar-per-pensar\/#primaryimage\"},\"thumbnailUrl\":\"https:\/\/elbullifoundation.com\/elbullistore\/wp-content\/uploads\/2017\/08\/comida-para-pensar.jpg\",\"datePublished\":\"2017-08-22T08:32:52+00:00\",\"dateModified\":\"2023-11-10T09:39:48+00:00\",\"description\":\"Una reflexi\u00f3n acerca la participaci\u00f3n de Ferran Adri\u00e0 en la Documenta 12, a cargo de Vicente Todol\u00ed, director de la Tate Modern de Londres.\",\"breadcrumb\":{\"@id\":\"https:\/\/elbullifoundation.com\/elbullistore\/ca\/product\/menjar-per-pensar\/#breadcrumb\"},\"inLanguage\":\"es\",\"potentialAction\":[{\"@type\":\"ReadAction\",\"target\":[\"https:\/\/elbullifoundation.com\/elbullistore\/ca\/product\/menjar-per-pensar\/\"]}]},{\"@type\":\"ImageObject\",\"inLanguage\":\"es\",\"@id\":\"https:\/\/elbullifoundation.com\/elbullistore\/ca\/product\/menjar-per-pensar\/#primaryimage\",\"url\":\"https:\/\/elbullifoundation.com\/elbullistore\/wp-content\/uploads\/2017\/08\/comida-para-pensar.jpg\",\"contentUrl\":\"https:\/\/elbullifoundation.com\/elbullistore\/wp-content\/uploads\/2017\/08\/comida-para-pensar.jpg\",\"width\":900,\"height\":641},{\"@type\":\"BreadcrumbList\",\"@id\":\"https:\/\/elbullifoundation.com\/elbullistore\/ca\/product\/menjar-per-pensar\/#breadcrumb\",\"itemListElement\":[{\"@type\":\"ListItem\",\"position\":1,\"name\":\"Portada\",\"item\":\"https:\/\/elbullifoundation.com\/elbullistore\/\"},{\"@type\":\"ListItem\",\"position\":2,\"name\":\"Productos\",\"item\":\"https:\/\/elbullifoundation.com\/elbullistore\/shop\/\"},{\"@type\":\"ListItem\",\"position\":3,\"name\":\"Menjar per a pensar, pensar sobre el menjar\"}]},{\"@type\":\"WebSite\",\"@id\":\"https:\/\/elbullifoundation.com\/elbullistore\/#website\",\"url\":\"https:\/\/elbullifoundation.com\/elbullistore\/\",\"name\":\"elBullistore\",\"description\":\"\",\"potentialAction\":[{\"@type\":\"SearchAction\",\"target\":{\"@type\":\"EntryPoint\",\"urlTemplate\":\"https:\/\/elbullifoundation.com\/elbullistore\/?s={search_term_string}\"},\"query-input\":{\"@type\":\"PropertyValueSpecification\",\"valueRequired\":true,\"valueName\":\"search_term_string\"}}],\"inLanguage\":\"es\"}]}<\/script>\n<!-- \/ Yoast SEO plugin. -->","yoast_head_json":{"title":"Menjar per a pensar, pensar sobre el menjar - elBullistore","description":"Una reflexi\u00f3n acerca la participaci\u00f3n de Ferran Adri\u00e0 en la Documenta 12, a cargo de Vicente Todol\u00ed, director de la Tate Modern de Londres.","robots":{"index":"index","follow":"follow","max-snippet":"max-snippet:-1","max-image-preview":"max-image-preview:large","max-video-preview":"max-video-preview:-1"},"canonical":"https:\/\/elbullifoundation.com\/elbullistore\/ca\/product\/menjar-per-pensar\/","og_locale":"es_ES","og_type":"article","og_title":"Menjar per a pensar, pensar sobre el menjar - elBullistore","og_description":"Una reflexi\u00f3n acerca la participaci\u00f3n de Ferran Adri\u00e0 en la Documenta 12, a cargo de Vicente Todol\u00ed, director de la Tate Modern de Londres.","og_url":"https:\/\/elbullifoundation.com\/elbullistore\/ca\/product\/menjar-per-pensar\/","og_site_name":"elBullistore","article_modified_time":"2023-11-10T09:39:48+00:00","og_image":[{"width":900,"height":641,"url":"https:\/\/elbullifoundation.com\/elbullistore\/wp-content\/uploads\/2017\/08\/comida-para-pensar.jpg","type":"image\/jpeg"}],"twitter_card":"summary_large_image","twitter_misc":{"Tiempo de lectura":"1 minuto"},"schema":{"@context":"https:\/\/schema.org","@graph":[{"@type":"WebPage","@id":"https:\/\/elbullifoundation.com\/elbullistore\/ca\/product\/menjar-per-pensar\/","url":"https:\/\/elbullifoundation.com\/elbullistore\/ca\/product\/menjar-per-pensar\/","name":"Menjar per a pensar, pensar sobre el menjar - elBullistore","isPartOf":{"@id":"https:\/\/elbullifoundation.com\/elbullistore\/#website"},"primaryImageOfPage":{"@id":"https:\/\/elbullifoundation.com\/elbullistore\/ca\/product\/menjar-per-pensar\/#primaryimage"},"image":{"@id":"https:\/\/elbullifoundation.com\/elbullistore\/ca\/product\/menjar-per-pensar\/#primaryimage"},"thumbnailUrl":"https:\/\/elbullifoundation.com\/elbullistore\/wp-content\/uploads\/2017\/08\/comida-para-pensar.jpg","datePublished":"2017-08-22T08:32:52+00:00","dateModified":"2023-11-10T09:39:48+00:00","description":"Una reflexi\u00f3n acerca la participaci\u00f3n de Ferran Adri\u00e0 en la Documenta 12, a cargo de Vicente Todol\u00ed, director de la Tate Modern de Londres.","breadcrumb":{"@id":"https:\/\/elbullifoundation.com\/elbullistore\/ca\/product\/menjar-per-pensar\/#breadcrumb"},"inLanguage":"es","potentialAction":[{"@type":"ReadAction","target":["https:\/\/elbullifoundation.com\/elbullistore\/ca\/product\/menjar-per-pensar\/"]}]},{"@type":"ImageObject","inLanguage":"es","@id":"https:\/\/elbullifoundation.com\/elbullistore\/ca\/product\/menjar-per-pensar\/#primaryimage","url":"https:\/\/elbullifoundation.com\/elbullistore\/wp-content\/uploads\/2017\/08\/comida-para-pensar.jpg","contentUrl":"https:\/\/elbullifoundation.com\/elbullistore\/wp-content\/uploads\/2017\/08\/comida-para-pensar.jpg","width":900,"height":641},{"@type":"BreadcrumbList","@id":"https:\/\/elbullifoundation.com\/elbullistore\/ca\/product\/menjar-per-pensar\/#breadcrumb","itemListElement":[{"@type":"ListItem","position":1,"name":"Portada","item":"https:\/\/elbullifoundation.com\/elbullistore\/"},{"@type":"ListItem","position":2,"name":"Productos","item":"https:\/\/elbullifoundation.com\/elbullistore\/shop\/"},{"@type":"ListItem","position":3,"name":"Menjar per a pensar, pensar sobre el menjar"}]},{"@type":"WebSite","@id":"https:\/\/elbullifoundation.com\/elbullistore\/#website","url":"https:\/\/elbullifoundation.com\/elbullistore\/","name":"elBullistore","description":"","potentialAction":[{"@type":"SearchAction","target":{"@type":"EntryPoint","urlTemplate":"https:\/\/elbullifoundation.com\/elbullistore\/?s={search_term_string}"},"query-input":{"@type":"PropertyValueSpecification","valueRequired":true,"valueName":"search_term_string"}}],"inLanguage":"es"}]}},"lang":"ca","translations":{"ca":920,"en":208,"es":113},"pll_sync_post":[],"_links":{"self":[{"href":"https:\/\/elbullifoundation.com\/elbullistore\/wp-json\/wp\/v2\/product\/920","targetHints":{"allow":["GET"]}}],"collection":[{"href":"https:\/\/elbullifoundation.com\/elbullistore\/wp-json\/wp\/v2\/product"}],"about":[{"href":"https:\/\/elbullifoundation.com\/elbullistore\/wp-json\/wp\/v2\/types\/product"}],"replies":[{"embeddable":true,"href":"https:\/\/elbullifoundation.com\/elbullistore\/wp-json\/wp\/v2\/comments?post=920"}],"wp:featuredmedia":[{"embeddable":true,"href":"https:\/\/elbullifoundation.com\/elbullistore\/wp-json\/wp\/v2\/media\/1512"}],"wp:attachment":[{"href":"https:\/\/elbullifoundation.com\/elbullistore\/wp-json\/wp\/v2\/media?parent=920"}],"wp:term":[{"taxonomy":"product_brand","embeddable":true,"href":"https:\/\/elbullifoundation.com\/elbullistore\/wp-json\/wp\/v2\/product_brand?post=920"},{"taxonomy":"product_cat","embeddable":true,"href":"https:\/\/elbullifoundation.com\/elbullistore\/wp-json\/wp\/v2\/product_cat?post=920"},{"taxonomy":"product_tag","embeddable":true,"href":"https:\/\/elbullifoundation.com\/elbullistore\/wp-json\/wp\/v2\/product_tag?post=920"}],"curies":[{"name":"wp","href":"https:\/\/api.w.org\/{rel}","templated":true}]}}

<p>Una reflexió sobre la participació de Ferran Adrià en la Documenta 12, a càrrec de Vicente Todolí, director de la Tate Modern de Londres, i del pintor Richard Hamilton, pare del pop-art. Menjar per a pensar recull els testimonis, els debats, textos i taules rodones entre artistes, xefs, crítics d&#8217;art i galeristes, personalitats del món de l&#8217;art i de la cuina, uns debats en els quals s&#8217;intenten delimitar o potser esborrar les fronteres entre la cuina i l&#8217;art. El present llibre recull els detalls de la intervenció de Ferran Adrià en la Documenta 12 i de les seqüeles que la immersió del cuiner en el món de l&#8217;art continua suscitant. A més d&#8217;aquests continguts, el llibre també inclou de forma ordenada i amena la concentració més elevada i seleccionada de textos teòrics relacionats amb la filosofia de elBulli, guardonat amb 3 estrelles Michelin i reconegut per la revista Restaurant cinc vegades com el millor restaurant del món.</p>
<p>&nbsp;</p>
<p>Pàgines: 343</p>
<p>Grandària: 25×18 cm</p>
<p>Pes: 1,380 gr.</p>

<p>Una reflexió sobre la participació de Ferran Adrià en la Documenta 12, a càrrec de Vicente Todolí, director de la Tate Modern de Londres, i del pintor Richard Hamilton, pare del pop-art. Menjar per a pensar recull els testimonis, els debats, textos i taules rodones entre artistes, xefs, crítics d&#8217;art i galeristes, personalitats del món [&hellip;]</p>

<!-- This site is optimized with the Yoast SEO plugin v26.9 - https://yoast.com/product/yoast-seo-wordpress/ -->
<title>Menjar per a pensar, pensar sobre el menjar - elBullistore</title>
<meta name="description" content="Una reflexión acerca la participación de Ferran Adrià en la Documenta 12, a cargo de Vicente Todolí, director de la Tate Modern de Londres." />
<meta name="robots" content="index, follow, max-snippet:-1, max-image-preview:large, max-video-preview:-1" />
<link rel="canonical" href="https://elbullifoundation.com/elbullistore/ca/product/menjar-per-pensar/" />
<meta property="og:locale" content="es_ES" />
<meta property="og:type" content="article" />
<meta property="og:title" content="Menjar per a pensar, pensar sobre el menjar - elBullistore" />
<meta property="og:description" content="Una reflexión acerca la participación de Ferran Adrià en la Documenta 12, a cargo de Vicente Todolí, director de la Tate Modern de Londres." />
<meta property="og:url" content="https://elbullifoundation.com/elbullistore/ca/product/menjar-per-pensar/" />
<meta property="og:site_name" content="elBullistore" />
<meta property="article:modified_time" content="2023-11-10T09:39:48+00:00" />
<meta property="og:image" content="https://elbullifoundation.com/elbullistore/wp-content/uploads/2017/08/comida-para-pensar.jpg" />
	<meta property="og:image:width" content="900" />
	<meta property="og:image:height" content="641" />
	<meta property="og:image:type" content="image/jpeg" />
<meta name="twitter:card" content="summary_large_image" />
<meta name="twitter:label1" content="Tiempo de lectura" />
	<meta name="twitter:data1" content="1 minuto" />
<script type="application/ld+json" class="yoast-schema-graph">{"@context":"https://schema.org","@graph":[{"@type":"WebPage","@id":"https://elbullifoundation.com/elbullistore/ca/product/menjar-per-pensar/","url":"https://elbullifoundation.com/elbullistore/ca/product/menjar-per-pensar/","name":"Menjar per a pensar, pensar sobre el menjar - elBullistore","isPartOf":{"@id":"https://elbullifoundation.com/elbullistore/#website"},"primaryImageOfPage":{"@id":"https://elbullifoundation.com/elbullistore/ca/product/menjar-per-pensar/#primaryimage"},"image":{"@id":"https://elbullifoundation.com/elbullistore/ca/product/menjar-per-pensar/#primaryimage"},"thumbnailUrl":"https://elbullifoundation.com/elbullistore/wp-content/uploads/2017/08/comida-para-pensar.jpg","datePublished":"2017-08-22T08:32:52+00:00","dateModified":"2023-11-10T09:39:48+00:00","description":"Una reflexión acerca la participación de Ferran Adrià en la Documenta 12, a cargo de Vicente Todolí, director de la Tate Modern de Londres.","breadcrumb":{"@id":"https://elbullifoundation.com/elbullistore/ca/product/menjar-per-pensar/#breadcrumb"},"inLanguage":"es","potentialAction":[{"@type":"ReadAction","target":["https://elbullifoundation.com/elbullistore/ca/product/menjar-per-pensar/"]}]},{"@type":"ImageObject","inLanguage":"es","@id":"https://elbullifoundation.com/elbullistore/ca/product/menjar-per-pensar/#primaryimage","url":"https://elbullifoundation.com/elbullistore/wp-content/uploads/2017/08/comida-para-pensar.jpg","contentUrl":"https://elbullifoundation.com/elbullistore/wp-content/uploads/2017/08/comida-para-pensar.jpg","width":900,"height":641},{"@type":"BreadcrumbList","@id":"https://elbullifoundation.com/elbullistore/ca/product/menjar-per-pensar/#breadcrumb","itemListElement":[{"@type":"ListItem","position":1,"name":"Portada","item":"https://elbullifoundation.com/elbullistore/"},{"@type":"ListItem","position":2,"name":"Productos","item":"https://elbullifoundation.com/elbullistore/shop/"},{"@type":"ListItem","position":3,"name":"Menjar per a pensar, pensar sobre el menjar"}]},{"@type":"WebSite","@id":"https://elbullifoundation.com/elbullistore/#website","url":"https://elbullifoundation.com/elbullistore/","name":"elBullistore","description":"","potentialAction":[{"@type":"SearchAction","target":{"@type":"EntryPoint","urlTemplate":"https://elbullifoundation.com/elbullistore/?s={search_term_string}"},"query-input":{"@type":"PropertyValueSpecification","valueRequired":true,"valueName":"search_term_string"}}],"inLanguage":"es"}]}</script>
<!-- / Yoast SEO plugin. -->

Una reflexión acerca la participación de Ferran Adrià en la Documenta 12, a cargo de Vicente Todolí, director de la Tate Modern de Londres.
