{"id":758,"date":"2024-09-11T16:34:53","date_gmt":"2024-09-11T14:34:53","guid":{"rendered":"https:\/\/elbullifoundation.com\/guiamultimedia\/?page_id=758"},"modified":"2024-09-11T16:34:53","modified_gmt":"2024-09-11T14:34:53","slug":"llibretes-creatives-de-elbulli","status":"publish","type":"page","link":"https:\/\/elbullifoundation.com\/guiamultimedia\/ca\/llibretes-creatives-de-elbulli\/","title":{"rendered":"Llibretes Creatives de elBulli"},"content":{"rendered":"\n<p>elBulli va documentar i va registrar tot el que va fer des dels seus inicis, un fet fonamental per a anar m\u00e9s enll\u00e0 en la cerca de nous camins i dels l\u00edmits de l&#8217;experi\u00e8ncia gastron\u00f2mica i per a evitar autocopiar-se.<\/p>\n\n\n\n<p>Si ho desitges, pots gaudir d&#8217;algunes de les llibretes creatives que conformen un arxiu emblem\u00e0tic per a la hist\u00f2ria de la gastronomia.<\/p>\n","protected":false},"excerpt":{"rendered":"<p>elBulli va documentar i va registrar tot el que va fer des dels seus inicis, un fet fonamental per a anar m\u00e9s enll\u00e0 en la cerca de nous camins i dels l\u00edmits de l&#8217;experi\u00e8ncia gastron\u00f2mica i per a evitar autocopiar-se. Si ho desitges, pots gaudir d&#8217;algunes de les llibretes creatives que conformen un arxiu emblem\u00e0tic [&hellip;]<\/p>\n","protected":false},"author":4,"featured_media":0,"parent":0,"menu_order":0,"comment_status":"closed","ping_status":"closed","template":"template_libretas-creativas.php","meta":{"_acf_changed":false,"footnotes":""},"class_list":["post-758","page","type-page","status-publish","hentry"],"acf":[],"lang":"ca","translations":{"ca":758,"es":123},"pll_sync_post":[],"_links":{"self":[{"href":"https:\/\/elbullifoundation.com\/guiamultimedia\/wp-json\/wp\/v2\/pages\/758","targetHints":{"allow":["GET"]}}],"collection":[{"href":"https:\/\/elbullifoundation.com\/guiamultimedia\/wp-json\/wp\/v2\/pages"}],"about":[{"href":"https:\/\/elbullifoundation.com\/guiamultimedia\/wp-json\/wp\/v2\/types\/page"}],"author":[{"embeddable":true,"href":"https:\/\/elbullifoundation.com\/guiamultimedia\/wp-json\/wp\/v2\/users\/4"}],"replies":[{"embeddable":true,"href":"https:\/\/elbullifoundation.com\/guiamultimedia\/wp-json\/wp\/v2\/comments?post=758"}],"version-history":[{"count":1,"href":"https:\/\/elbullifoundation.com\/guiamultimedia\/wp-json\/wp\/v2\/pages\/758\/revisions"}],"predecessor-version":[{"id":759,"href":"https:\/\/elbullifoundation.com\/guiamultimedia\/wp-json\/wp\/v2\/pages\/758\/revisions\/759"}],"wp:attachment":[{"href":"https:\/\/elbullifoundation.com\/guiamultimedia\/wp-json\/wp\/v2\/media?parent=758"}],"curies":[{"name":"wp","href":"https:\/\/api.w.org\/{rel}","templated":true}]}}