{"id":22460,"date":"2018-10-04T15:29:21","date_gmt":"2018-10-04T13:29:21","guid":{"rendered":"https:\/\/elbullifoundation.com\/press\/aviso-legal\/"},"modified":"2018-10-04T15:42:46","modified_gmt":"2018-10-04T13:42:46","slug":"avis-legal","status":"publish","type":"page","link":"https:\/\/elbullifoundation.com\/press\/ca\/avis-legal\/","title":{"rendered":"Av\u00eds legal"},"content":{"rendered":"<p>elBulli Restaurant, S.L., en endavant elBulli, amb domicili social a Cala Montjoi, s\/n, 17480 de Roses, Girona, Espanya; amb CIF B-17423831 i inscrita en el Registre Mercantil de Girona, Tom 815, Foli 193, Hoja GI-15538, Inscripci\u00f3 1a.<\/p>\n<p>&nbsp;<\/p>\n<p>L\u2019usuari es compromet a respectar els drets de Propietat Intel\u00b7lectual i Industrial, podent visualitzar tots els elements, imprimir-los, copiar-los i emmagatzemar-los en el disc dur del seu ordinador o en qualsevol altre suport f\u00edsic, sempre que sigui, \u00fanicament i exclusivament, per al seu \u00fas personal i privat, quedant, per tant, terminantment prohibida la seva utilitzaci\u00f3 amb finalitats comercials, la seva distribuci\u00f3, aix\u00ed com la seva modificaci\u00f3, alteraci\u00f3 o descompilaci\u00f3.<\/p>\n<p>&nbsp;<\/p>\n<p>elBulli no es fa responsable, en cap cas, dels danys i perjudicis de qualsevol naturalesa que puguin ocasionar, a t\u00edtol enunciatiu: errors o omissions en els continguts, manca de disponibilitat de les p\u00e0gines, malgrat haver adoptat totes les mesures tecnol\u00f2giques necess\u00e0ries per evitar-ho.<\/p>\n<p>&nbsp;<\/p>\n<p>elBulli es reserva el dret d\u2019efectuar sense previ av\u00eds les modificacions que consideri oportunes en les seves webs, podent canviar, suprimir o afegir tant continguts com serveis que pugui prestar.<\/p>\n<p>&nbsp;<\/p>\n<p>elBulli nom\u00e9s autoritza esments als seus continguts en altres webs, amb el tractament que aquestes darreres considerin, sempre que no reprodueixin els continguts d\u2019elBulli.com, aix\u00ed com els seus subdominis. En cas de disposar d\u2019un enlla\u00e7 hipertext a alguna de les seves p\u00e0gines, l\u2019usuari ha de saber que est\u00e0 entrant a elBulli.com i ha de percebre en el seu navegador la direcci\u00f3 URL.<\/p>\n<p>&nbsp;<\/p>\n","protected":false},"excerpt":{"rendered":"<p>elBulli Restaurant, S.L., en endavant elBulli, amb domicili social a Cala Montjoi, s\/n, 17480 de Roses, Girona, Espanya; amb CIF B-17423831 i inscrita en el Registre Mercantil de Girona, Tom 815, Foli 193, Hoja GI-15538, Inscripci\u00f3 1a. &nbsp; L\u2019usuari es compromet a respectar els drets de Propietat Intel\u00b7lectual i Industrial, podent visualitzar tots els elements, &hellip; <\/p>\n<p class=\"link-more\"><a href=\"https:\/\/elbullifoundation.com\/press\/ca\/avis-legal\/\" class=\"more-link\">Continuar leyendo<span class=\"screen-reader-text\"> \u00abAv\u00eds legal\u00bb<\/span><\/a><\/p>\n","protected":false},"author":1,"featured_media":0,"parent":0,"menu_order":0,"comment_status":"closed","ping_status":"closed","template":"","meta":{"_acf_changed":false,"footnotes":""},"class_list":["post-22460","page","type-page","status-publish","hentry"],"acf":[],"yoast_head":"<!-- This site is optimized with the Yoast SEO plugin v27.0-RC2 - https:\/\/yoast.com\/product\/yoast-seo-wordpress\/ -->\n<title>Av\u00eds legal - elBullipress<\/title>\n<meta name=\"robots\" content=\"index, follow, max-snippet:-1, max-image-preview:large, max-video-preview:-1\" \/>\n<link rel=\"canonical\" href=\"https:\/\/elbullifoundation.com\/press\/ca\/avis-legal\/\" \/>\n<meta property=\"og:locale\" content=\"es_ES\" \/>\n<meta property=\"og:type\" content=\"article\" \/>\n<meta property=\"og:title\" content=\"Av\u00eds legal - elBullipress\" \/>\n<meta property=\"og:description\" content=\"elBulli Restaurant, S.L., en endavant elBulli, amb domicili social a Cala Montjoi, s\/n, 17480 de Roses, Girona, Espanya; amb CIF B-17423831 i inscrita en el Registre Mercantil de Girona, Tom 815, Foli 193, Hoja GI-15538, Inscripci\u00f3 1a. &nbsp; L\u2019usuari es compromet a respectar els drets de Propietat Intel\u00b7lectual i Industrial, podent visualitzar tots els elements, &hellip; Continuar leyendo &quot;Av\u00eds legal&quot;\" \/>\n<meta property=\"og:url\" content=\"https:\/\/elbullifoundation.com\/press\/ca\/avis-legal\/\" \/>\n<meta property=\"og:site_name\" content=\"elBullipress\" \/>\n<meta property=\"article:modified_time\" content=\"2018-10-04T13:42:46+00:00\" \/>\n<meta name=\"twitter:card\" content=\"summary_large_image\" \/>\n<meta name=\"twitter:label1\" content=\"Tiempo de lectura\" \/>\n\t<meta name=\"twitter:data1\" content=\"1 minuto\" \/>\n<script type=\"application\/ld+json\" class=\"yoast-schema-graph\">{\"@context\":\"https:\/\/schema.org\",\"@graph\":[{\"@type\":\"WebPage\",\"@id\":\"https:\/\/elbullifoundation.com\/press\/ca\/avis-legal\/\",\"url\":\"https:\/\/elbullifoundation.com\/press\/ca\/avis-legal\/\",\"name\":\"Av\u00eds legal - elBullipress\",\"isPartOf\":{\"@id\":\"https:\/\/elbullifoundation.com\/press\/#website\"},\"datePublished\":\"2018-10-04T13:29:21+00:00\",\"dateModified\":\"2018-10-04T13:42:46+00:00\",\"breadcrumb\":{\"@id\":\"https:\/\/elbullifoundation.com\/press\/ca\/avis-legal\/#breadcrumb\"},\"inLanguage\":\"es\",\"potentialAction\":[{\"@type\":\"ReadAction\",\"target\":[\"https:\/\/elbullifoundation.com\/press\/ca\/avis-legal\/\"]}]},{\"@type\":\"BreadcrumbList\",\"@id\":\"https:\/\/elbullifoundation.com\/press\/ca\/avis-legal\/#breadcrumb\",\"itemListElement\":[{\"@type\":\"ListItem\",\"position\":1,\"name\":\"Home\",\"item\":\"https:\/\/elbullifoundation.com\/press\/\"},{\"@type\":\"ListItem\",\"position\":2,\"name\":\"Av\u00eds legal\"}]},{\"@type\":\"WebSite\",\"@id\":\"https:\/\/elbullifoundation.com\/press\/#website\",\"url\":\"https:\/\/elbullifoundation.com\/press\/\",\"name\":\"elBullipress\",\"description\":\"\",\"potentialAction\":[{\"@type\":\"SearchAction\",\"target\":{\"@type\":\"EntryPoint\",\"urlTemplate\":\"https:\/\/elbullifoundation.com\/press\/?s={search_term_string}\"},\"query-input\":{\"@type\":\"PropertyValueSpecification\",\"valueRequired\":true,\"valueName\":\"search_term_string\"}}],\"inLanguage\":\"es\"}]}<\/script>\n<!-- \/ Yoast SEO plugin. -->","yoast_head_json":{"title":"Av\u00eds legal - elBullipress","robots":{"index":"index","follow":"follow","max-snippet":"max-snippet:-1","max-image-preview":"max-image-preview:large","max-video-preview":"max-video-preview:-1"},"canonical":"https:\/\/elbullifoundation.com\/press\/ca\/avis-legal\/","og_locale":"es_ES","og_type":"article","og_title":"Av\u00eds legal - elBullipress","og_description":"elBulli Restaurant, S.L., en endavant elBulli, amb domicili social a Cala Montjoi, s\/n, 17480 de Roses, Girona, Espanya; amb CIF B-17423831 i inscrita en el Registre Mercantil de Girona, Tom 815, Foli 193, Hoja GI-15538, Inscripci\u00f3 1a. &nbsp; L\u2019usuari es compromet a respectar els drets de Propietat Intel\u00b7lectual i Industrial, podent visualitzar tots els elements, &hellip; Continuar leyendo \"Av\u00eds legal\"","og_url":"https:\/\/elbullifoundation.com\/press\/ca\/avis-legal\/","og_site_name":"elBullipress","article_modified_time":"2018-10-04T13:42:46+00:00","twitter_card":"summary_large_image","twitter_misc":{"Tiempo de lectura":"1 minuto"},"schema":{"@context":"https:\/\/schema.org","@graph":[{"@type":"WebPage","@id":"https:\/\/elbullifoundation.com\/press\/ca\/avis-legal\/","url":"https:\/\/elbullifoundation.com\/press\/ca\/avis-legal\/","name":"Av\u00eds legal - elBullipress","isPartOf":{"@id":"https:\/\/elbullifoundation.com\/press\/#website"},"datePublished":"2018-10-04T13:29:21+00:00","dateModified":"2018-10-04T13:42:46+00:00","breadcrumb":{"@id":"https:\/\/elbullifoundation.com\/press\/ca\/avis-legal\/#breadcrumb"},"inLanguage":"es","potentialAction":[{"@type":"ReadAction","target":["https:\/\/elbullifoundation.com\/press\/ca\/avis-legal\/"]}]},{"@type":"BreadcrumbList","@id":"https:\/\/elbullifoundation.com\/press\/ca\/avis-legal\/#breadcrumb","itemListElement":[{"@type":"ListItem","position":1,"name":"Home","item":"https:\/\/elbullifoundation.com\/press\/"},{"@type":"ListItem","position":2,"name":"Av\u00eds legal"}]},{"@type":"WebSite","@id":"https:\/\/elbullifoundation.com\/press\/#website","url":"https:\/\/elbullifoundation.com\/press\/","name":"elBullipress","description":"","potentialAction":[{"@type":"SearchAction","target":{"@type":"EntryPoint","urlTemplate":"https:\/\/elbullifoundation.com\/press\/?s={search_term_string}"},"query-input":{"@type":"PropertyValueSpecification","valueRequired":true,"valueName":"search_term_string"}}],"inLanguage":"es"}]}},"lang":"ca","translations":{"ca":22460,"es":22456,"en":22461},"pll_sync_post":[],"_links":{"self":[{"href":"https:\/\/elbullifoundation.com\/press\/wp-json\/wp\/v2\/pages\/22460","targetHints":{"allow":["GET"]}}],"collection":[{"href":"https:\/\/elbullifoundation.com\/press\/wp-json\/wp\/v2\/pages"}],"about":[{"href":"https:\/\/elbullifoundation.com\/press\/wp-json\/wp\/v2\/types\/page"}],"author":[{"embeddable":true,"href":"https:\/\/elbullifoundation.com\/press\/wp-json\/wp\/v2\/users\/1"}],"replies":[{"embeddable":true,"href":"https:\/\/elbullifoundation.com\/press\/wp-json\/wp\/v2\/comments?post=22460"}],"version-history":[{"count":0,"href":"https:\/\/elbullifoundation.com\/press\/wp-json\/wp\/v2\/pages\/22460\/revisions"}],"wp:attachment":[{"href":"https:\/\/elbullifoundation.com\/press\/wp-json\/wp\/v2\/media?parent=22460"}],"curies":[{"name":"wp","href":"https:\/\/api.w.org\/{rel}","templated":true}]}}